INSERT INTO `modification` (`modification_id`, `extension_install_id`, `name`, `code`, `author`, `version`, `link`, `xml`, `status`, `date_added`) VALUES
(15, 12, 'Adding support for install.php, install.sql when installing exte', 'EIE001', 'Nik Chankov', '1.0', 'http://nik.chankov.net/opencart', '<?xml version=\"1.0\" encoding=\"utf-8\"?>\n<modification>\n    <code>EIE001</code>\n    <name>Adding support for install.php, install.sql when installing extensions</name>\n    <version>1.0</version>\n    <email>opencart@chankov.net</email>\n	<link>http://nik.chankov.net/opencart</link>\n    <author>Nik Chankov</author>\n	\n	<file path=\"admin/controller/marketplace/install.php\">\n        <operation>\n            <search trim=\"true\" index=\"0\"><![CDATA[\n        		$json[\'next\'] = str_replace(\'&amp;\', \'&\', $this->url->link(\'marketplace/install/remove\', \'user_token=\' . $this->session->data[\'user_token\'], true));\n            ]]></search>\n            <add position=\"after\" trim=\"false\" offset=\"0\"><![CDATA[\n		  		$json[\'text\'] = $this->language->get(\'text_sql\');\n		  		$json[\'next\'] = str_replace(\'&amp;\', \'&\', $this->url->link(\'marketplace/install/sql\', \'user_token=\' . $this->session->data[\'user_token\'] . \'&extension_install_id=\' . $extension_install_id, true));\n            ]]></add>\n        </operation>\n		<operation>\n            <search trim=\"true\" index=\"0\"><![CDATA[\n          		public function remove() {\n            ]]></search>\n            <add position=\"before\" trim=\"false\" offset=\"0\"><![CDATA[\n				public function php() {\n					$this->load->language(\'marketplace/install\');\n					$json = array();\n					if (isset($this->request->get[\'extension_install_id\'])) {\n						$extension_install_id = $this->request->get[\'extension_install_id\'];\n					} else {\n						$extension_install_id = 0;\n					}\n					if (!$this->user->hasPermission(\'modify\', \'marketplace/install\')) {\n						$json[\'error\'] = $this->language->get(\'error_permission\');\n					}\n					if (!isset($this->session->data[\'install\'])) {\n						$json[\'error\'] = $this->language->get(\'error_directory\');\n					} elseif (!is_dir(DIR_UPLOAD . \'tmp-\' . $this->session->data[\'install\'] . \'/\')) {\n						$json[\'error\'] = $this->language->get(\'error_directory\');\n					}\n					if (!$json) {\n						$file = DIR_UPLOAD . \'tmp-\' . $this->session->data[\'install\'] . \'/install.php\';\n						if (is_file($file)) {\n							try {\n								include($file);\n							} catch(Exception $exception) {\n								$json[\'error\'] = sprintf($this->language->get(\'error_exception\'), $exception->getCode(), $exception->getMessage(), $exception->getFile(), $exception->getLine());\n							}\n						}\n					}\n					if (!$json) {\n						$json[\'text\'] = $this->language->get(\'text_remove\');\n						$json[\'next\'] = str_replace(\'&amp;\', \'&\', $this->url->link(\'marketplace/install/remove\', \'user_token=\' . $this->session->data[\'user_token\'], true));\n					}\n					$this->response->addHeader(\'Content-Type: application/json\');\n					$this->response->setOutput(json_encode($json));\n				}\n\n				public function sql() {\n					$this->load->language(\'marketplace/install\');\n					$json = array();\n					if (isset($this->request->get[\'extension_install_id\'])) {\n						$extension_install_id = $this->request->get[\'extension_install_id\'];\n					} else {\n						$extension_install_id = 0;\n					}\n					if (!$this->user->hasPermission(\'modify\', \'marketplace/install\')) {\n						$json[\'error\'] = $this->language->get(\'error_permission\');\n					}\n					if (!isset($this->session->data[\'install\'])) {\n						$json[\'error\'] = $this->language->get(\'error_directory\');\n					} elseif (!is_dir(DIR_UPLOAD . \'tmp-\' . $this->session->data[\'install\'] . \'/\')) {\n						$json[\'error\'] = $this->language->get(\'error_directory\');\n					}\n\n					if (!$json) {\n						$file = DIR_UPLOAD . \'tmp-\' . $this->session->data[\'install\'] . \'/install.sql\';\n						if (is_file($file)) {\n							$lines = file($file);\n							if ($lines) {\n								try {\n									$sql = \'\';\n									foreach ($lines as $line) {\n										if ($line && (substr($line, 0, 2) != \'--\') && (substr($line, 0, 1) != \'#\')) {\n											$sql .= $line;\n											if (preg_match(\'/;\\s*$/\', $line)) {\n												$sql = str_replace(\" `oc_\", \" `\" . DB_PREFIX, $sql);\n												$this->db->query($sql);\n												$sql = \'\';\n											}\n										}\n									}\n								} catch(Exception $exception) {\n									$json[\'error\'] = sprintf($this->language->get(\'error_exception\'), $exception->getCode(), $exception->getMessage(), $exception->getFile(), $exception->getLine());\n								}\n							}					\n						}\n					}\n\n					if (!$json) {\n						$json[\'text\'] = $this->language->get(\'text_php\');\n						$json[\'next\'] = str_replace(\'&amp;\', \'&\', $this->url->link(\'marketplace/install/php\', \'user_token=\' . $this->session->data[\'user_token\'] . \'&extension_install_id=\' . $extension_install_id, true));\n					}\n\n					$this->response->addHeader(\'Content-Type: application/json\');\n					$this->response->setOutput(json_encode($json));\n				}\n            ]]></add>\n        </operation>\n    </file>\n	\n	<file path=\"admin/language/en-gb/marketplace/install.php\">\n        <operation>\n            <search trim=\"true\" index=\"0\"><![CDATA[\n          		$_[\'text_remove\']      = \'Removing temporary files!\';\n            ]]></search>\n            <add position=\"after\" trim=\"false\" offset=\"0\"><![CDATA[\n		  		$_[\'text_sql\']             = \'Running SQL!\';\n		  		$_[\'text_php\']             = \'Running PHP!\';\n            ]]></add>\n        </operation>\n	</file>\n</modification>', 1, '2021-06-27 06:52:37'),
(16, 13, 'Generator Order ID', 'module_generator_order_id', 'aauwwo', '0.5.3.0', 'http://www.opencart.com/index.php?route=marketplace/extension&filter_member=aauwwo', '<?xml version=\"1.0\" encoding=\"UTF-8\"?>\r\n<modification>\r\n    <code>module_generator_order_id</code>\r\n    <name>Generator Order ID</name>\r\n    <version>0.5.3.0</version>\r\n    <author>aauwwo</author>\r\n    <link>http://www.opencart.com/index.php?route=marketplace/extension&amp;filter_member=aauwwo</link>\r\n\r\n	<file path=\"catalog/model/checkout/order.php\">\r\n		<operation>\r\n			<search><![CDATA[$order_id = $this->db->getLastId();]]></search>\r\n			<add position=\"after\"><![CDATA[\r\n        if ($this->config->get(\'module_generator_status\')) {\r\n           $next_order_id = $order_id + mt_rand($this->config->get(\'module_generator_order_min\'),$this->config->get(\'module_generator_order_max\'));\r\n\r\n           $this->db->query(\"ALTER TABLE `\" . DB_PREFIX . \"order` AUTO_INCREMENT = \" . (int)$next_order_id . \"\");\r\n        }\r\n			]]></add>\r\n		</operation>\r\n	</file>\r\n\r\n	<file path=\"admin/model/sale/order.php\">\r\n		<operation>\r\n			<search><![CDATA[$invoice_no = $query->row[\'invoice_no\'] + 1;]]></search>\r\n			<add position=\"replace\"><![CDATA[\r\n               if ($this->config->get(\'module_generator_invoice_status\')) {\r\n                  if ($this->config->get(\'module_generator_invoice_type\')) {\r\n                      $invoice_no = $order_id;\r\n                  } else {\r\n                      $invoice_no = $query->row[\'invoice_no\'] + mt_rand($this->config->get(\'module_generator_invoice_min\'),$this->config->get(\'module_generator_invoice_max\'));\r\n                  }\r\n               } else {\r\n			      $invoice_no = $query->row[\'invoice_no\'] + 1;\r\n               }\r\n			]]></add>\r\n		</operation>\r\n		<operation>\r\n			<search><![CDATA[$invoice_no = 1;]]></search>\r\n			<add position=\"replace\"><![CDATA[\r\n               if ($this->config->get(\'module_generator_invoice_status\')) {\r\n                  if ($this->config->get(\'module_generator_invoice_type\')) {\r\n                      $invoice_no = $order_id;\r\n                  } else {\r\n                      $invoice_no = mt_rand($this->config->get(\'module_generator_invoice_min\'),$this->config->get(\'module_generator_invoice_max\'));\r\n                  }\r\n               } else {\r\n			      $invoice_no = 1;\r\n               }\r\n			]]></add>\r\n		</operation>\r\n	</file>\r\n\r\n	<file path=\"catalog/model/checkout/order.php\">\r\n		<operation error=\"skip\">\r\n			<search><![CDATA[$invoice_no = $query->row[\'invoice_no\'] + 1;]]></search>\r\n			<add position=\"replace\"><![CDATA[\r\n               if ($this->config->get(\'module_generator_invoice_status\')) {\r\n                  if ($this->config->get(\'module_generator_invoice_type\')) {\r\n                      $invoice_no = $order_id;\r\n                  } else {\r\n                      $invoice_no = $query->row[\'invoice_no\'] + mt_rand($this->config->get(\'module_generator_invoice_min\'),$this->config->get(\'module_generator_invoice_max\'));\r\n                  }\r\n               } else {\r\n			      $invoice_no = $query->row[\'invoice_no\'] + 1;\r\n               }\r\n			]]></add>\r\n		</operation>\r\n		<operation error=\"skip\">\r\n			<search><![CDATA[$invoice_no = 1;]]></search>\r\n			<add position=\"replace\"><![CDATA[\r\n               if ($this->config->get(\'module_generator_invoice_status\')) {\r\n                  if ($this->config->get(\'module_generator_invoice_type\')) {\r\n                      $invoice_no = $order_id;\r\n                  } else {\r\n                      $invoice_no = mt_rand($this->config->get(\'module_generator_invoice_min\'),$this->config->get(\'module_generator_invoice_max\'));\r\n                  }\r\n               } else {\r\n			      $invoice_no = 1;\r\n               }\r\n			]]></add>\r\n		</operation>\r\n	</file>\r\n\r\n</modification>', 1, '2021-06-27 06:52:53'),
(17, 0, 'Hidden Shipping Adjustments', 'hidden_shipping_adjustments', 'Clear Thinking, LLC', 'v303.1', 'http://www.getclearthinking.com/contact?inquiry=Question regarding Hidden Shipping Adjustments: ', '<?xml version=\"1.0\" encoding=\"utf-8\" ?>\n<modification>\n    \n	<name>Hidden Shipping Adjustments</name>\n    <code>hidden_shipping_adjustments</code>\n	<version>v303.1</version>\n	<author>Clear Thinking, LLC</author>\n	<link>http://www.getclearthinking.com/contact?inquiry=Question regarding Hidden Shipping Adjustments: </link>\n	\n	<file path=\"catalog/*/{*,extension/*}/*.php\">\n		<operation error=\"skip\">\n			<search trim=\"true\"><![CDATA[\n				$quote = $this->{\n			]]></search>\n			<add position=\"before\" trim=\"true\"><![CDATA[\n				// Clear Thinking: Hidden Shipping Adjustments\n				$prefix = (version_compare(VERSION, \'3.0\', \'<\')) ? \'\' : \'module_\';\n				if ($this->config->get($prefix . \'hidden_shipping_adjustments_status\')) {\n					$this->session->data[\'hidden_shipping_adjustments\'] = $result[\'code\'];\n				}\n				// end\n			]]></add>\n		</operation>\n		<operation error=\"skip\">\n			<search trim=\"true\"><![CDATA[\n				$quote = $this->{\n			]]></search>\n			<add position=\"after\" trim=\"true\"><![CDATA[\n				// Clear Thinking: Hidden Shipping Adjustments\n				$prefix = (version_compare(VERSION, \'3.0\', \'<\')) ? \'\' : \'module_\';\n				if ($this->config->get($prefix . \'hidden_shipping_adjustments_status\')) {\n					$this->load->model(\'extension/module/hidden_shipping_adjustments\');\n					if (!empty($quote[\'quote\'])) {\n						foreach ($quote[\'quote\'] as $i => $q) {\n							$quote[\'quote\'][$i] = $this->model_extension_module_hidden_shipping_adjustments->adjust($q);\n						}\n					}\n				}\n				// end\n			]]></add>\n		</operation>\n	</file>\n	\n	<file path=\"system/library/{cart,cart/cart}.php\">\n		<operation error=\"skip\">\n			<search trim=\"true\"><![CDATA[\n				public function __construct($registry) {\n			]]></search>\n			<add position=\"after\" trim=\"true\"><![CDATA[\n				// Clear Thinking: Hidden Shipping Adjustments\n				$this->registry = $registry;\n				// end\n			]]></add>\n		</operation>\n		<operation error=\"skip\">\n			<search trim=\"true\"><![CDATA[\n				return $weight;\n			]]></search>\n			<add position=\"before\" trim=\"true\"><![CDATA[\n				// Clear Thinking: Hidden Shipping Adjustments\n				$prefix = (version_compare(VERSION, \'3.0\', \'<\')) ? \'\' : \'module_\';\n				if ($this->config->get($prefix . \'hidden_shipping_adjustments_status\')) {\n					if (!class_exists(\'ModelExtensionModuleHiddenShippingAdjustments\')) {\n						include_once(DIR_APPLICATION . \'model/extension/module/hidden_shipping_adjustments.php\');\n					}\n					$hidden_shipping_adjustments = new \\ModelExtensionModuleHiddenShippingAdjustments($this->registry);\n					$weight = $hidden_shipping_adjustments->adjust($weight);\n				}\n				// end\n			]]></add>\n		</operation>\n	</file>\n	\n</modification>', 1, '2021-07-14 08:16:34'),
(18, 15, 'X-Coupon', 'xcoupon', 'OpenCartMart', '1.0.8', 'http://www.opencartmart.com', '<?xml version=\"1.0\" encoding=\"utf-8\"?>\n<modification>\n    <name>X-Coupon</name>\n    <code>xcoupon</code>\n    <version>1.0.8</version>\n    <author>OpenCartMart</author>\n    <link>http://www.opencartmart.com</link>\n    <file path=\"system/library/cart/cart.php\">\n    <operation error=\"log\">\n        <ignoreif regex=\"true\"><![CDATA[ /ocm_special/ ]]></ignoreif>\n        <search><![CDATA[ => ($price + $option_price), ]]></search>\n        <add position=\"before\"><![CDATA[\n              \'ocm_special\'      => $price != $product_query->row[\'price\'],\n        ]]></add>\n    </operation>\n</file>\n</modification>', 1, '2021-07-20 07:38:05'),
(19, 18, 'Restrict Shipping Methods', 'restrict_shipping', 'Clear Thinking, LLC', 'v303.2', 'http://www.getclearthinking.com/contact?inquiry=Question regarding Restrict Shipping Methods: ', '<?xml version=\"1.0\" encoding=\"utf-8\" ?>\n<modification>\n    \n	<name>Restrict Shipping Methods</name>\n    <code>restrict_shipping</code>\n	<version>v303.2</version>\n	<author>Clear Thinking, LLC</author>\n	<link>http://www.getclearthinking.com/contact?inquiry=Question regarding Restrict Shipping Methods: </link>\n	\n	<!-- All OpenCart versions -->\n	<file path=\"catalog/model/*/extension.php\">\n		<operation error=\"skip\">\n			<search trim=\"true\"><![CDATA[\n				$query = $this->db->query(\"SELECT * FROM \" . DB_PREFIX . \"extension WHERE `type` = \'\" . $this->db->escape($type) . \"\'\");\n			]]></search>\n			<add position=\"after\" trim=\"true\"><![CDATA[\n				// Clear Thinking: Restrict Shipping Methods\n				$prefix = (version_compare(VERSION, \'3.0\', \'<\')) ? \'\' : \'module_\';\n				if ($type == \'shipping\' && $this->config->get($prefix . \'restrict_shipping_status\')) {\n					$this->load->model(\'extension/module/restrict_shipping\');\n					$query->rows = $this->model_extension_module_restrict_shipping->restrict($query->rows);\n				}\n				// end\n			]]></add>\n		</operation>\n	</file>\n	\n	<!-- Individual Shipping extension -->\n	<file path=\"catalog/model/{shipping,extension/shipping}/individual_shipping.php\">\n		<operation error=\"skip\">\n			<search index=\"1\" trim=\"true\"><![CDATA[\n				$shipping_methods = $this->db->query(\"SELECT * FROM \" . DB_PREFIX . \"extension WHERE `type` = \'shipping\' ORDER BY `code` ASC\")->rows;\n			]]></search>\n			<add position=\"after\" trim=\"true\"><![CDATA[\n				// Clear Thinking: Restrict Shipping Methods\n				$prefix = (version_compare(VERSION, \'3.0\', \'<\')) ? \'\' : \'module_\';\n				if ($this->config->get($prefix . \'restrict_shipping_status\')) {\n					$this->load->model(\'extension/module/restrict_shipping\');\n					$shipping_methods = $this->model_extension_module_restrict_shipping->restrict($shipping_methods);\n				}\n				// end\n			]]></add>\n		</operation>\n	</file>\n	\n	<!-- One-Page Checkout extension -->\n	<file path=\"catalog/model/onecheckout/checkout.php\">\n		<operation error=\"skip\">\n			<search trim=\"true\"><![CDATA[\n				return $query->rows;\n			]]></search>\n			<add position=\"before\" trim=\"true\"><![CDATA[\n				// Clear Thinking: Restrict Shipping Methods\n				$prefix = (version_compare(VERSION, \'3.0\', \'<\')) ? \'\' : \'module_\';\n				if ($type == \'shipping\' && $this->config->get($prefix . \'restrict_shipping_status\')) {\n					$this->load->model(\'extension/module/restrict_shipping\');\n					$query->rows = $this->model_extension_module_restrict_shipping->restrict($query->rows);\n				}\n				// end\n			]]></add>\n		</operation>\n	</file>\n	\n	<!-- Disable individual shipping rates -->\n	<file path=\"catalog/*/*/*.php|catalog/*/*/*/*.php\">\n		<operation error=\"skip\">\n			<search trim=\"true\"><![CDATA[\n				if ($quote) {\n			]]></search>\n			<add position=\"after\" trim=\"true\"><![CDATA[\n				// Clear Thinking: Restrict Shipping Methods\n				$prefix = (version_compare(VERSION, \'3.0\', \'<\')) ? \'\' : \'module_\';\n				if ($this->config->get($prefix . \'restrict_shipping_status\') && isset($this->session->data[\'restrict_shipping\'])) {\n					foreach ($quote[\'quote\'] as $index => $restricting_quote) {\n						foreach ($this->session->data[\'restrict_shipping\'] as $extension => $rules) {\n							if ($extension != $result[\'code\']) continue;\n							foreach ($rules as $comparison => $values) {\n								$adjusted_title = explode(\'(\', $restricting_quote[\'title\']);\n								$adjusted_title = strtolower(html_entity_decode(trim($adjusted_title[0]), ENT_QUOTES, \'UTF-8\'));\n								if (($comparison == \'is\' && in_array($adjusted_title, $values)) || ($comparison == \'not\' && !in_array($adjusted_title, $values))) {\n									unset($quote[\'quote\'][$index]);\n								}\n							}\n						}\n					}\n					if (empty($quote[\'quote\'])) {\n						continue;\n					}\n				}\n				// end\n			]]></add>\n		</operation>\n	</file>\n	\n</modification>', 1, '2021-08-07 14:09:27'),
(22, 24, 'Maybooster Advanced Options', 'may-advanced-options', 'HHR(maysoft1116@outlook.com)', '2.1.0.2', '', '<?xml version=\"1.0\" encoding=\"UTF-8\"?>\r\n<modification>\r\n  <name>Maybooster Advanced Options</name>\r\n  <code>may-advanced-options</code>\r\n  <version>2.1.0.2</version>\r\n  <author>HHR(maysoft1116@outlook.com)</author>\r\n  <link></link>\r\n  <file path=\"catalog/controller/product/product.php\">\r\n    <operation>\r\n      <search><![CDATA[\r\n      if (!$option_value[\'subtract\'] || ($option_value[\'quantity\'] > 0)) {\r\n      ]]></search>\r\n      <add position=\"replace\"><![CDATA[\r\n      if (!$option_value[\'subtract\'] || ($option_value[\'quantity\'] > 0) || (($option[\'type\'] == \'select\' || $option[\'type\'] == \'radio\') && $option[\'value\'] == \'may_advanced_option\')) {\r\n      ]]></add>\r\n    </operation>\r\n  </file>\r\n  <file path=\"catalog/controller/journal3/checkout.php\">\r\n    <operation>\r\n      <search><![CDATA[\r\n      $this->renderJson(\'success\', $json);\r\n      ]]></search>\r\n      <add position=\"replace\"><![CDATA[\r\n      $this->load->model(\'extension/may/advanced_options\');\r\n      $json = $this->model_extension_may_advanced_options->dispatchJson($json);\r\n      $this->renderJson(\'success\', $json);\r\n      ]]></add>\r\n    </operation>\r\n  </file>\r\n  <file path=\"catalog/controller/extension/basel/basel_features.php\">\r\n    <operation>\r\n      <search><![CDATA[\r\n      $this->response->setOutput(json_encode($json));\r\n      ]]></search>\r\n      <add position=\"replace\"><![CDATA[\r\n      $this->load->model(\'extension/may/advanced_options\');\r\n      $json = $this->model_extension_may_advanced_options->dispatchJson($json);\r\n      $this->response->setOutput(json_encode($json));\r\n      ]]></add>\r\n    </operation>\r\n  </file>\r\n</modification>\r\n', 1, '2021-08-13 16:17:51'),
(21, 21, 'Admin Quick Edit PRO', 'admin_quick_edit', 'bull5-i', '6.2.8', 'https://www.opencart.com/index.php?route=marketplace/extension/info&extension_id=3805', '<?xml version=\"1.0\" encoding=\"utf-8\"?>\n<modification>\n	<name>Admin Quick Edit PRO</name>\n	<code>admin_quick_edit</code>\n	<version>6.2.8</version>\n	<author>bull5-i</author>\n	<link><![CDATA[https://www.opencart.com/index.php?route=marketplace/extension/info&extension_id=3805]]></link>\n\n	<file path=\"system/config/aqep.php\">\n		<operation info=\"Indicate that the OCMOD script is working\" error=\"skip\">\n			<search><![CDATA[<?php]]></search>\n			<add position=\"after\"><![CDATA[$_[\'aqe_pro_ocmod_script_working\'] = true;\n			]]></add>\n		</operation>\n	</file>\n\n	<file path=\"admin/controller/design/layout.php\">\n		<operation info=\"Hack: filter out AQE from modules list\" error=\"skip\">\n			<search><![CDATA[foreach ($extensions as $code)]]></search>\n			<add position=\"after\"><![CDATA[\n			if ($code == \'admin_quick_edit\') continue;\n			]]></add>\n		</operation>\n	</file>\n\n\n<!-- DESIGN -> SEO URLs -->\n	<file path=\"admin/controller/design/seo_url.php\">\n		<operation info=\"Add custom column filters\" error=\"skip\">\n			<search><![CDATA[\n			$url .= \'&sort=\' . $this->request->get[\'sort\'];\n			]]></search>\n			<add position=\"before\" offset=\"1\"><![CDATA[\n		if ($this->config->get(\'module_admin_quick_edit_status\') && $this->config->get(\'module_admin_quick_edit_design_seo_urls_status\')) {\n			foreach ($this->config->get(\'module_admin_quick_edit_design_seo_urls\') as $column => $attr) {\n				if ($attr[\'filter\'][\'show\'] && isset($this->request->get[\'filter_\' . $column])) {\n					$url .= \'&filter_\' . $column . \'=\' . urlencode(html_entity_decode($this->request->get[\'filter_\' . $column], ENT_QUOTES, \'UTF-8\'));\n				}\n			}\n		}\n			]]></add>\n		</operation>\n	</file>\n\n\n<!-- MARKETING -> COUPONS -->\n	<file path=\"admin/controller/marketing/coupon.php\">\n		<operation info=\"Add custom column filters\" error=\"skip\">\n			<search><![CDATA[\n			$url .= \'&sort=\' . $this->request->get[\'sort\'];\n			]]></search>\n			<add position=\"before\" offset=\"1\"><![CDATA[\n		if ($this->config->get(\'module_admin_quick_edit_status\') && $this->config->get(\'module_admin_quick_edit_marketing_coupons_status\')) {\n			foreach ($this->config->get(\'module_admin_quick_edit_marketing_coupons\') as $column => $attr) {\n				if ($attr[\'filter\'][\'show\'] && isset($this->request->get[\'filter_\' . $column])) {\n					$url .= \'&filter_\' . $column . \'=\' . urlencode(html_entity_decode($this->request->get[\'filter_\' . $column], ENT_QUOTES, \'UTF-8\'));\n				}\n			}\n		}\n			]]></add>\n		</operation>\n	</file>\n\n\n<!-- MARKETING -> MARKETING -->\n	<file path=\"admin/controller/marketing/marketing.php\">\n		<operation info=\"Add custom column filters\" error=\"skip\">\n			<search><![CDATA[\n			$url .= \'&sort=\' . $this->request->get[\'sort\'];\n			]]></search>\n			<add position=\"before\" offset=\"1\"><![CDATA[\n		if ($this->config->get(\'module_admin_quick_edit_status\') && $this->config->get(\'module_admin_quick_edit_marketing_marketing_status\')) {\n			foreach ($this->config->get(\'module_admin_quick_edit_marketing_marketing\') as $column => $attr) {\n				if ($attr[\'filter\'][\'show\'] && isset($this->request->get[\'filter_\' . $column])) {\n					$url .= \'&filter_\' . $column . \'=\' . urlencode(html_entity_decode($this->request->get[\'filter_\' . $column], ENT_QUOTES, \'UTF-8\'));\n				}\n			}\n		}\n			]]></add>\n		</operation>\n	</file>\n\n\n<!-- SALES -> GIFT VOUCHER THEMES -->\n	<file path=\"admin/controller/sale/voucher_theme.php\">\n		<operation info=\"Add custom column filters\" error=\"skip\">\n			<search><![CDATA[\n			$url .= \'&sort=\' . $this->request->get[\'sort\'];\n			]]></search>\n			<add position=\"before\" offset=\"1\"><![CDATA[\n		if ($this->config->get(\'module_admin_quick_edit_status\') && $this->config->get(\'module_admin_quick_edit_sale_voucher_themes_status\')) {\n			foreach ($this->config->get(\'module_admin_quick_edit_sale_voucher_themes\') as $column => $attr) {\n				if ($attr[\'filter\'][\'show\'] && isset($this->request->get[\'filter_\' . $column])) {\n					$url .= \'&filter_\' . $column . \'=\' . urlencode(html_entity_decode($this->request->get[\'filter_\' . $column], ENT_QUOTES, \'UTF-8\'));\n				}\n			}\n		}\n			]]></add>\n		</operation>\n	</file>\n\n\n<!-- SALES -> GIFT VOUCHERS -->\n	<file path=\"admin/controller/sale/voucher.php\">\n		<operation info=\"Add custom column filters\" error=\"skip\">\n			<search><![CDATA[\n			$url .= \'&sort=\' . $this->request->get[\'sort\'];\n			]]></search>\n			<add position=\"before\" offset=\"1\"><![CDATA[\n		if ($this->config->get(\'module_admin_quick_edit_status\') && $this->config->get(\'module_admin_quick_edit_sale_vouchers_status\')) {\n			foreach ($this->config->get(\'module_admin_quick_edit_sale_vouchers\') as $column => $attr) {\n				if ($attr[\'filter\'][\'show\'] && isset($this->request->get[\'filter_\' . $column])) {\n					$url .= \'&filter_\' . $column . \'=\' . urlencode(html_entity_decode($this->request->get[\'filter_\' . $column], ENT_QUOTES, \'UTF-8\'));\n				}\n			}\n		}\n			]]></add>\n		</operation>\n	</file>\n\n\n<!-- SALES -> RETURNS -->\n	<file path=\"admin/controller/sale/return.php\">\n		<operation info=\"Add custom column filters\" error=\"skip\">\n			<search><![CDATA[\n			$url .= \'&sort=\' . $this->request->get[\'sort\'];\n			]]></search>\n			<add position=\"before\" offset=\"1\"><![CDATA[\n		if ($this->config->get(\'module_admin_quick_edit_status\') && $this->config->get(\'module_admin_quick_edit_sale_returns_status\')) {\n			foreach ($this->config->get(\'module_admin_quick_edit_sale_returns\') as $column => $attr) {\n				if ($attr[\'filter\'][\'show\'] && isset($this->request->get[\'filter_\' . $column])) {\n					$url .= \'&filter_\' . $column . \'=\' . urlencode(html_entity_decode($this->request->get[\'filter_\' . $column], ENT_QUOTES, \'UTF-8\'));\n				}\n			}\n		}\n			]]></add>\n		</operation>\n	</file>\n\n\n<!-- SALES -> ORDERS -->\n	<file path=\"admin/controller/sale/order.php\">\n		<operation error=\"skip\">\n			<search><![CDATA[\n			function getList() {\n			]]></search>\n			<add position=\"after\"><![CDATA[\n		if ((int)$this->config->get(\'module_admin_quick_edit_status\') && (int)$this->config->get(\'module_admin_quick_edit_sale_orders_status\')) {\n			if (!function_exists(\'column_display\')) {\n				function column_display($a) {\n					return (isset($a[\'display\'])) ? (int)$a[\'display\'] : false;\n				}\n			}\n			$this->load->language(\'extension/module/aqe/sale/general\');\n			$this->document->addScript(\'view/javascript/aqe/catalog.min.js\');\n			$this->document->addStyle(\'view/stylesheet/aqe/catalog.min.css\');\n\n			$actions = array();\n			$columns = $this->config->get(\'module_admin_quick_edit_sale_orders\');\n			$columns = array_filter($columns, \'column_display\');\n			foreach ($columns as $column => $attr) {\n				$columns[$column][\'name\'] = $this->language->get(\'column_\' . $column);\n			}\n\n			$related_columns = array_merge(array_map(function($v) { return isset($v[\'rel\']) ? $v[\'rel\'] : \'\'; }, $columns), array_map(function($v) { return isset($v[\'rel\']) ? $v[\'rel\'] : \'\'; }, $actions));\n\n			$data[\'related\'] = $related_columns;\n			$data[\'column_info\'] = $columns;\n\n			$data[\'update_url\'] = html_entity_decode($this->url->link(\'extension/module/admin_quick_edit/sale__order__quick_update\', \'user_token=\' . $this->session->data[\'user_token\'], true));\n\n			$this->load->model(\'localisation/order_status\');\n			$order_statuses = $this->model_localisation_order_status->getOrderStatuses();\n			$status_select = array();\n			foreach ($order_statuses as $status) {\n				$status_select[$status[\'order_status_id\']] = $status[\'name\'];\n			}\n			$data[\'status_select\'] = addslashes(json_encode($status_select));\n\n			$data[\'notify_customer\'] = $this->config->get(\'module_admin_quick_edit_sale_orders_notify_customer\');\n\n			$data[\'module_admin_quick_edit_enabled\'] = true;\n			$data[\'module_admin_quick_edit_tooltip\'] = ($this->config->get(\'module_admin_quick_edit_quick_edit_on\') == \'dblclick\') ? $this->language->get(\'text_double_click_edit\') : $this->language->get(\'text_click_edit\');\n			$data[\'module_admin_quick_edit_quick_edit_on\'] = $this->config->get(\'module_admin_quick_edit_quick_edit_on\');\n			$data[\'batch_edit\'] = (int)$this->config->get(\'module_admin_quick_edit_batch_edit\');\n		} else {\n			$data[\'module_admin_quick_edit_enabled\'] = false;\n		}\n			]]></add>\n		</operation>\n	</file>\n\n	<file path=\"admin/view/template/sale/order_list.twig\">\n		<operation error=\"skip\">\n			<search><![CDATA[\n			<div id=\"filter-order\"\n			]]></search>\n			<add position=\"before\"><![CDATA[\n		{% if module_admin_quick_edit_enabled %}\n		<div class=\"alerts\">\n			<div class=\"container-fluid\" id=\"alerts\">\n			</div>\n		</div>\n		{% endif %}\n			]]></add>\n		</operation>\n		<operation error=\"skip\">\n			<search><![CDATA[\n			<button type=\"button\" data-toggle=\"tooltip\" title=\"{{ button_filter }}\"\n			]]></search>\n			<add position=\"before\"><![CDATA[\n		{% if module_admin_quick_edit_enabled %}<label for=\"batch_edit\" class=\"hidden\" id=\"batch-edit-container\"><input type=\"checkbox\" id=\"batch-edit\"{{ batch_edit ? \' checked\' : \'\' }}> {{ text_batch_edit }}</label>{% endif %}\n			]]></add>\n		</operation>\n		<operation error=\"skip\">\n			<search regex=\"true\"><![CDATA[~<td class=\"text-left\">{{ order\\.(.*)status }}</td>~]]></search>\n			<add position=\"replace\"><![CDATA[\n		{% if module_admin_quick_edit_enabled %}\n		<td class=\"{{ column_info.status.align }}{{ column_info.status.qe_status ? \' \' ~ column_info.status.type : \'\' }}\" id=\"status-{{ order.order_id }}\">{{ order.$1status }}</td>\n		{% else %}\n		<td class=\"text-left\">{{ order.$1status }}</td>\n		{% endif %}\n			]]></add>\n		</operation>\n		<operation error=\"skip\">\n			<search><![CDATA[\n			{{ footer }}\n			]]></search>\n			<add position=\"before\"><![CDATA[\n		{% if module_admin_quick_edit_enabled %}\n		<script type=\"text/javascript\"><!--\n		!function(t,e){t.batch_edit=parseInt(\"{{ batch_edit * 1 }}\"),t.texts=e.extend({},t.texts,{error_ajax_request:\"{{ error_ajax_request }}\"}),e(function(){e(\".status_qe\").editable(function(i,o){var a=e(\"#notify\",this).is(\":checked\")?1:0,n={notify:a};return t.quick_update(this,i,o,\"{{ update_url }}\",n).done(e.proxy(t.update_finished,{column:e(this).attr(\"id\").split(\"-\")[0]})).fail(e.proxy(t.update_failed,this)),o.indicator},{type:\"status_edit\",data:\"{{ status_select|trim() }}\",indicator:\"{{ text_saving }}\",tooltip:\"{{ module_admin_quick_edit_tooltip }}\",event:\"{{ module_admin_quick_edit_quick_edit_on }}\",onblur:\"cancel\",notify_customer_text:\"{{ text_notify_customer }}\",notify_customer:parseInt(\"{{ notify_customer * 1 }}\")})})}(window.bull5i=window.bull5i||{},jQuery);\n		//--></script>\n		{% endif %}\n			]]></add>\n		</operation>\n	</file>\n\n\n<!-- CUSTOMER -> CUSTOMERS -->\n	<file path=\"admin/controller/customer/customer.php\">\n		<operation info=\"Add custom column filters\" error=\"skip\">\n			<search><![CDATA[\n			$url .= \'&sort=\' . $this->request->get[\'sort\'];\n			]]></search>\n			<add position=\"before\" offset=\"1\"><![CDATA[\n		if ($this->config->get(\'module_admin_quick_edit_status\') && $this->config->get(\'module_admin_quick_edit_customer_customers_status\')) {\n			foreach ($this->config->get(\'module_admin_quick_edit_customer_customers\') as $column => $attr) {\n				if ($attr[\'filter\'][\'show\'] && isset($this->request->get[\'filter_\' . $column])) {\n					$url .= \'&filter_\' . $column . \'=\' . urlencode(html_entity_decode($this->request->get[\'filter_\' . $column], ENT_QUOTES, \'UTF-8\'));\n				}\n			}\n		}\n			]]></add>\n		</operation>\n	</file>\n\n\n<!-- CATALOG -> INFORMATION -->\n	<file path=\"admin/controller/catalog/information.php\">\n		<operation info=\"Add custom column filters\" error=\"skip\">\n			<search><![CDATA[\n			$url .= \'&sort=\' . $this->request->get[\'sort\'];\n			]]></search>\n			<add position=\"before\" offset=\"1\"><![CDATA[\n		if ($this->config->get(\'module_admin_quick_edit_status\') && $this->config->get(\'module_admin_quick_edit_catalog_information_status\')) {\n			foreach ($this->config->get(\'module_admin_quick_edit_catalog_information\') as $column => $attr) {\n				if ($attr[\'filter\'][\'show\'] && isset($this->request->get[\'filter_\' . $column])) {\n					$url .= \'&filter_\' . $column . \'=\' . urlencode(html_entity_decode($this->request->get[\'filter_\' . $column], ENT_QUOTES, \'UTF-8\'));\n				}\n			}\n		}\n			]]></add>\n		</operation>\n	</file>\n\n\n<!-- CATALOG -> REVIEWS -->\n	<file path=\"admin/controller/catalog/review.php\">\n		<operation info=\"Add custom column filters\" error=\"skip\">\n			<search><![CDATA[\n			$url .= \'&sort=\' . $this->request->get[\'sort\'];\n			]]></search>\n			<add position=\"before\" offset=\"1\"><![CDATA[\n		if ($this->config->get(\'module_admin_quick_edit_status\') && $this->config->get(\'module_admin_quick_edit_catalog_reviews_status\')) {\n			foreach ($this->config->get(\'module_admin_quick_edit_catalog_reviews\') as $column => $attr) {\n				if ($attr[\'filter\'][\'show\'] && isset($this->request->get[\'filter_\' . $column])) {\n					$url .= \'&filter_\' . $column . \'=\' . urlencode(html_entity_decode($this->request->get[\'filter_\' . $column], ENT_QUOTES, \'UTF-8\'));\n				}\n			}\n		}\n			]]></add>\n		</operation>\n	</file>\n\n\n<!-- CATALOG -> DOWNLOADS -->\n	<file path=\"admin/controller/catalog/download.php\">\n		<operation info=\"Add custom column filters\" error=\"skip\">\n			<search><![CDATA[\n			$url .= \'&sort=\' . $this->request->get[\'sort\'];\n			]]></search>\n			<add position=\"before\" offset=\"1\"><![CDATA[\n		if ($this->config->get(\'module_admin_quick_edit_status\') && $this->config->get(\'module_admin_quick_edit_catalog_downloads_status\')) {\n			foreach ($this->config->get(\'module_admin_quick_edit_catalog_downloads\') as $column => $attr) {\n				if ($attr[\'filter\'][\'show\'] && isset($this->request->get[\'filter_\' . $column])) {\n					$url .= \'&filter_\' . $column . \'=\' . urlencode(html_entity_decode($this->request->get[\'filter_\' . $column], ENT_QUOTES, \'UTF-8\'));\n				}\n			}\n		}\n			]]></add>\n		</operation>\n	</file>\n\n\n<!-- CATALOG -> MANUFACTURERS -->\n	<file path=\"admin/controller/catalog/manufacturer.php\">\n		<operation info=\"Add custom column filters\" error=\"skip\">\n			<search><![CDATA[\n			$url .= \'&sort=\' . $this->request->get[\'sort\'];\n			]]></search>\n			<add position=\"before\" offset=\"1\"><![CDATA[\n		if ($this->config->get(\'module_admin_quick_edit_status\') && $this->config->get(\'module_admin_quick_edit_catalog_manufacturers_status\')) {\n			foreach ($this->config->get(\'module_admin_quick_edit_catalog_manufacturers\') as $column => $attr) {\n				if ($attr[\'filter\'][\'show\'] && isset($this->request->get[\'filter_\' . $column])) {\n					$url .= \'&filter_\' . $column . \'=\' . urlencode(html_entity_decode($this->request->get[\'filter_\' . $column], ENT_QUOTES, \'UTF-8\'));\n				}\n			}\n		}\n			]]></add>\n		</operation>\n	</file>\n\n\n<!-- CATALOG -> OPTIONS -->\n	<file path=\"admin/controller/catalog/option.php\">\n		<operation info=\"Add custom column filters\" error=\"skip\">\n			<search><![CDATA[\n			$url .= \'&sort=\' . $this->request->get[\'sort\'];\n			]]></search>\n			<add position=\"before\" offset=\"1\"><![CDATA[\n		if ($this->config->get(\'module_admin_quick_edit_status\') && $this->config->get(\'module_admin_quick_edit_catalog_options_status\')) {\n			foreach ($this->config->get(\'module_admin_quick_edit_catalog_options\') as $column => $attr) {\n				if ($attr[\'filter\'][\'show\'] && isset($this->request->get[\'filter_\' . $column])) {\n					$url .= \'&filter_\' . $column . \'=\' . urlencode(html_entity_decode($this->request->get[\'filter_\' . $column], ENT_QUOTES, \'UTF-8\'));\n				}\n			}\n		}\n			]]></add>\n		</operation>\n	</file>\n\n\n<!-- CATALOG -> ATTRIBUTE GROUPS -->\n	<file path=\"admin/controller/catalog/attribute_group.php\">\n		<operation info=\"Add custom column filters\" error=\"skip\">\n			<search><![CDATA[\n			$url .= \'&sort=\' . $this->request->get[\'sort\'];\n			]]></search>\n			<add position=\"before\" offset=\"1\"><![CDATA[\n		if ($this->config->get(\'module_admin_quick_edit_status\') && $this->config->get(\'module_admin_quick_edit_catalog_attribute_groups_status\')) {\n			foreach ($this->config->get(\'module_admin_quick_edit_catalog_attribute_groups\') as $column => $attr) {\n				if ($attr[\'filter\'][\'show\'] && isset($this->request->get[\'filter_\' . $column])) {\n					$url .= \'&filter_\' . $column . \'=\' . urlencode(html_entity_decode($this->request->get[\'filter_\' . $column], ENT_QUOTES, \'UTF-8\'));\n				}\n			}\n		}\n			]]></add>\n		</operation>\n	</file>\n\n\n<!-- CATALOG -> ATTRIBUTES -->\n	<file path=\"admin/controller/catalog/attribute.php\">\n		<operation info=\"Add custom column filters\" error=\"skip\">\n			<search><![CDATA[\n			$url .= \'&sort=\' . $this->request->get[\'sort\'];\n			]]></search>\n			<add position=\"before\" offset=\"1\"><![CDATA[\n		if ($this->config->get(\'module_admin_quick_edit_status\') && $this->config->get(\'module_admin_quick_edit_catalog_attributes_status\')) {\n			foreach ($this->config->get(\'module_admin_quick_edit_catalog_attributes\') as $column => $attr) {\n				if ($attr[\'filter\'][\'show\'] && isset($this->request->get[\'filter_\' . $column])) {\n					$url .= \'&filter_\' . $column . \'=\' . urlencode(html_entity_decode($this->request->get[\'filter_\' . $column], ENT_QUOTES, \'UTF-8\'));\n				}\n			}\n		}\n			]]></add>\n		</operation>\n	</file>\n\n\n<!-- CATALOG -> FILTERS -->\n	<file path=\"admin/controller/catalog/filter.php\">\n		<operation info=\"Add custom column filters\" error=\"skip\">\n			<search><![CDATA[\n			$url .= \'&sort=\' . $this->request->get[\'sort\'];\n			]]></search>\n			<add position=\"before\" offset=\"1\"><![CDATA[\n		if ($this->config->get(\'module_admin_quick_edit_status\') && $this->config->get(\'module_admin_quick_edit_catalog_filters_status\')) {\n			foreach ($this->config->get(\'module_admin_quick_edit_catalog_filters\') as $column => $attr) {\n				if ($attr[\'filter\'][\'show\'] && isset($this->request->get[\'filter_\' . $column])) {\n					$url .= \'&filter_\' . $column . \'=\' . urlencode(html_entity_decode($this->request->get[\'filter_\' . $column], ENT_QUOTES, \'UTF-8\'));\n				}\n			}\n		}\n			]]></add>\n		</operation>\n	</file>\n\n\n<!-- CATALOG -> RECURRINGS -->\n	<file path=\"admin/controller/catalog/recurring.php\">\n		<operation info=\"Add custom column filters\" error=\"skip\">\n			<search><![CDATA[\n			$url .= \'&sort=\' . $this->request->get[\'sort\'];\n			]]></search>\n			<add position=\"before\" offset=\"1\"><![CDATA[\n		if ($this->config->get(\'module_admin_quick_edit_status\') && $this->config->get(\'module_admin_quick_edit_catalog_recurrings_status\')) {\n			foreach ($this->config->get(\'module_admin_quick_edit_catalog_recurrings\') as $column => $attr) {\n				if ($attr[\'filter\'][\'show\'] && isset($this->request->get[\'filter_\' . $column])) {\n					$url .= \'&filter_\' . $column . \'=\' . urlencode(html_entity_decode($this->request->get[\'filter_\' . $column], ENT_QUOTES, \'UTF-8\'));\n				}\n			}\n		}\n			]]></add>\n		</operation>\n	</file>\n\n\n<!-- CATALOG -> CATEGORIES -->\n	<file path=\"admin/controller/catalog/category.php\">\n		<operation info=\"Add custom column filters\" error=\"skip\">\n			<search><![CDATA[\n			$url .= \'&sort=\' . $this->request->get[\'sort\'];\n			]]></search>\n			<add position=\"before\" offset=\"1\"><![CDATA[\n		if ($this->config->get(\'module_admin_quick_edit_status\') && $this->config->get(\'module_admin_quick_edit_catalog_categories_status\')) {\n			foreach ($this->config->get(\'module_admin_quick_edit_catalog_categories\') as $column => $attr) {\n				if ($attr[\'filter\'][\'show\'] && isset($this->request->get[\'filter_\' . $column])) {\n					$url .= \'&filter_\' . $column . \'=\' . urlencode(html_entity_decode($this->request->get[\'filter_\' . $column], ENT_QUOTES, \'UTF-8\'));\n				}\n			}\n		}\n			]]></add>\n		</operation>\n	</file>\n\n\n<!-- CATALOG -> PRODUCTS -->\n	<file path=\"admin/controller/catalog/product.php\">\n		<operation info=\"Add custom column filters\" error=\"skip\">\n			<search><![CDATA[\n			$url .= \'&filter_name=\' . urlencode(html_entity_decode($this->request->get[\'filter_name\'], ENT_QUOTES, \'UTF-8\'));\n			]]></search>\n			<add position=\"before\" offset=\"1\"><![CDATA[\n		if ($this->config->get(\'module_admin_quick_edit_status\') && $this->config->get(\'module_admin_quick_edit_catalog_products_status\')) {\n			foreach ($this->config->get(\'module_admin_quick_edit_catalog_products\') as $column => $attr) {\n				if ($attr[\'filter\'][\'show\'] && isset($this->request->get[\'filter_\' . $column])) {\n					$url .= \'&filter_\' . $column . \'=\' . urlencode(html_entity_decode($this->request->get[\'filter_\' . $column], ENT_QUOTES, \'UTF-8\'));\n				}\n			}\n			if (isset($this->request->get[\'filter_sub_category\'])) {\n				$url .= \'&filter_sub_category=\' . urlencode(html_entity_decode($this->request->get[\'filter_sub_category\'], ENT_QUOTES, \'UTF-8\'));\n			}\n		}\n			]]></add>\n		</operation>\n		<operation info=\"Fix for filter urls\" error=\"skip\">\n			<search regex=\"true\"><![CDATA[~\\$url \\.= \'&(.*?)=\' \\. \\$this->request->get\\[\'(.*?)\'\\];~]]></search>\n			<add position=\"replace\"><![CDATA[$url .= \'&$1=\' . urlencode(html_entity_decode($this->request->get[\'$2\'], ENT_QUOTES, \'UTF-8\'));]]></add>\n		</operation>\n	</file>\n\n	<file path=\"admin/view/template/catalog/product_list.twig\">\n		<operation info=\"Sort &amp; order fix for filtering\" error=\"skip\">\n			<search regex=\"true\"><![CDATA[~location = \'index\\.php\\?route=(.*?)&user_token={{ user_token }}\' \\+ url;~]]></search>\n			<add position=\"replace\"><![CDATA[location = \'index.php?route=$1&user_token={{ user_token }}&sort={{ sort }}&order={{ order }}\' + url;]]></add>\n		</operation>\n	</file>\n\n	<file path=\"admin/view/template/{catalog,sale,customer}/*_list.twig\">\n		<operation info=\"Add \'change\' event trigger\" error=\"skip\">\n			<search><![CDATA[<input type=\"checkbox\" onclick=\"$(\'input[name*=\\\'selected\\\']\').prop(\'checked\', this.checked);\" />]]></search>\n			<add position=\"replace\"><![CDATA[<input type=\"checkbox\" onclick=\"$(\'input[name*=\\\'selected\\\']\').prop(\'checked\', this.checked).trigger(\'change\');\" />]]></add>\n		</operation>\n	</file>\n\n	<file path=\"system/engine/action.php\">\n		<operation error=\"skip\">\n			<ignoreif><![CDATA[$reflection->hasMethod(\"__call\")]]></ignoreif>\n			<search><![CDATA[\n			<= count($args)\n			]]></search>\n			<add position=\"replace\"><![CDATA[<= count($args) || $reflection->hasMethod(\"__call\")]]></add>\n		</operation>\n	</file>\n\n	<file path=\"system/library/db/mysql.php\">\n		<operation error=\"skip\">\n			<ignoreif><![CDATA[SET SESSION group_concat_max_len]]></ignoreif>\n			<search><![CDATA[\n			SET SQL_MODE = \'\'\n			]]></search>\n			<add position=\"after\"><![CDATA[\n		mysql_query(\"SET SESSION group_concat_max_len = 65535\", $this->connection);\n			]]></add>\n		</operation>\n	</file>\n\n	<file path=\"system/library/db/mysqli.php\">\n		<operation error=\"skip\">\n			<ignoreif><![CDATA[SET SESSION group_concat_max_len]]></ignoreif>\n			<search><![CDATA[\n			SET SQL_MODE = \'\'\n			]]></search>\n			<add position=\"after\"><![CDATA[\n		$this->connection->query(\"SET SESSION group_concat_max_len = 65535\");\n			]]></add>\n		</operation>\n	</file>\n\n	<file path=\"system/library/template/twig.php\">\n		<operation info=\"Add custom Twig filters OC &lt; 3.0.3.6\" error=\"skip\">\n			<search><![CDATA[\n			$template = $this->twig->loadTemplate($template\n			]]></search>\n			<add position=\"before\"><![CDATA[\n			if (strpos($template, \"extension/module/admin_quick_edit\") !== FALSE || strpos($template, \"extension/module/aqe\") !== FALSE) {\n				$this->twig->addFilter(new \\Twig_SimpleFilter(\'addslashes\', \'addslashes\'));\n			}\n			]]></add>\n		</operation>\n		<operation info=\"Add custom Twig filters OC &gt;= 3.0.3.6\" error=\"skip\">\n			<search><![CDATA[\n			return $twig->render($filename\n			]]></search>\n			<add position=\"before\"><![CDATA[\n			if (strpos($filename, \"extension/module/admin_quick_edit\") !== FALSE || strpos($filename, \"extension/module/aqe\") !== FALSE) {\n				$twig->addFilter(new \\Twig\\TwigFilter(\'addslashes\', \'addslashes\'));\n			}\n			]]></add>\n		</operation>\n	</file>\n\n</modification>\n', 1, '2021-08-12 19:47:10');

-- --------------------------------------------------------

--
-- Table structure for table `module`
--

CREATE TABLE `module` (
  `module_id` int(11) NOT NULL,
  `name` varchar(64) NOT NULL,
  `code` varchar(32) NOT NULL,
  `setting` text NOT NULL
) ENGINE=MyISAM DEFAULT CHARSET=utf8;

--
-- Dumping data for table `module`
--

INSERT INTO `module` (`module_id`, `name`, `code`, `setting`) VALUES
(30, 'Category', 'banner', '{\"name\":\"Category\",\"banner_id\":\"6\",\"width\":\"182\",\"height\":\"182\",\"status\":\"1\"}'),
(29, 'Home Page', 'carousel', '{\"name\":\"Home Page\",\"banner_id\":\"8\",\"width\":\"130\",\"height\":\"100\",\"status\":\"1\"}'),
(28, 'Home Page', 'featured', '{\"name\":\"Home Page\",\"product\":[\"43\",\"40\",\"42\",\"30\"],\"limit\":\"4\",\"width\":\"200\",\"height\":\"200\",\"status\":\"1\"}'),
(27, 'Home Page', 'slideshow', '{\"name\":\"Home Page\",\"banner_id\":\"7\",\"width\":\"1140\",\"height\":\"380\",\"status\":\"1\"}'),
(31, 'Banner 1', 'banner', '{\"name\":\"Banner 1\",\"banner_id\":\"6\",\"width\":\"182\",\"height\":\"182\",\"status\":\"1\"}');

-- --------------------------------------------------------

--
-- Table structure for table `option`
--

CREATE TABLE `option` (
  `option_id` int(11) NOT NULL,
  `type` varchar(32) NOT NULL,
  `sort_order` int(3) NOT NULL,
  `calculate_once` tinyint(1) NOT NULL
) ENGINE=MyISAM DEFAULT CHARSET=utf8;

--
-- Dumping data for table `option`
--

INSERT INTO `option` (`option_id`, `type`, `sort_order`, `calculate_once`) VALUES
(9, 'time', 8, 0),
(8, 'date', 7, 0),
(7, 'file', 6, 0),
(6, 'textarea', 5, 0),
(5, 'select', 4, 0),
(4, 'text', 3, 0),
(2, 'checkbox', 2, 0),
(1, 'radio', 1, 0),
(10, 'datetime', 9, 0),
(11, 'select', 10, 0),
(12, 'date', 11, 0),
(13, 'radio', 0, 1),
(14, 'select', 3, 0),
(15, 'radio', 8, 0),
(16, 'select', 0, 0),
(17, 'select', 0, 0),
(18, 'select', 1, 0),
(19, 'select', -1, 0),
(20, 'select', 0, 0),
(21, 'select', 0, 0),
(22, 'select', 0, 0),
(23, 'select', 0, 0),
(24, 'select', 0, 0),
(25, 'select', 8, 0),
(26, 'select', 9, 0);

-- --------------------------------------------------------

--
-- Table structure for table `option_description`
--

CREATE TABLE `option_description` (
  `option_id` int(11) NOT NULL,
  `language_id` int(11) NOT NULL,
  `name` varchar(128) NOT NULL
) ENGINE=MyISAM DEFAULT CHARSET=utf8;

--
-- Dumping data for table `option_description`
--

INSERT INTO `option_description` (`option_id`, `language_id`, `name`) VALUES
(10, 3, '日期及时间'),
(9, 1, 'Time'),
(8, 3, '日期'),
(7, 3, '文档'),
(6, 2, '多行文字輸入'),
(2, 1, 'Checkbox'),
(4, 1, 'Text'),
(5, 3, '选择'),
(1, 3, 'Radio'),
(11, 1, 'Size'),
(12, 1, 'Delivery Date'),
(10, 2, '日期及時間'),
(9, 2, 'Time'),
(8, 2, '日期'),
(7, 2, '文檔'),
(2, 2, 'Checkbox'),
(4, 2, '單行文字輸入'),
(5, 2, '選擇'),
(1, 2, 'Radio'),
(11, 2, '尺碼'),
(12, 2, '送貨日期'),
(10, 1, 'Date &amp; Time'),
(9, 3, 'Time'),
(8, 1, 'Date'),
(7, 1, 'File'),
(6, 3, '多行文字框'),
(2, 3, 'Checkbox'),
(5, 1, 'Select'),
(1, 1, 'Radio'),
(11, 3, '尺码'),
(12, 3, '發货日期'),
(13, 1, 'Color'),
(15, 1, 'Shoe Size'),
(16, 3, '商品状况'),
(17, 3, '相机类型'),
(13, 2, '顏色'),
(17, 2, '相機類型'),
(17, 1, 'Camera Type'),
(16, 2, '商品狀況'),
(16, 1, 'Item conditions'),
(15, 2, '鞋-尺碼'),
(15, 3, '鞋 号'),
(6, 1, 'Textarea'),
(4, 3, '单行文字输入'),
(18, 3, '来 源'),
(13, 3, '颜色'),
(14, 3, '保修'),
(18, 2, '來 源'),
(18, 1, 'Source'),
(19, 3, 'Storage Capacity'),
(20, 1, 'Memory Size'),
(20, 2, 'Memory Size'),
(20, 3, 'Memory Size'),
(21, 3, '长度'),
(21, 2, '長度'),
(21, 1, 'Length'),
(19, 2, 'Storage Capacity'),
(14, 2, '保養'),
(22, 1, 'Lang. Type'),
(22, 2, '語言類別'),
(22, 3, '语言类别'),
(23, 1, 'Pattern'),
(23, 2, '圖案'),
(23, 3, '图案'),
(19, 1, 'Storage Capacity'),
(14, 1, 'Warranty'),
(24, 1, 'Power'),
(24, 2, '功率'),
(24, 3, '功率'),
(25, 1, 'Primada Accessories'),
(25, 2, '寶康達 配件'),
(25, 3, '宝康达 配件'),
(26, 2, '物料'),
(26, 1, 'Materials'),
(26, 3, '物料');

-- --------------------------------------------------------

--
-- Table structure for table `option_value`
--

CREATE TABLE `option_value` (
  `option_value_id` int(11) NOT NULL,
  `option_id` int(11) NOT NULL,
  `image` varchar(255) NOT NULL,
  `sort_order` int(3) NOT NULL
) ENGINE=MyISAM DEFAULT CHARSET=utf8;

--
-- Dumping data for table `option_value`
--

INSERT INTO `option_value` (`option_value_id`, `option_id`, `image`, `sort_order`) VALUES
(106, 11, '', 5),
(105, 11, '', 4),
(48, 11, '', 3),
(47, 11, '', 2),
(46, 11, '', 1),
(120, 5, '', 4),
(119, 5, '', 3),
(118, 5, '', 2),
(117, 5, '', 1),
(115, 2, '', 3),
(116, 2, '', 4),
(114, 2, '', 2),
(113, 2, '', 1),
(112, 1, '', 3),
(111, 1, '', 2),
(110, 1, '', 1),
(361, 13, '', 3),
(313, 14, '', 7),
(264, 14, '', 6),
(263, 14, '', 5),
(161, 14, '', 4),
(160, 14, '', 3),
(190, 15, '', 4),
(189, 15, '', 3),
(188, 15, '', 2),
(187, 15, '', 1),
(186, 15, '', 0),
(199, 16, '', 1),
(198, 16, '', 0),
(209, 17, '', 2),
(208, 17, '', 1),
(207, 17, '', 0),
(331, 13, '', 3),
(212, 18, '', 0),
(213, 18, '', 0),
(349, 13, 'catalog/product/noblechairs/epic/color-option/EPIC_Green.png', 4),
(159, 14, '', 2),
(233, 19, '', 50),
(234, 19, '', 50),
(232, 19, '', 48),
(231, 19, '', 46),
(230, 19, '', 44),
(229, 19, '', 42),
(228, 19, '', 40),
(227, 19, '', 38),
(262, 19, '', 36),
(226, 19, '', 34),
(225, 19, '', 32),
(224, 19, '', 30),
(314, 19, '', 28),
(223, 19, '', 26),
(235, 20, '', 0),
(236, 20, '', 0),
(237, 20, '', 0),
(238, 20, '', 0),
(239, 20, '', 0),
(240, 20, '', 0),
(241, 20, '', 0),
(242, 20, '', 0),
(243, 20, '', 0),
(244, 20, '', 0),
(245, 20, '', 0),
(246, 20, '', 0),
(247, 20, '', 0),
(338, 13, '', 3),
(103, 13, '', 3),
(177, 13, 'color/indigo-4b0082.png', 3),
(346, 13, 'catalog/product/noblechairs/epic/color-option/EPIC_Red.png', 3),
(254, 11, '', 6),
(255, 11, '', 7),
(256, 11, '', 8),
(257, 11, '', 9),
(261, 21, '', 3),
(260, 21, '', 2),
(259, 21, '', 1),
(258, 21, '', 0),
(222, 19, '', 24),
(158, 14, '', 1),
(162, 14, '', 0),
(334, 13, '', 3),
(330, 13, '', 2),
(348, 13, 'catalog/product/noblechairs/epic/color-option/EPIC_Blue.png', 2),
(333, 13, '', 2),
(326, 13, '', 2),
(337, 13, '', 2),
(185, 13, '', 2),
(104, 13, '', 2),
(274, 22, '', 0),
(275, 22, '', 1),
(336, 13, '', 1),
(359, 13, '', 1),
(329, 13, '', 1),
(49, 13, 'color/black-000000.png', 1),
(345, 13, 'catalog/product/noblechairs/epic/color-option/EPIC_Gold.png', 1),
(288, 23, '', 0),
(289, 23, '', 0),
(290, 23, '', 0),
(291, 23, '', 0),
(292, 23, '', 0),
(293, 23, '', 0),
(294, 23, '', 0),
(295, 23, '', 0),
(296, 23, '', 0),
(297, 23, '', 0),
(298, 23, '', 0),
(299, 23, '', 0),
(342, 13, '', 1),
(281, 13, '', 0),
(266, 13, '', 0),
(304, 13, '', 0),
(204, 13, '', 0),
(320, 13, '', 0),
(57, 13, 'color/purple-800080.png', 0),
(176, 13, 'color/indigo-205b7a.png', 0),
(62, 13, '', 0),
(58, 13, 'color/grey-808080.png', 0),
(276, 13, '', 0),
(318, 19, '', 22),
(221, 19, '', 20),
(220, 19, '', 18),
(311, 19, '', 16),
(310, 19, '', 14),
(309, 19, '', 12),
(317, 19, '', 6),
(316, 19, '', 4),
(315, 19, '', 2),
(203, 13, '', 0),
(53, 13, 'color/yellow-ffff00.png', 0),
(282, 13, '', 0),
(168, 13, '', 0),
(277, 13, '', 0),
(273, 13, '', 0),
(300, 13, '', 0),
(194, 13, '', 0),
(206, 13, '', 0),
(250, 13, '', 0),
(165, 13, '', 0),
(167, 13, '', 0),
(322, 24, '', 0),
(323, 24, '', 0),
(324, 24, '', 0),
(325, 24, '', 0),
(102, 13, '', 0),
(183, 13, '', 0),
(279, 13, '', 0),
(332, 13, '', 0),
(215, 13, '', 0),
(192, 13, '', 0),
(287, 13, '', 0),
(174, 13, '', 0),
(56, 13, 'color/blue-0000ff.png', 0),
(202, 13, '', 0),
(265, 13, '', 0),
(267, 13, '', 0),
(216, 13, '', 0),
(184, 13, '', 0),
(214, 13, '', 0),
(61, 13, 'color/silver-c0c0c0.png', 0),
(217, 13, '', 0),
(211, 13, '', 0),
(50, 13, 'color/white-ffffff.png', 0),
(339, 25, 'catalog/product/primada/pc6520/primada-pc6520-01.jpg', 1),
(340, 25, '', 0),
(164, 13, '', 0),
(64, 13, '', 0),
(278, 13, '', 0),
(328, 13, '', 0),
(54, 13, 'color/green-008000.png', 0),
(283, 13, '', 0),
(306, 13, '', 0),
(305, 13, '', 0),
(65, 13, '', 0),
(319, 13, '', 0),
(251, 13, '', 0),
(307, 13, '', 0),
(197, 13, '', 0),
(280, 13, '', 0),
(172, 13, '', 0),
(271, 13, '', 0),
(69, 13, '', 0),
(169, 13, '', 0),
(60, 13, 'color/gold-ffd700.png', 0),
(191, 13, '', 0),
(182, 13, '', 0),
(63, 13, '', 0),
(196, 13, '', 0),
(175, 13, '', 0),
(327, 13, '', 0),
(163, 13, '', 0),
(200, 13, '', 0),
(321, 13, '', 0),
(67, 13, '', 0),
(181, 13, '', 0),
(107, 13, '', 0),
(248, 13, '', 0),
(335, 13, '', 0),
(109, 13, '', 0),
(173, 13, '', 0),
(166, 13, '', 0),
(195, 13, '', 0),
(55, 13, 'color/cyan-blue-3cc6ed.png', 0),
(272, 13, '', 0),
(180, 13, '', 0),
(52, 13, 'color/orange-ffa500.png', 0),
(170, 13, '', 0),
(344, 13, 'catalog/product/noblechairs/epic/color-option/EPIC_Black.png', 0),
(284, 13, '', 0),
(341, 13, '', 0),
(249, 13, '', 0),
(270, 13, '', 0),
(358, 13, '', 0),
(201, 13, '', 0),
(350, 21, '', 4),
(351, 21, '', 5),
(352, 21, '', 6),
(353, 21, '', 7),
(354, 21, '', 8),
(355, 21, '', 9),
(356, 21, '', 10),
(357, 21, '', 11),
(343, 13, '', 0),
(286, 13, '', 0),
(268, 13, '', 0),
(210, 13, '', 0),
(219, 13, '', 0),
(308, 13, '', 0),
(269, 13, '', 0),
(302, 13, '', 0),
(51, 13, 'color/red-ff0000.png', 0),
(285, 13, '', 0),
(253, 13, '', 0),
(193, 13, 'color/brown-a52a2a.png', 0),
(301, 13, '', 0),
(171, 13, '', 0),
(252, 13, '', 0),
(66, 13, '', 0),
(205, 13, '', 0),
(303, 13, '', 0),
(59, 13, 'color/pink-ffc0cb.png', 0),
(218, 13, '', 0),
(360, 13, '', 4),
(347, 13, 'catalog/product/noblechairs/epic/color-option/EPIC_Pink.png', 5),
(362, 13, '', 3),
(363, 26, '', 0),
(364, 26, '', 1);

-- --------------------------------------------------------

--
-- Table structure for table `option_value_description`
--

CREATE TABLE `option_value_description` (
  `option_value_id` int(11) NOT NULL,
  `language_id` int(11) NOT NULL,
  `option_id` int(11) NOT NULL,
  `name` varchar(128) NOT NULL
) ENGINE=MyISAM DEFAULT CHARSET=utf8;

--
-- Dumping data for table `option_value_description`
--

INSERT INTO `option_value_description` (`option_value_id`, `language_id`, `option_id`, `name`) VALUES
(120, 1, 5, 'Yellow'),
(119, 3, 5, '绿色'),
(119, 2, 5, '綠色'),
(116, 1, 2, 'Checkbox 4'),
(115, 1, 2, 'Checkbox 3'),
(114, 1, 2, 'Checkbox 2'),
(113, 1, 2, 'Checkbox 1'),
(112, 3, 1, '大'),
(112, 2, 1, '大'),
(112, 1, 1, 'Large'),
(106, 3, 11, '30L'),
(119, 1, 5, 'Green'),
(118, 3, 5, '蓝色'),
(118, 2, 5, '藍色'),
(116, 2, 2, 'Checkbox 4'),
(115, 2, 2, 'Checkbox 3'),
(114, 2, 2, 'Checkbox 2'),
(113, 2, 2, 'Checkbox 1'),
(111, 3, 1, '中'),
(111, 2, 1, '中'),
(111, 1, 1, 'Medium'),
(106, 2, 11, '30L'),
(106, 1, 11, '30L'),
(105, 3, 11, '20L'),
(105, 2, 11, '20L'),
(105, 1, 11, '20L'),
(48, 3, 11, '大'),
(48, 2, 11, '大'),
(48, 1, 11, 'Large'),
(47, 3, 11, '中'),
(47, 2, 11, '中'),
(118, 1, 5, 'Blue'),
(117, 3, 5, '红色'),
(117, 2, 5, '紅色'),
(117, 1, 5, 'Red'),
(116, 3, 2, 'Checkbox 4'),
(115, 3, 2, 'Checkbox 3'),
(114, 3, 2, 'Checkbox 2'),
(113, 3, 2, 'Checkbox 1'),
(110, 3, 1, '小'),
(110, 2, 1, '小'),
(110, 1, 1, 'Small'),
(47, 1, 11, 'Medium'),
(46, 3, 11, '小'),
(46, 2, 11, '小'),
(46, 1, 11, 'Small'),
(313, 3, 14, '10年保修*'),
(347, 2, 13, '黑粉紅'),
(187, 2, 15, '37'),
(187, 1, 15, '37'),
(186, 3, 15, '36'),
(186, 2, 15, '36'),
(186, 1, 15, '36'),
(347, 1, 13, 'Black/Pink'),
(209, 3, 17, '索尼'),
(209, 2, 17, '索尼'),
(209, 1, 17, 'Sony'),
(360, 3, 13, 'Midnight'),
(208, 3, 17, '尼康'),
(208, 2, 17, '尼康'),
(208, 1, 17, 'Nikon'),
(207, 3, 17, '佳能'),
(207, 2, 17, '佳能'),
(207, 1, 17, 'Canon'),
(199, 2, 16, '全新(開盒)'),
(199, 1, 16, 'New Other'),
(198, 3, 16, '全新'),
(198, 2, 16, '全新'),
(198, 1, 16, 'New'),
(199, 3, 16, '全新(开盒)'),
(120, 2, 5, '黃色'),
(120, 3, 5, '黄色'),
(187, 3, 15, '37'),
(188, 1, 15, '38'),
(188, 2, 15, '38'),
(188, 3, 15, '38'),
(189, 1, 15, '39'),
(189, 2, 15, '39'),
(189, 3, 15, '39'),
(190, 1, 15, '40'),
(190, 2, 15, '40'),
(190, 3, 15, '40'),
(360, 2, 13, 'Midnight'),
(349, 2, 13, '黑綠'),
(349, 3, 13, '黑绿'),
(313, 2, 14, '10年保養*'),
(313, 1, 14, '10-year Local Warranty*'),
(212, 1, 18, 'Authorized Goods'),
(213, 3, 18, '进口货'),
(213, 2, 18, '進口貨'),
(360, 1, 13, 'Midnight'),
(349, 1, 13, 'Black/Green'),
(361, 3, 13, 'Bone'),
(361, 2, 13, 'Bone'),
(331, 3, 13, '迷彩绿'),
(264, 3, 14, '18个月保修*'),
(361, 1, 13, 'Bone'),
(331, 2, 13, '迷彩綠'),
(213, 1, 18, 'Parallel Import'),
(331, 1, 13, 'Camo Green'),
(338, 3, 13, '雪白'),
(338, 2, 13, '雪白'),
(338, 1, 13, 'Ice White'),
(233, 1, 19, '10TB'),
(234, 3, 19, '12TB'),
(234, 2, 19, '12TB'),
(234, 1, 19, '12TB'),
(232, 3, 19, '8TB'),
(232, 2, 19, '8TB'),
(232, 1, 19, '8TB'),
(231, 3, 19, '6TB'),
(231, 2, 19, '6TB'),
(231, 1, 19, '6TB'),
(230, 3, 19, '4TB'),
(230, 2, 19, '4TB'),
(230, 1, 19, '4TB'),
(229, 3, 19, '3TB'),
(229, 2, 19, '3TB'),
(229, 1, 19, '3TB'),
(228, 3, 19, '2TB'),
(228, 2, 19, '2TB'),
(228, 1, 19, '2TB'),
(227, 3, 19, '1TB'),
(227, 2, 19, '1TB'),
(227, 1, 19, '1TB'),
(262, 3, 19, '960GB'),
(262, 2, 19, '960GB'),
(262, 1, 19, '960GB'),
(226, 3, 19, '512GB'),
(226, 2, 19, '512GB'),
(226, 1, 19, '512GB'),
(225, 3, 19, '500GB'),
(225, 2, 19, '500GB'),
(225, 1, 19, '500GB'),
(224, 3, 19, '480GB'),
(224, 2, 19, '480GB'),
(235, 1, 20, '128MB'),
(235, 2, 20, '128MB'),
(235, 3, 20, '128MB'),
(236, 1, 20, '256MB'),
(236, 2, 20, '256MB'),
(236, 3, 20, '256MB'),
(237, 1, 20, '512MB'),
(237, 2, 20, '512MB'),
(237, 3, 20, '512MB'),
(238, 1, 20, '1GB'),
(238, 2, 20, '1GB'),
(238, 3, 20, '1GB'),
(239, 1, 20, '2GB'),
(239, 2, 20, '2GB'),
(239, 3, 20, '2GB'),
(240, 1, 20, '4GB'),
(240, 2, 20, '4GB'),
(240, 3, 20, '4GB'),
(241, 1, 20, '8GB'),
(241, 2, 20, '8GB'),
(241, 3, 20, '8GB'),
(242, 1, 20, '16GB'),
(242, 2, 20, '16GB'),
(242, 3, 20, '16GB'),
(243, 1, 20, '32GB'),
(243, 2, 20, '32GB'),
(243, 3, 20, '32GB'),
(244, 1, 20, '64GB'),
(244, 2, 20, '64GB'),
(244, 3, 20, '64GB'),
(245, 1, 20, '128GB'),
(245, 2, 20, '128GB'),
(245, 3, 20, '128GB'),
(246, 1, 20, '256GB'),
(246, 2, 20, '256GB'),
(246, 3, 20, '256GB'),
(247, 1, 20, '512GB'),
(247, 2, 20, '512GB'),
(247, 3, 20, '512GB'),
(346, 3, 13, '黑红'),
(346, 2, 13, '黑紅'),
(346, 1, 13, 'Black/Red'),
(177, 3, 13, 'Indigo'),
(177, 2, 13, 'Indigo'),
(177, 1, 13, 'Indigo'),
(103, 3, 13, '灰'),
(103, 2, 13, '灰'),
(103, 1, 13, 'Ash'),
(334, 3, 13, 'Woven'),
(254, 1, 11, 'Junior'),
(254, 2, 11, 'Junior'),
(254, 3, 11, 'Junior'),
(255, 1, 11, 'Throw'),
(255, 2, 11, 'Throw'),
(255, 3, 11, 'Throw'),
(256, 1, 11, '1-person'),
(256, 2, 11, '單人'),
(256, 3, 11, '单人'),
(257, 1, 11, '2-person'),
(257, 2, 11, '雙人'),
(257, 3, 11, '双人'),
(261, 1, 21, '2m'),
(260, 3, 21, '1.5米'),
(260, 2, 21, '1.5米'),
(260, 1, 21, '1.5m'),
(259, 3, 21, '1米'),
(259, 2, 21, '1米'),
(259, 1, 21, '1m'),
(258, 3, 21, '0.5米'),
(258, 2, 21, '0.5米'),
(258, 1, 21, '0.5m'),
(224, 1, 19, '480GB'),
(314, 3, 19, '400GB'),
(314, 2, 19, '400GB'),
(314, 1, 19, '400GB'),
(223, 3, 19, '256GB'),
(264, 2, 14, '18個月保養*'),
(263, 2, 14, '5年保養*'),
(264, 1, 14, '18-month Local Warranty*'),
(263, 3, 14, '5年保修*'),
(263, 1, 14, '5-year Local Warranty*'),
(161, 3, 14, '3年保修*'),
(161, 2, 14, '3年保養*'),
(161, 1, 14, '3-year Local Warranty*'),
(334, 2, 13, 'Woven'),
(334, 1, 13, 'Woven'),
(330, 3, 13, '迷彩蓝'),
(330, 2, 13, '迷彩藍'),
(330, 1, 13, 'Camo Blue'),
(348, 3, 13, '黑蓝'),
(348, 2, 13, '黑藍'),
(348, 1, 13, 'Black/Blue'),
(333, 3, 13, 'Rosewood'),
(333, 2, 13, 'Rosewood'),
(333, 1, 13, 'Rosewood'),
(326, 3, 13, '土褐色'),
(326, 2, 13, '土褐色'),
(326, 1, 13, 'Coyote/Brown'),
(337, 3, 13, '粉红'),
(337, 2, 13, '粉紅'),
(337, 1, 13, 'Blush Pink'),
(104, 3, 13, '木炭'),
(104, 2, 13, '木炭'),
(104, 1, 13, 'Charcoal'),
(185, 3, 13, '黄褐色'),
(185, 2, 13, '黄褐色'),
(185, 1, 13, 'Tan'),
(336, 3, 13, '丁香紫'),
(336, 2, 13, '丁香紫'),
(336, 1, 13, 'Lilac Purple'),
(359, 3, 13, '珍珠白'),
(359, 2, 13, '珍珠白'),
(359, 1, 13, 'Peral White'),
(329, 3, 13, '迷彩红'),
(329, 2, 13, '迷彩紅'),
(329, 1, 13, 'Camo Red'),
(49, 3, 13, '黑色'),
(49, 2, 13, '黑色'),
(49, 1, 13, 'Black'),
(274, 1, 22, 'English'),
(274, 2, 22, '英文'),
(274, 3, 22, '英文'),
(275, 1, 22, 'Chinese'),
(275, 2, 22, '中文'),
(275, 3, 22, '中文'),
(345, 3, 13, '黑金'),
(345, 2, 13, '黑金'),
(345, 1, 13, 'Black/Gold'),
(342, 3, 13, 'Pop'),
(342, 2, 13, 'Pop'),
(342, 1, 13, 'Pop'),
(281, 3, 13, 'ql-7457'),
(281, 2, 13, 'ql-7457'),
(281, 1, 13, 'ql-7457'),
(266, 3, 13, 'Stealth Black'),
(266, 2, 13, 'Stealth Black'),
(266, 1, 13, 'Stealth Black'),
(304, 3, 13, '狸猫'),
(304, 2, 13, '狸貓'),
(304, 1, 13, 'Raccoon Cat'),
(204, 3, 13, 'Bebe Pink'),
(204, 2, 13, 'Bebe Pink'),
(204, 1, 13, 'Bebe Pink'),
(320, 3, 13, 'Forest'),
(320, 2, 13, 'Forest'),
(320, 1, 13, 'Forest'),
(57, 3, 13, '紫色'),
(57, 2, 13, '紫色'),
(57, 1, 13, 'Purple'),
(176, 3, 13, 'Indigo'),
(176, 2, 13, 'Indigo'),
(176, 1, 13, 'Indigo'),
(62, 3, 13, 'Black Nickel'),
(62, 2, 13, 'Black Nickel'),
(62, 1, 13, 'Black Nickel'),
(58, 3, 13, '灰色'),
(58, 2, 13, '灰色'),
(58, 1, 13, 'Grey'),
(203, 3, 13, 'Scarlet'),
(288, 1, 23, 'ql-7778'),
(288, 2, 23, 'ql-7778'),
(288, 3, 23, 'ql-7778'),
(289, 1, 23, 'ql-7761'),
(289, 2, 23, 'ql-7761'),
(289, 3, 23, 'ql-7761'),
(290, 1, 23, 'ql-7624'),
(290, 2, 23, 'ql-7624'),
(290, 3, 23, 'ql-7624'),
(291, 1, 23, 'ql-7617'),
(291, 2, 23, 'ql-7617'),
(291, 3, 23, 'ql-7617'),
(292, 1, 23, 'ql-7471'),
(292, 2, 23, 'ql-7471'),
(292, 3, 23, 'ql-7471'),
(293, 1, 23, 'ql-7464'),
(293, 2, 23, 'ql-7464'),
(293, 3, 23, 'ql-7464'),
(294, 1, 23, 'ql-7457'),
(294, 2, 23, 'ql-7457'),
(294, 3, 23, 'ql-7457'),
(295, 1, 23, 'ql-7440'),
(295, 2, 23, 'ql-7440'),
(295, 3, 23, 'ql-7440'),
(296, 1, 23, 'ql-7174'),
(296, 2, 23, 'ql-7174'),
(296, 3, 23, 'ql-7174'),
(297, 1, 23, 'ql-7167'),
(297, 2, 23, 'ql-7167'),
(297, 3, 23, 'ql-7167'),
(298, 1, 23, 'ql-7150'),
(298, 2, 23, 'ql-7150'),
(298, 3, 23, 'ql-7150'),
(299, 1, 23, 'ql-7068'),
(299, 2, 23, 'ql-7068'),
(299, 3, 23, 'ql-7068'),
(203, 2, 13, 'Scarlet'),
(203, 1, 13, 'Scarlet'),
(276, 3, 13, 'ql-7068'),
(276, 2, 13, 'ql-7068'),
(276, 1, 13, 'ql-7068'),
(53, 3, 13, '黄色'),
(53, 2, 13, '黃色'),
(53, 1, 13, 'Yellow'),
(282, 3, 13, 'ql-7464'),
(282, 2, 13, 'ql-7464'),
(282, 1, 13, 'ql-7464'),
(168, 3, 13, 'Power Blue'),
(168, 2, 13, 'Power Blue'),
(168, 1, 13, 'Power Blue'),
(277, 3, 13, 'ql-7150'),
(277, 2, 13, 'ql-7150'),
(277, 1, 13, 'ql-7150'),
(273, 3, 13, 'Blue Steel'),
(273, 2, 13, 'Blue Steel'),
(273, 1, 13, 'Blue Steel'),
(300, 3, 13, '白蓝'),
(300, 2, 13, '白藍'),
(300, 1, 13, 'White Blue'),
(194, 3, 13, '据绿色'),
(194, 2, 13, '軍綠色'),
(194, 1, 13, 'Navy'),
(206, 3, 13, 'Ruby Red'),
(206, 2, 13, 'Ruby Red'),
(206, 1, 13, 'Ruby Red'),
(250, 3, 13, '炭灰色'),
(250, 2, 13, '炭灰色'),
(250, 1, 13, 'Chacoal Grey'),
(165, 3, 13, 'Seattle'),
(165, 2, 13, 'Seattle'),
(165, 1, 13, 'Seattle'),
(167, 2, 13, '銅灰色'),
(167, 3, 13, '铜灰色'),
(167, 1, 13, 'Copper Grey'),
(102, 3, 13, 'Lavender 22K Rose Gold Plated'),
(102, 2, 13, 'Lavender 22K Rose Gold Plated'),
(102, 1, 13, 'Lavender 22K Rose Gold Plated'),
(279, 3, 13, 'ql-7174'),
(279, 2, 13, 'ql-7174'),
(183, 3, 13, 'Diamond Black'),
(279, 1, 13, 'ql-7174'),
(183, 2, 13, 'Diamond Black'),
(183, 1, 13, 'Diamond Black'),
(332, 3, 13, '紫丁香'),
(332, 2, 13, '紫丁香'),
(332, 1, 13, 'Lilac Purple'),
(215, 3, 13, '铜黑'),
(215, 2, 13, '銅黑'),
(215, 1, 13, 'Copper Black'),
(192, 3, 13, '蓝/粉红'),
(192, 2, 13, '藍/粉紅'),
(192, 1, 13, 'Blue/Pink'),
(287, 3, 13, 'ql-7778'),
(287, 2, 13, 'ql-7778'),
(287, 1, 13, 'ql-7778'),
(174, 3, 13, 'Blue/Orange'),
(174, 2, 13, 'Blue/Orange'),
(223, 2, 19, '256GB'),
(223, 1, 19, '256GB'),
(222, 3, 19, '240GB'),
(222, 2, 19, '240GB'),
(222, 1, 19, '240GB'),
(318, 3, 19, '200GB'),
(318, 2, 19, '200GB'),
(318, 1, 19, '200GB'),
(221, 3, 19, '128GB'),
(221, 2, 19, '128GB'),
(221, 1, 19, '128GB'),
(220, 3, 19, '120GB'),
(220, 2, 19, '120GB'),
(220, 1, 19, '120GB'),
(311, 3, 19, '64GB'),
(160, 3, 14, '2年保修*'),
(160, 2, 14, '2年保養*'),
(160, 1, 14, '2-year Local Warranty*'),
(159, 3, 14, '1年保修*'),
(159, 2, 14, '1年保養*'),
(159, 1, 14, '1-year Local Warranty*'),
(158, 3, 14, '7天有坏包换'),
(158, 2, 14, '7天有壞包換'),
(158, 1, 14, '7-day Replacement'),
(162, 3, 14, '2年全球保修*'),
(162, 2, 14, '2年全球保養*'),
(311, 2, 19, '64GB'),
(311, 1, 19, '64GB'),
(310, 3, 19, '32GB'),
(310, 2, 19, '32GB'),
(310, 1, 19, '32GB'),
(309, 3, 19, '16GB'),
(309, 2, 19, '16GB'),
(309, 1, 19, '16GB'),
(317, 3, 19, '8GB'),
(317, 2, 19, '8GB'),
(317, 1, 19, '8GB'),
(174, 1, 13, 'Blue/Orange'),
(202, 3, 13, 'Slate Blue/Burnt Orange'),
(202, 2, 13, 'Slate Blue/Burnt Orange'),
(202, 1, 13, 'Slate Blue/Burnt Orange'),
(56, 3, 13, '蓝色'),
(56, 2, 13, '藍色'),
(56, 1, 13, 'Blue'),
(265, 3, 13, '铜红色'),
(265, 2, 13, '銅紅色'),
(265, 1, 13, 'Copper Red'),
(267, 3, 13, '玫瑰金'),
(267, 2, 13, '玫瑰金'),
(267, 1, 13, 'Rose Gold'),
(216, 3, 13, '金米色'),
(216, 2, 13, '金米色'),
(216, 1, 13, 'Gold Beige'),
(184, 3, 13, 'Buff White'),
(184, 2, 13, 'Buff White'),
(184, 1, 13, 'Buff White'),
(214, 3, 13, '青柠色'),
(214, 2, 13, '青檸色'),
(214, 1, 13, 'Lime Green'),
(61, 3, 13, '银色'),
(61, 2, 13, '銀色'),
(61, 1, 13, 'Silver'),
(217, 3, 13, '铜蓝色'),
(217, 2, 13, '銅藍色'),
(217, 1, 13, 'Cooper Blue'),
(211, 3, 13, '樱桃'),
(211, 2, 13, '櫻桃'),
(211, 1, 13, 'Cerise'),
(50, 3, 13, '白色'),
(316, 3, 19, '4GB'),
(316, 2, 19, '4GB'),
(316, 1, 19, '4GB'),
(322, 1, 24, '550W'),
(322, 2, 24, '550W'),
(322, 3, 24, '550W'),
(323, 1, 24, '650W'),
(323, 2, 24, '650W'),
(323, 3, 24, '650W'),
(324, 1, 24, '750W'),
(324, 2, 24, '750W'),
(324, 3, 24, '750W'),
(325, 1, 24, '850W'),
(325, 2, 24, '850W'),
(325, 3, 24, '850W'),
(50, 2, 13, '白色'),
(50, 1, 13, 'White'),
(164, 3, 13, 'Red/Tan'),
(164, 2, 13, 'Red/Tan'),
(164, 1, 13, 'Red/Tan'),
(64, 3, 13, 'Iron Blue'),
(212, 2, 18, '香港行貨'),
(212, 3, 18, '香港行货'),
(64, 2, 13, 'Iron Blue'),
(162, 1, 14, '2-year World-wide Warranty*'),
(64, 1, 13, 'Iron Blue'),
(278, 3, 13, 'ql-7167'),
(278, 2, 13, 'ql-7167'),
(278, 1, 13, 'ql-7167'),
(315, 3, 19, '2GB'),
(315, 2, 19, '2GB'),
(315, 1, 19, '2GB'),
(233, 2, 19, '10TB'),
(233, 3, 19, '10TB'),
(328, 3, 13, '迷彩灰白'),
(328, 2, 13, '迷彩灰白'),
(328, 1, 13, 'Camo Gray/White'),
(54, 3, 13, '绿色'),
(54, 2, 13, '綠色'),
(54, 1, 13, 'Green'),
(283, 3, 13, 'ql-7471'),
(283, 2, 13, 'ql-7471'),
(283, 1, 13, 'ql-7471'),
(306, 3, 13, '霜白/石墨铝'),
(306, 2, 13, '霜白/石墨鋁'),
(306, 1, 13, 'Frost White/Graphite Aluminum'),
(305, 3, 13, '黑色/石墨铝'),
(305, 2, 13, '黑色/石墨鋁'),
(305, 1, 13, 'Black/Graphite Aluminum'),
(307, 3, 13, '蓝灰/玫瑰金铝'),
(307, 2, 13, '藍灰/玫瑰金鋁'),
(307, 1, 13, 'Blue Gray/Rose Gold Aluminum'),
(251, 3, 13, 'Geo'),
(251, 2, 13, 'Geo'),
(251, 1, 13, 'Geo'),
(319, 3, 13, 'Rust'),
(339, 2, 25, '易潔內膽+不銹鋼內膽'),
(339, 1, 25, 'Not-Stick Pot + Stainless Steel Pot'),
(340, 3, 25, '易洁内胆'),
(340, 2, 25, '易潔內膽'),
(340, 1, 25, 'Easy Clean Not-Stick Inner Pot'),
(339, 3, 25, '易洁内胆+不锈钢内胆'),
(319, 2, 13, 'Rust'),
(319, 1, 13, 'Rust'),
(65, 2, 13, 'Lava'),
(65, 3, 13, 'Lava'),
(65, 1, 13, 'Lava'),
(197, 3, 13, 'Cream'),
(197, 2, 13, 'Cream'),
(197, 1, 13, 'Cream'),
(172, 3, 13, 'Stealth Green'),
(172, 2, 13, 'Stealth Green'),
(172, 1, 13, 'Stealth Green'),
(280, 3, 13, 'ql-7440'),
(280, 2, 13, 'ql-7440'),
(280, 1, 13, 'ql-7440'),
(271, 3, 13, 'Go Play'),
(271, 2, 13, 'Go Play'),
(271, 1, 13, 'Go Play'),
(69, 3, 13, 'Black Gunmetal Stainless Steel'),
(69, 2, 13, 'Black Gunmetal Stainless Steel'),
(69, 1, 13, 'Black Gunmetal Stainless Steel'),
(169, 3, 13, 'Sport Grey'),
(169, 2, 13, 'Sport Grey'),
(169, 1, 13, 'Sport Grey'),
(60, 3, 13, '金色'),
(60, 2, 13, '金色'),
(60, 1, 13, 'Gold'),
(191, 3, 13, '蓝/银'),
(191, 2, 13, '藍/銀'),
(191, 1, 13, 'Blue/Silver'),
(182, 3, 13, 'Grey/Lime Green'),
(182, 2, 13, 'Grey/Lime Green'),
(182, 1, 13, 'Grey/Lime Green'),
(63, 3, 13, 'White Nickel'),
(63, 2, 13, 'White Nickel'),
(63, 1, 13, 'White Nickel'),
(196, 3, 13, 'Color'),
(196, 2, 13, 'Color'),
(196, 1, 13, 'Color'),
(175, 3, 13, 'Ice'),
(175, 2, 13, 'Ice'),
(175, 1, 13, 'Ice'),
(327, 3, 13, '淺灰'),
(327, 2, 13, '淺灰'),
(327, 1, 13, 'Light Grey'),
(163, 3, 13, 'Navy/Tan'),
(163, 2, 13, 'Navy/Tan'),
(163, 1, 13, 'Navy/Tan'),
(200, 3, 13, 'Blue-Grey/White'),
(200, 2, 13, 'Blue-Grey/White'),
(200, 1, 13, 'Blue-Grey/White'),
(321, 3, 13, 'Coyote'),
(321, 2, 13, 'Coyote'),
(321, 1, 13, 'Coyote'),
(67, 3, 13, '钛黑'),
(67, 2, 13, '鈦黑'),
(67, 1, 13, 'Titanium Black'),
(181, 3, 13, 'Black/Gray'),
(181, 2, 13, 'Black/Gray'),
(181, 1, 13, 'Black/Gray'),
(107, 3, 13, 'Scandium'),
(107, 2, 13, 'Scandium'),
(107, 1, 13, 'Scandium'),
(248, 3, 13, '浅红'),
(248, 1, 13, 'Light Red'),
(248, 2, 13, '淺紅'),
(335, 2, 13, '天藍色'),
(335, 3, 13, '天蓝色'),
(55, 3, 13, 'Cyan'),
(335, 1, 13, 'Sky Blue'),
(55, 2, 13, 'Cyan'),
(55, 1, 13, 'Cyan'),
(195, 3, 13, '桃色'),
(195, 2, 13, '桃色'),
(195, 1, 13, 'Peach'),
(166, 3, 13, 'Cobalt Black'),
(166, 2, 13, 'Cobalt Black'),
(166, 1, 13, 'Cobalt Black'),
(173, 3, 13, 'Grey/White'),
(173, 2, 13, 'Grey/White'),
(173, 1, 13, 'Grey/White'),
(109, 3, 13, 'White Silver'),
(109, 2, 13, 'White Silver'),
(109, 1, 13, 'White Silver'),
(272, 3, 13, 'Very Serious'),
(272, 2, 13, 'Very Serious'),
(272, 1, 13, 'Very Serious'),
(180, 2, 13, 'Squad'),
(180, 3, 13, 'Squad'),
(180, 1, 13, 'Squad'),
(52, 3, 13, '橙色'),
(52, 2, 13, '橙色'),
(52, 1, 13, 'Orange'),
(170, 3, 13, 'Fit Fuchsia'),
(170, 2, 13, 'Fit Fuchsia'),
(170, 1, 13, 'Fit Fuchsia'),
(344, 3, 13, '黑色'),
(344, 2, 13, '黑色'),
(344, 1, 13, 'Black/Black'),
(284, 3, 13, 'ql-7617'),
(284, 2, 13, 'ql-7617'),
(284, 1, 13, 'ql-7617'),
(341, 3, 13, 'Leaf'),
(341, 2, 13, 'Leaf'),
(341, 1, 13, 'Leaf'),
(249, 3, 13, '浅绿色'),
(249, 2, 13, '淺綠色'),
(249, 1, 13, 'Light Green'),
(270, 3, 13, 'Woodland Hero'),
(270, 2, 13, 'Woodland Hero'),
(270, 1, 13, 'Woodland Hero'),
(358, 3, 13, '金属红'),
(358, 1, 13, 'Matellic Red'),
(358, 2, 13, '金屬紅'),
(201, 3, 13, 'Charcoal/Smoke Gray'),
(201, 2, 13, 'Charcoal/Smoke Gray'),
(201, 1, 13, 'Charcoal/Smoke Gray'),
(343, 2, 13, 'Ocean'),
(343, 3, 13, 'Ocean'),
(343, 1, 13, 'Ocean'),
(286, 2, 13, 'ql-7761'),
(286, 3, 13, 'ql-7761'),
(286, 1, 13, 'ql-7761'),
(268, 3, 13, 'Solar Flare'),
(268, 2, 13, 'Solar Flare'),
(268, 1, 13, 'Solar Flare'),
(219, 3, 13, 'Magenta'),
(219, 2, 13, 'Magenta'),
(219, 1, 13, 'Magenta'),
(210, 3, 13, '湖水绿'),
(210, 2, 13, '湖水綠'),
(210, 1, 13, 'Teal'),
(308, 3, 13, '薰衣草编织/玫瑰金铝'),
(308, 2, 13, '薰衣草編織/玫瑰金鋁'),
(269, 2, 13, 'Playbook'),
(308, 1, 13, 'Lavender Woven/Rose Gold Aluminum'),
(261, 2, 21, '2米'),
(261, 3, 21, '2米'),
(350, 1, 21, '3m'),
(350, 2, 21, '3米'),
(350, 3, 21, '3米'),
(351, 1, 21, '4m'),
(351, 2, 21, '4米'),
(351, 3, 21, '4米'),
(352, 1, 21, '5m'),
(352, 2, 21, '5米'),
(352, 3, 21, '5米'),
(353, 1, 21, '8m'),
(353, 2, 21, '8米'),
(353, 3, 21, '8米'),
(354, 1, 21, '10m'),
(354, 2, 21, '10米'),
(354, 3, 21, '10米'),
(355, 1, 21, '12m'),
(355, 2, 21, '12米'),
(355, 3, 21, '12米'),
(356, 1, 21, '15m'),
(356, 2, 21, '15米'),
(356, 3, 21, '15米'),
(357, 1, 21, '20m'),
(357, 2, 21, '20米'),
(357, 3, 21, '20米'),
(269, 3, 13, 'Playbook'),
(269, 1, 13, 'Playbook'),
(302, 3, 13, '粉色萌兔'),
(302, 2, 13, '粉紅萌兔'),
(302, 1, 13, 'Pink Mengtu'),
(51, 3, 13, '红色'),
(51, 2, 13, '紅色'),
(51, 1, 13, 'Red'),
(285, 3, 13, 'ql-7624'),
(285, 2, 13, 'ql-7624'),
(285, 1, 13, 'ql-7624'),
(253, 3, 13, 'Pyro Fade'),
(253, 2, 13, 'Pyro Fade'),
(253, 1, 13, 'Pyro Fade'),
(193, 3, 13, '褐色'),
(193, 2, 13, '褐色'),
(193, 1, 13, 'Brown'),
(301, 3, 13, '蓝色海螺'),
(301, 1, 13, 'Blue Hailuo'),
(301, 2, 13, '藍色海螺'),
(171, 3, 13, 'Black Core'),
(171, 2, 13, 'Black Core'),
(171, 1, 13, 'Black Core'),
(252, 3, 13, '深水藍'),
(252, 2, 13, '深水藍'),
(252, 1, 13, 'Deep Water Blue'),
(66, 3, 13, 'Titanium Red'),
(66, 2, 13, 'Titanium Red'),
(66, 1, 13, 'Titanium Red'),
(205, 3, 13, 'Coral'),
(205, 2, 13, 'Coral'),
(205, 1, 13, 'Coral'),
(59, 3, 13, '粉红'),
(59, 2, 13, '粉紅'),
(59, 1, 13, 'Pink'),
(303, 3, 13, '独角兽'),
(303, 2, 13, '獨角獸'),
(303, 1, 13, 'Unicorn'),
(218, 3, 13, '浅兰花'),
(218, 2, 13, '淺蘭花'),
(218, 1, 13, 'Light Orchid'),
(347, 3, 13, '黑粉红'),
(362, 1, 13, 'Sage Green'),
(362, 2, 13, 'Sage Green'),
(362, 3, 13, 'Sage Green'),
(363, 2, 26, '鋁'),
(363, 3, 26, '铝'),
(363, 1, 26, 'Aluminum'),
(364, 3, 26, '碳纤维'),
(364, 2, 26, '碳纖維'),
(364, 1, 26, 'Carbon Fiber');

-- --------------------------------------------------------

--
-- Table structure for table `order`
--

CREATE TABLE `order` (
  `order_id` int(11) NOT NULL,
  `invoice_no` int(11) NOT NULL DEFAULT 0,
  `invoice_prefix` varchar(26) NOT NULL,
  `weight` decimal(15,8) NOT NULL DEFAULT 0.00000000,
  `store_id` int(11) NOT NULL DEFAULT 0,
  `store_name` varchar(64) NOT NULL,
  `store_url` varchar(255) NOT NULL,
  `customer_id` int(11) NOT NULL DEFAULT 0,
  `customer_group_id` int(11) NOT NULL DEFAULT 0,
  `firstname` varchar(32) NOT NULL,
  `lastname` varchar(32) NOT NULL,
  `email` varchar(96) NOT NULL,
  `telephone` varchar(32) NOT NULL,
  `fax` varchar(32) NOT NULL,
  `custom_field` text NOT NULL,
  `payment_firstname` varchar(32) NOT NULL,
  `payment_lastname` varchar(32) NOT NULL,
  `payment_company` varchar(60) NOT NULL,
  `payment_address_1` varchar(128) NOT NULL,
  `payment_address_2` varchar(128) NOT NULL,
  `payment_city` varchar(128) NOT NULL,
  `payment_postcode` varchar(10) NOT NULL,
  `payment_country` varchar(128) NOT NULL,
  `payment_country_id` int(11) NOT NULL,
  `payment_zone` varchar(128) NOT NULL,
  `payment_zone_id` int(11) NOT NULL,
  `payment_address_format` text NOT NULL,
  `payment_custom_field` text NOT NULL,
  `payment_method` varchar(128) NOT NULL,
  `payment_code` varchar(128) NOT NULL,
  `shipping_firstname` varchar(32) NOT NULL,
  `shipping_lastname` varchar(32) NOT NULL,
  `shipping_company` varchar(40) NOT NULL,
  `shipping_address_1` varchar(128) NOT NULL,
  `shipping_address_2` varchar(128) NOT NULL,
  `shipping_city` varchar(128) NOT NULL,
  `shipping_postcode` varchar(10) NOT NULL,
  `shipping_country` varchar(128) NOT NULL,
  `shipping_country_id` int(11) NOT NULL,
  `shipping_zone` varchar(128) NOT NULL,
  `shipping_zone_id` int(11) NOT NULL,
  `shipping_address_format` text NOT NULL,
  `shipping_custom_field` text NOT NULL,
  `shipping_method` varchar(128) NOT NULL,
  `shipping_code` varchar(128) NOT NULL,
  `comment` text NOT NULL,
  `total` decimal(15,4) NOT NULL DEFAULT 0.0000,
  `order_status_id` int(11) NOT NULL DEFAULT 0,
  `affiliate_id` int(11) NOT NULL,
  `commission` decimal(15,4) NOT NULL,
  `marketing_id` int(11) NOT NULL,
  `tracking` varchar(64) NOT NULL,
  `language_id` int(11) NOT NULL,
  `currency_id` int(11) NOT NULL,
  `currency_code` varchar(3) NOT NULL,
  `currency_value` decimal(15,8) NOT NULL DEFAULT 1.00000000,
  `ip` varchar(40) NOT NULL,
  `forwarded_ip` varchar(40) NOT NULL,
  `user_agent` varchar(255) NOT NULL,
  `accept_language` varchar(255) NOT NULL,
  `date_added` datetime NOT NULL,
  `date_modified` datetime NOT NULL,
  `order_id_user` varchar(26) DEFAULT NULL,
  `order_prefix` varchar(26) DEFAULT NULL
) ENGINE=MyISAM DEFAULT CHARSET=utf8;

--
-- Dumping data for table `order`
--

INSERT INTO `order` (`order_id`, `invoice_no`, `invoice_prefix`, `weight`, `store_id`, `store_name`, `store_url`, `customer_id`, `customer_group_id`, `firstname`, `lastname`, `email`, `telephone`, `fax`, `custom_field`, `payment_firstname`, `payment_lastname`, `payment_company`, `payment_address_1`, `payment_address_2`, `payment_city`, `payment_postcode`, `payment_country`, `payment_country_id`, `payment_zone`, `payment_zone_id`, `payment_address_format`, `payment_custom_field`, `payment_method`, `payment_code`, `shipping_firstname`, `shipping_lastname`, `shipping_company`, `shipping_address_1`, `shipping_address_2`, `shipping_city`, `shipping_postcode`, `shipping_country`, `shipping_country_id`, `shipping_zone`, `shipping_zone_id`, `shipping_address_format`, `shipping_custom_field`, `shipping_method`, `shipping_code`, `comment`, `total`, `order_status_id`, `affiliate_id`, `commission`, `marketing_id`, `tracking`, `language_id`, `currency_id`, `currency_code`, `currency_value`, `ip`, `forwarded_ip`, `user_agent`, `accept_language`, `date_added`, `date_modified`, `order_id_user`, `order_prefix`) VALUES
(1, 0, 'INV-2021-00', 0.00000000, 0, 'ibizgift', 'https://www.cutieplant.com/', 0, 1, '', '', '', '', '', '{}', '', '', '', '', '', '', '', 'United Kingdom', 222, 'Lancashire', 3563, '', '[]', 'PayMe', 'xpayment1', '', '', '', '', '', '', '', 'United Kingdom', 222, 'Lancashire', 3563, '', '[]', 'e-Express Service to United Kingdom', 'ec_ship.0', '', 304.0000, 0, 0, 0.0000, 0, '', 1, 2, 'USD', 0.13300000, '218.255.174.107', '', 'Mozilla/5.0 (Windows NT 6.3; Win64; x64) AppleWebKit/537.36 (KHTML, like Gecko) Chrome/91.0.4472.124 Safari/537.36', 'en,en-US;q=0.9,zh-TW;q=0.8,zh;q=0.7,zh-CN;q=0.6', '2021-07-17 11:32:09', '2021-07-17 11:32:09', NULL, NULL),
(2, 0, 'INV-2021-00', 0.00000000, 0, 'ibizgift', 'https://www.cutieplant.com/', 0, 1, '', '', '', '', '', '{}', '', '', '', '', '', '', '', 'United Kingdom', 222, 'Lancashire', 3563, '', '[]', 'Cash On Delivery', 'cod', '', '', '', '', '', '', '', 'United Kingdom', 222, 'Lancashire', 3563, '', '[]', 'e-Express Service to United Kingdom', 'ec_ship.0', '', 304.0000, 0, 0, 0.0000, 0, '', 1, 2, 'USD', 0.13300000, '223.18.78.58', '', 'Mozilla/5.0 (Windows NT 10.0; Win64; x64) AppleWebKit/537.36 (KHTML, like Gecko) Chrome/91.0.4472.164 Safari/537.36', 'en,en-US;q=0.9,zh-TW;q=0.8,zh;q=0.7,zh-CN;q=0.6', '2021-07-17 12:05:34', '2021-07-17 12:05:34', NULL, NULL),
(3, 0, 'INV-2021-00', 0.00000000, 0, 'ibizgift', 'https://www.cutieplant.com/', 0, 1, '', '', '', '', '', '{}', '', '', '', '', '', '', '', 'United Kingdom', 222, 'Lancashire', 3563, '', '[]', '貨到付款', 'cod', '', '', '', '', '', '', '', 'United Kingdom', 222, 'Lancashire', 3563, '', '[]', 'e-Express Service to United Kingdom', 'ec_ship.0', '', 304.0000, 0, 0, 0.0000, 0, '', 2, 4, 'HKD', 1.00000000, '218.255.174.107', '', 'Mozilla/5.0 (Windows NT 10.0; Win64; x64) AppleWebKit/537.36 (KHTML, like Gecko) Chrome/91.0.4472.164 Safari/537.36', 'en,en-US;q=0.9,zh-TW;q=0.8,zh;q=0.7,zh-CN;q=0.6', '2021-07-17 16:27:00', '2021-07-17 16:27:00', NULL, NULL),
(4, 0, 'INV2021-00', 0.00000000, 0, 'ibizgift', 'https://www.cutieplant.com/', 0, 1, '', '', '', '', '', '{}', '', '', '', '', '', '', '', 'Hong Kong', 96, 'Eastern Hong Kong Island', 1411, '', '[]', '貨到付款', 'cod', '', '', '', '', '', '', '', 'Hong Kong', 96, 'Eastern Hong Kong Island', 1411, '', '[]', 'Local Parcel', 'ec_ship.2', '', 712.0000, 0, 0, 0.0000, 0, '', 2, 2, 'USD', 0.13300000, '218.255.174.107', '', 'Mozilla/5.0 (Windows NT 6.3; Win64; x64) AppleWebKit/537.36 (KHTML, like Gecko) Chrome/91.0.4472.124 Safari/537.36', 'en,en-US;q=0.9,zh-TW;q=0.8,zh;q=0.7,zh-CN;q=0.6', '2021-07-20 15:56:44', '2021-07-20 15:56:44', NULL, NULL),
(5, 0, 'INV2021-00', 0.00000000, 0, 'ibizgift', 'https://www.cutieplant.com/', 0, 1, '', '', '', '', '', '{}', '', '', '', '', '', '', '', 'Macau', 125, 'Cathedral Parish', 1936, '', '[]', 'Cash On Delivery', 'cod', '', '', '', '', '', '', '', 'Macau', 125, 'Cathedral Parish', 1936, '', '[]', 'SF Express Standard', 'xshippingpro.xshippingpro4', '', 144.0000, 0, 0, 0.0000, 0, '', 1, 4, 'HKD', 1.00000000, '218.255.174.107', '', 'Mozilla/5.0 (Windows NT 10.0; Win64; x64) AppleWebKit/537.36 (KHTML, like Gecko) Chrome/91.0.4472.164 Safari/537.36', 'en,en-US;q=0.9,zh-TW;q=0.8,zh;q=0.7,zh-CN;q=0.6', '2021-07-22 20:28:29', '2021-07-22 20:28:29', NULL, NULL),
(6, 0, 'INV2021-00', 0.00000000, 0, 'ibizgift', 'https://www.cutieplant.com/', 0, 1, '', '', '', '', '', '{}', '', '', '', '', '', '', '12', 'United Kingdom', 222, 'County Antrim', 3949, '', '[]', '貨到付款', 'cod', '', '', '', '', '', '', '12', 'United Kingdom', 222, 'County Antrim', 3949, '', '[]', 'UPS Express Saver 1-3天', 'xshippingpro.xshippingpro22', '', 428.6040, 0, 0, 0.0000, 0, '', 2, 4, 'HKD', 1.00000000, '218.255.174.107', '', 'Mozilla/5.0 (Windows NT 6.3; Win64; x64) AppleWebKit/537.36 (KHTML, like Gecko) Chrome/92.0.4515.107 Safari/537.36', 'en,en-US;q=0.9,zh-TW;q=0.8,zh;q=0.7,zh-CN;q=0.6', '2021-08-02 12:28:30', '2021-08-02 12:28:30', NULL, NULL),
(7, 0, 'INV2021-00', 0.00000000, 0, 'ibizgift', 'https://www.cutieplant.com/', 0, 1, '', '', '', '', '', '{}', '', '', '', '', '', '', '', 'Macau', 125, 'Our Lady Fatima Parish', 1933, '', '[]', 'Cash On Delivery', 'cod', '', '', '', '', '', '', '', 'Macau', 125, 'Our Lady Fatima Parish', 1933, '', '[]', 'SpeedPost (Standard Service)', 'ec_ship.2', '', 665.0000, 0, 0, 0.0000, 0, '', 1, 4, 'HKD', 1.00000000, '218.255.174.107', '', 'Mozilla/5.0 (Windows NT 10.0; Win64; x64) AppleWebKit/537.36 (KHTML, like Gecko) Chrome/92.0.4515.131 Safari/537.36', 'en,en-US;q=0.9,zh-TW;q=0.8,zh;q=0.7,zh-CN;q=0.6', '2021-08-09 22:58:47', '2021-08-09 22:58:47', NULL, NULL),
(8, 0, 'INV2021-00', 0.00000000, 0, 'ibizgift', 'https://www.cutieplant.com/', 0, 1, '', '', '', '', '', '{}', '', '', '', '', '', '', '', 'Hong Kong', 96, 'Tai Po New Territories', 1424, '', '[]', 'PayMe', 'xpayment1', '', '', '', '', '', '', '', 'Hong Kong', 96, 'Tai Po New Territories', 1424, '', '[]', 'Local Courier Post (Counter Collection)', 'ec_ship.1', '', 137.0000, 0, 0, 0.0000, 0, '', 1, 4, 'HKD', 1.00000000, '218.255.174.107', '', 'Mozilla/5.0 (Windows NT 6.3; Win64; x64) AppleWebKit/537.36 (KHTML, like Gecko) Chrome/92.0.4515.131 Safari/537.36', 'en,en-US;q=0.9,zh-TW;q=0.8,zh;q=0.7,zh-CN;q=0.6', '2021-08-12 17:28:50', '2021-08-12 17:28:50', NULL, NULL);

-- --------------------------------------------------------

--
-- Table structure for table `order_history`
--

CREATE TABLE `order_history` (
  `order_history_id` int(11) NOT NULL,
  `order_id` int(11) NOT NULL,
  `order_status_id` int(11) NOT NULL,
  `notify` tinyint(1) NOT NULL DEFAULT 0,
  `comment` text NOT NULL,
  `date_added` datetime NOT NULL
) ENGINE=MyISAM DEFAULT CHARSET=utf8;

-- --------------------------------------------------------

--
-- Table structure for table `order_option`
--

CREATE TABLE `order_option` (
  `order_option_id` int(11) NOT NULL,
  `order_id` int(11) NOT NULL,
  `order_product_id` int(11) NOT NULL,
  `product_option_id` int(11) NOT NULL,
  `product_option_value_id` int(11) NOT NULL DEFAULT 0,
  `name` varchar(255) NOT NULL,
  `value` text NOT NULL,
  `type` varchar(32) NOT NULL
) ENGINE=MyISAM DEFAULT CHARSET=utf8;

-- --------------------------------------------------------

--
-- Table structure for table `order_product`
--

CREATE TABLE `order_product` (
  `order_product_id` int(11) NOT NULL,
  `order_id` int(11) NOT NULL,
  `product_id` int(11) NOT NULL,
  `name` varchar(255) NOT NULL,
  `model` varchar(2000) DEFAULT NULL,
  `quantity` int(4) NOT NULL,
  `price` decimal(15,4) NOT NULL DEFAULT 0.0000,
  `total` decimal(15,4) NOT NULL DEFAULT 0.0000,
  `tax` decimal(15,4) NOT NULL DEFAULT 0.0000,
  `reward` int(8) NOT NULL
) ENGINE=MyISAM DEFAULT CHARSET=utf8;

--
-- Dumping data for table `order_product`
--

INSERT INTO `order_product` (`order_product_id`, `order_id`, `product_id`, `name`, `model`, `quantity`, `price`, `total`, `tax`, `reward`) VALUES
(34, 1, 48, 'iPod Classic', 'product 20', 1, 100.0000, 100.0000, 22.0000, 0),
(36, 2, 48, 'iPod Classic', 'product 20', 1, 100.0000, 100.0000, 22.0000, 0),
(38, 3, 48, 'iPod Classic', 'product 20', 1, 100.0000, 100.0000, 22.0000, 0),
(58, 4, 48, 'iPod Classic', 'product 20', 6, 100.0000, 600.0000, 0.0000, 0),
(64, 5, 48, 'iPod Classic', 'product 20', 1, 100.0000, 100.0000, 0.0000, 0),
(92, 6, 48, 'iPod Classic', 'product 20', 1, 100.0000, 100.0000, 22.0000, 0),
(93, 7, 48, 'iPod Classic', 'product 20', 4, 100.0000, 400.0000, 0.0000, 0),
(103, 8, 48, 'iPod Classic', 'product 20', 1, 100.0000, 100.0000, 0.0000, 0);

-- --------------------------------------------------------

--
-- Table structure for table `order_recurring`
--

CREATE TABLE `order_recurring` (
  `order_recurring_id` int(11) NOT NULL,
  `order_id` int(11) NOT NULL,
  `reference` varchar(255) NOT NULL,
  `product_id` int(11) NOT NULL,
  `product_name` varchar(255) NOT NULL,
  `product_quantity` int(11) NOT NULL,
  `recurring_id` int(11) NOT NULL,
  `recurring_name` varchar(255) NOT NULL,
  `recurring_description` varchar(255) NOT NULL,
  `recurring_frequency` varchar(25) NOT NULL,
  `recurring_cycle` smallint(6) NOT NULL,
  `recurring_duration` smallint(6) NOT NULL,
  `recurring_price` decimal(10,4) NOT NULL,
  `trial` tinyint(1) NOT NULL,
  `trial_frequency` varchar(25) NOT NULL,
  `trial_cycle` smallint(6) NOT NULL,
  `trial_duration` smallint(6) NOT NULL,
  `trial_price` decimal(10,4) NOT NULL,
  `status` tinyint(4) NOT NULL,
  `date_added` datetime NOT NULL
) ENGINE=MyISAM DEFAULT CHARSET=utf8;

-- --------------------------------------------------------

--
-- Table structure for table `order_recurring_transaction`
--

CREATE TABLE `order_recurring_transaction` (
  `order_recurring_transaction_id` int(11) NOT NULL,
  `order_recurring_id` int(11) NOT NULL,
  `reference` varchar(255) NOT NULL,
  `type` varchar(255) NOT NULL,
  `amount` decimal(10,4) NOT NULL,
  `date_added` datetime NOT NULL
) ENGINE=MyISAM DEFAULT CHARSET=utf8;

-- --------------------------------------------------------

--
-- Table structure for table `order_shipment`
--

CREATE TABLE `order_shipment` (
  `order_shipment_id` int(11) NOT NULL,
  `order_id` int(11) NOT NULL,
  `date_added` datetime NOT NULL,
  `shipping_courier_id` varchar(255) NOT NULL DEFAULT '',
  `tracking_number` varchar(255) NOT NULL DEFAULT ''
) ENGINE=MyISAM DEFAULT CHARSET=utf8;

-- --------------------------------------------------------

--
-- Table structure for table `order_status`
--

CREATE TABLE `order_status` (
  `order_status_id` int(11) NOT NULL,
  `language_id` int(11) NOT NULL,
  `name` varchar(32) NOT NULL
) ENGINE=MyISAM DEFAULT CHARSET=utf8;

--
-- Dumping data for table `order_status`
--

INSERT INTO `order_status` (`order_status_id`, `language_id`, `name`) VALUES
(2, 3, '处理中'),
(9, 3, '取消逆转'),
(11, 3, '已退款'),
(12, 1, 'Reversed'),
(15, 3, '已付款'),
(2, 2, '處理中'),
(3, 2, '已出貨'),
(7, 2, '交易取消'),
(5, 2, '交易完成'),
(8, 2, '交易拒絕'),
(9, 2, '取消逆轉'),
(10, 2, '交易失敗'),
(11, 2, '已退款'),
(12, 2, 'Reversed'),
(13, 2, '信用卡退款'),
(16, 2, '已作廢'),
(15, 2, '已付款'),
(14, 2, '交易過期'),
(2, 1, 'Processing'),
(3, 1, 'Shipped'),
(7, 1, 'Canceled'),
(5, 1, 'Complete'),
(8, 1, 'Denied'),
(9, 1, 'Canceled Reversal'),
(10, 1, 'Failed'),
(11, 1, 'Refunded'),
(12, 3, 'Reversed'),
(13, 1, 'Chargeback'),
(1, 1, 'Awaiting Payment'),
(16, 1, 'Voided'),
(15, 1, 'Paid'),
(14, 1, 'Expired'),
(1, 2, '等待付款'),
(1, 3, '等待付款'),
(3, 3, '已发货'),
(5, 3, '交易完成'),
(7, 3, '交易取消'),
(8, 3, '交易拒绝'),
(10, 3, '交易失败'),
(13, 3, '信用卡退款'),
(14, 3, '交易过期'),
(16, 3, '已作废');

-- --------------------------------------------------------

--
-- Table structure for table `order_total`
--

CREATE TABLE `order_total` (
  `order_total_id` int(10) NOT NULL,
  `order_id` int(11) NOT NULL,
  `code` varchar(32) NOT NULL,
  `title` varchar(255) NOT NULL,
  `value` decimal(15,4) NOT NULL DEFAULT 0.0000,
  `sort_order` int(3) NOT NULL
) ENGINE=MyISAM DEFAULT CHARSET=utf8;

--
-- Dumping data for table `order_total`
--

INSERT INTO `order_total` (`order_total_id`, `order_id`, `code`, `title`, `value`, `sort_order`) VALUES
(170, 1, 'total', 'Total', 304.0000, 9),
(169, 1, 'tax', 'VAT (20%)', 20.0000, 5),
(168, 1, 'tax', 'Eco Tax (-2.00)', 2.0000, 5),
(167, 1, 'shipping', 'e-Express Service to United Kingdom', 182.0000, 3),
(166, 1, 'sub_total', 'Sub-Total', 100.0000, 1),
(178, 2, 'tax', 'Eco Tax (-2.00)', 2.0000, 5),
(177, 2, 'shipping', 'e-Express Service to United Kingdom', 182.0000, 3),
(176, 2, 'sub_total', 'Sub-Total', 100.0000, 1),
(179, 2, 'tax', 'VAT (20%)', 20.0000, 5),
(180, 2, 'total', 'Total', 304.0000, 9),
(188, 3, 'tax', 'Eco Tax (-2.00)', 2.0000, 5),
(187, 3, 'shipping', 'e-Express Service to United Kingdom', 182.0000, 3),
(186, 3, 'sub_total', '商品總額', 100.0000, 1),
(189, 3, 'tax', 'VAT (20%)', 20.0000, 5),
(190, 3, 'total', '訂單總額', 304.0000, 9),
(290, 5, 'total', 'Total', 144.0000, 9),
(272, 4, 'total', '訂單總額', 712.0000, 9),
(271, 4, 'coupon', '優惠碼 (T1DBD2)', -18.0000, 4),
(270, 4, 'shipping', 'Local Parcel', 130.0000, 3),
(269, 4, 'sub_total', '商品總額', 600.0000, 1),
(288, 5, 'sub_total', 'Sub-Total', 100.0000, 1),
(289, 5, 'shipping', 'SF Express Standard', 44.0000, 3),
(425, 7, 'shipping', 'SpeedPost (Standard Service)', 265.0000, 3),
(424, 7, 'sub_total', 'Sub-Total', 400.0000, 1),
(423, 6, 'total', '訂單總額', 428.6040, 9),
(422, 6, 'xfeepro', 'Import VAT', 103.5240, 8),
(421, 6, 'shipping', 'UPS Express Saver 1-3天', 225.0800, 3),
(420, 6, 'sub_total', '商品總額', 100.0000, 1),
(426, 7, 'total', 'Total', 665.0000, 9),
(456, 8, 'total', 'Total', 137.0000, 9),
(454, 8, 'sub_total', 'Sub-Total', 100.0000, 1),
(455, 8, 'shipping', 'Local Courier Post (Counter Collection)', 37.0000, 3);

-- --------------------------------------------------------

--
-- Table structure for table `order_voucher`
--

CREATE TABLE `order_voucher` (
  `order_voucher_id` int(11) NOT NULL,
  `order_id` int(11) NOT NULL,
  `voucher_id` int(11) NOT NULL,
  `description` varchar(255) NOT NULL,
  `code` varchar(10) NOT NULL,
  `from_name` varchar(64) NOT NULL,
  `from_email` varchar(96) NOT NULL,
  `to_name` varchar(64) NOT NULL,
  `to_email` varchar(96) NOT NULL,
  `voucher_theme_id` int(11) NOT NULL,
  `message` text NOT NULL,
  `amount` decimal(15,4) NOT NULL
) ENGINE=MyISAM DEFAULT CHARSET=utf8;

-- --------------------------------------------------------

--
-- Table structure for table `product`
--

CREATE TABLE `product` (
  `product_id` int(11) NOT NULL,
  `model` varchar(64) NOT NULL,
  `sku` varchar(64) NOT NULL,
  `upc` varchar(12) NOT NULL,
  `ean` varchar(14) NOT NULL,
  `jan` varchar(13) NOT NULL,
  `isbn` varchar(17) NOT NULL,
  `mpn` varchar(64) NOT NULL,
  `location` varchar(128) NOT NULL,
  `quantity` int(4) NOT NULL DEFAULT 0,
  `stock_status_id` int(11) NOT NULL,
  `image` varchar(255) DEFAULT NULL,
  `manufacturer_id` int(11) NOT NULL,
  `shipping` tinyint(1) NOT NULL DEFAULT 1,
  `price` decimal(15,4) NOT NULL DEFAULT 0.0000,
  `points` int(8) NOT NULL DEFAULT 0,
  `tax_class_id` int(11) NOT NULL,
  `date_available` date DEFAULT NULL,
  `weight` decimal(15,8) NOT NULL DEFAULT 0.00000000,
  `weight_class_id` int(11) NOT NULL DEFAULT 0,
  `length` decimal(15,8) NOT NULL DEFAULT 0.00000000,
  `width` decimal(15,8) NOT NULL DEFAULT 0.00000000,
  `height` decimal(15,8) NOT NULL DEFAULT 0.00000000,
  `length_class_id` int(11) NOT NULL DEFAULT 0,
  `subtract` tinyint(1) NOT NULL DEFAULT 1,
  `minimum` int(11) NOT NULL DEFAULT 1,
  `sort_order` int(11) NOT NULL DEFAULT 0,
  `status` tinyint(1) NOT NULL DEFAULT 0,
  `viewed` int(5) NOT NULL DEFAULT 0,
  `date_added` datetime NOT NULL,
  `date_modified` datetime NOT NULL,
  `meta_robots` varchar(40) NOT NULL,
  `seo_canonical` varchar(32) NOT NULL
) ENGINE=MyISAM DEFAULT CHARSET=utf8;

--
-- Dumping data for table `product`
--

INSERT INTO `product` (`product_id`, `model`, `sku`, `upc`, `ean`, `jan`, `isbn`, `mpn`, `location`, `quantity`, `stock_status_id`, `image`, `manufacturer_id`, `shipping`, `price`, `points`, `tax_class_id`, `date_available`, `weight`, `weight_class_id`, `length`, `width`, `height`, `length_class_id`, `subtract`, `minimum`, `sort_order`, `status`, `viewed`, `date_added`, `date_modified`, `meta_robots`, `seo_canonical`) VALUES
(28, 'Product 1', '', '', '', '', '', '', '', 939, 7, 'catalog/demo/htc_touch_hd_1.jpg', 5, 1, 100.0000, 200, 9, '2009-02-03', 146.40000000, 2, 0.00000000, 0.00000000, 0.00000000, 1, 1, 1, 0, 1, 0, '2009-02-03 16:06:50', '2011-09-30 01:05:39', '', ''),
(30, 'Product 3', '', '', '', '', '', '', '', 7, 6, 'catalog/demo/canon_eos_5d_1.jpg', 9, 1, 100.0000, 0, 9, '2009-02-03', 0.00000000, 1, 0.00000000, 0.00000000, 0.00000000, 1, 1, 1, 0, 1, 2, '2009-02-03 16:59:00', '2021-08-13 21:39:23', '', ''),
(31, 'Product 4', '', '', '', '', '', '', '', 1000, 6, 'catalog/demo/nikon_d300_1.jpg', 0, 1, 80.0000, 0, 9, '2009-02-03', 0.00000000, 1, 0.00000000, 0.00000000, 0.00000000, 3, 1, 1, 0, 1, 0, '2009-02-03 17:00:10', '2011-09-30 01:06:00', '', ''),
(32, 'Product 5', '', '', '', '', '', '', '', 999, 6, 'catalog/demo/ipod_touch_1.jpg', 8, 1, 100.0000, 0, 9, '2009-02-03', 5.00000000, 1, 0.00000000, 0.00000000, 0.00000000, 1, 1, 1, 0, 1, 0, '2009-02-03 17:07:26', '2011-09-30 01:07:22', '', ''),
(33, 'Product 6', '', '', '', '', '', '', '', 1000, 6, 'catalog/demo/samsung_syncmaster_941bw.jpg', 0, 1, 200.0000, 0, 9, '2009-02-03', 5.00000000, 1, 0.00000000, 0.00000000, 0.00000000, 2, 1, 1, 0, 1, 1, '2009-02-03 17:08:31', '2011-09-30 01:06:29', '', ''),
(34, 'Product 7', '', '', '', '', '', '', '', 1000, 6, 'catalog/demo/ipod_shuffle_1.jpg', 8, 1, 100.0000, 0, 9, '2009-02-03', 5.00000000, 1, 0.00000000, 0.00000000, 0.00000000, 2, 1, 1, 0, 1, 0, '2009-02-03 18:07:54', '2011-09-30 01:07:17', '', ''),
(35, 'Product 8', '', '', '', '', '', '', '', 1000, 5, '', 0, 0, 100.0000, 0, 9, '2009-02-03', 5.00000000, 1, 0.00000000, 0.00000000, 0.00000000, 1, 1, 1, 0, 1, 0, '2009-02-03 18:08:31', '2011-09-30 01:06:17', '', ''),
(36, 'Product 9', '', '', '', '', '', '', '', 994, 6, 'catalog/demo/ipod_nano_1.jpg', 8, 0, 100.0000, 100, 9, '2009-02-03', 5.00000000, 1, 0.00000000, 0.00000000, 0.00000000, 2, 1, 1, 0, 1, 0, '2009-02-03 18:09:19', '2011-09-30 01:07:12', '', ''),
(40, 'product 11', '', '', '', '', '', '', '', 970, 5, 'catalog/demo/iphone_1.jpg', 8, 1, 101.0000, 0, 9, '2009-02-03', 10.00000000, 1, 0.00000000, 0.00000000, 0.00000000, 1, 1, 1, 0, 1, 0, '2009-02-03 21:07:12', '2011-09-30 01:06:53', '', ''),
(41, 'Product 14', '', '', '', '', '', '', '', 977, 5, 'catalog/demo/imac_1.jpg', 8, 1, 100.0000, 0, 9, '2009-02-03', 5.00000000, 1, 0.00000000, 0.00000000, 0.00000000, 1, 1, 1, 0, 1, 0, '2009-02-03 21:07:26', '2011-09-30 01:06:44', '', ''),
(42, 'Product 15', '', '', '', '', '', '', '', 990, 5, 'catalog/demo/apple_cinema_30.jpg', 8, 1, 100.0000, 400, 9, '2009-02-04', 12.50000000, 1, 1.00000000, 2.00000000, 3.00000000, 1, 1, 2, 0, 1, 2, '2009-02-03 21:07:37', '2021-08-13 21:39:31', '', ''),
(43, 'Product 16', '', '', '', '', '', '', '', 929, 5, 'catalog/demo/macbook_1.jpg', 8, 0, 500.0000, 0, 9, '2009-02-03', 0.00000000, 1, 0.00000000, 0.00000000, 0.00000000, 2, 1, 1, 0, 1, 0, '2009-02-03 21:07:49', '2011-09-30 01:05:46', '', ''),
(44, 'Product 17', '', '', '', '', '', '', '', 1000, 5, 'catalog/demo/macbook_air_1.jpg', 8, 1, 1000.0000, 0, 9, '2009-02-03', 0.00000000, 1, 0.00000000, 0.00000000, 0.00000000, 2, 1, 1, 0, 1, 0, '2009-02-03 21:08:00', '2011-09-30 01:05:53', '', ''),
(45, 'Product 18', '', '', '', '', '', '', '', 998, 5, 'catalog/demo/macbook_pro_1.jpg', 8, 1, 2000.0000, 0, 100, '2009-02-03', 0.00000000, 1, 0.00000000, 0.00000000, 0.00000000, 2, 1, 1, 0, 1, 1, '2009-02-03 21:08:17', '2011-09-15 22:22:01', '', ''),
(46, 'Product 19', '', '', '', '', '', '', '', 1000, 5, 'catalog/demo/sony_vaio_1.jpg', 10, 1, 1000.0000, 0, 9, '2009-02-03', 0.00000000, 1, 0.00000000, 0.00000000, 0.00000000, 2, 1, 1, 0, 1, 0, '2009-02-03 21:08:29', '2011-09-30 01:06:39', '', ''),
(47, 'Product 21', '', '', '', '', '', '', '', 1000, 5, 'catalog/demo/hp_1.jpg', 7, 1, 100.0000, 400, 9, '2009-02-03', 1.00000000, 1, 0.00000000, 0.00000000, 0.00000000, 1, 0, 1, 0, 1, 2, '2009-02-03 21:08:40', '2011-09-30 01:05:28', '', ''),
(48, 'product 20', 'test 1', '', '', '', '', '', 'test 2', 995, 5, 'catalog/demo/ipod_classic_1.jpg', 8, 1, 100.0000, 0, 9, '2009-02-08', 0.50000000, 1, 0.00000000, 0.00000000, 0.00000000, 2, 1, 1, 0, 1, 4, '2009-02-08 17:21:51', '2021-08-09 21:52:44', '', ''),
(49, 'SAM1', '', '', '', '', '', '', '', 0, 8, 'catalog/demo/samsung_tab_1.jpg', 0, 1, 199.9900, 0, 9, '2011-04-25', 0.00000000, 1, 0.00000000, 0.00000000, 0.00000000, 1, 1, 1, 1, 1, 3, '2011-04-26 08:57:34', '2011-09-30 01:06:23', '', '');

-- --------------------------------------------------------

--
-- Table structure for table `product_attribute`
--

CREATE TABLE `product_attribute` (
  `product_id` int(11) NOT NULL,
  `attribute_id` int(11) NOT NULL,
  `language_id` int(11) NOT NULL,
  `text` text NOT NULL
) ENGINE=MyISAM DEFAULT CHARSET=utf8;

--
-- Dumping data for table `product_attribute`
--

INSERT INTO `product_attribute` (`product_id`, `attribute_id`, `language_id`, `text`) VALUES
(43, 2, 1, '1'),
(47, 4, 1, '16GB'),
(43, 4, 1, '8gb'),
(42, 3, 1, '100mhz'),
(47, 2, 1, '4'),
(43, 2, 2, '1'),
(47, 4, 2, '16GB'),
(43, 4, 2, '8gb'),
(42, 3, 2, '100mhz'),
(47, 2, 2, '4'),
(43, 2, 3, '1'),
(47, 4, 3, '16GB'),
(43, 4, 3, '8gb'),
(42, 3, 3, '100mhz'),
(47, 2, 3, '4');

-- --------------------------------------------------------

--
-- Table structure for table `product_description`
--

CREATE TABLE `product_description` (
  `product_id` int(11) NOT NULL,
  `language_id` int(11) NOT NULL,
  `name` varchar(255) NOT NULL,
  `description` text NOT NULL,
  `tag` text NOT NULL,
  `meta_title` varchar(255) NOT NULL,
  `meta_description` varchar(255) NOT NULL,
  `meta_keyword` varchar(255) NOT NULL,
  `seo_keyword` varchar(255) NOT NULL,
  `seo_h1` varchar(255) NOT NULL,
  `seo_h2` varchar(255) NOT NULL,
  `seo_h3` varchar(255) NOT NULL,
  `image_title` varchar(255) NOT NULL,
  `image_alt` varchar(255) NOT NULL
) ENGINE=MyISAM DEFAULT CHARSET=utf8;

--
-- Dumping data for table `product_description`
--

INSERT INTO `product_description` (`product_id`, `language_id`, `name`, `description`, `tag`, `meta_title`, `meta_description`, `meta_keyword`, `seo_keyword`, `seo_h1`, `seo_h2`, `seo_h3`, `image_title`, `image_alt`) VALUES
(35, 1, 'Product 8', '&lt;p&gt;\r\n	Product 8&lt;/p&gt;\r\n', '', 'Product 8', '', '', '', '', '', '', '', ''),
(48, 3, 'iPod Classic', '&lt;div class=&quot;cpt_product_description &quot;&gt;\r\n&lt;div&gt;\r\n&lt;p&gt;&lt;strong&gt;More room to move.&lt;/strong&gt;&lt;/p&gt;\r\n\r\n&lt;p&gt;With 80GB or 160GB of storage and up to 40 hours of battery life, the new iPod classic lets you enjoy up to 40,000 songs or up to 200 hours of video or any combination wherever you go.&lt;/p&gt;\r\n\r\n&lt;p&gt;&lt;strong&gt;Cover Flow.&lt;/strong&gt;&lt;/p&gt;\r\n\r\n&lt;p&gt;Browse through your music collection by flipping through album art. Select an album to turn it over and see the track list.&lt;/p&gt;\r\n\r\n&lt;p&gt;&lt;strong&gt;Enhanced interface.&lt;/strong&gt;&lt;/p&gt;\r\n\r\n&lt;p&gt;Experience a whole new way to browse and view your music and video.&lt;/p&gt;\r\n\r\n&lt;p&gt;&lt;strong&gt;Sleeker design.&lt;/strong&gt;&lt;/p&gt;\r\n\r\n&lt;p&gt;Beautiful, durable, and sleeker than ever, iPod classic now features an anodized aluminum and polished stainless steel enclosure with rounded edges.&lt;/p&gt;\r\n&lt;/div&gt;\r\n&lt;/div&gt;\r\n&lt;!-- cpt_container_end --&gt;', '', 'iPod Classic', '', '', '', '', '', '', '', ''),
(40, 1, 'iPhone', '&lt;p class=&quot;intro&quot;&gt;\r\n	iPhone is a revolutionary new mobile phone that allows you to make a call by simply tapping a name or number in your address book, a favorites list, or a call log. It also automatically syncs all your contacts from a PC, Mac, or Internet service. And it lets you select and listen to voicemail messages in whatever order you want just like email.&lt;/p&gt;\r\n', '', 'iPhone', '', '', '', '', '', '', '', ''),
(28, 1, 'HTC Touch HD', '&lt;p&gt;\r\n	HTC Touch - in High Definition. Watch music videos and streaming content in awe-inspiring high definition clarity for a mobile experience you never thought possible. Seductively sleek, the HTC Touch HD provides the next generation of mobile functionality, all at a simple touch. Fully integrated with Windows Mobile Professional 6.1, ultrafast 3.5G, GPS, 5MP camera, plus lots more - all delivered on a breathtakingly crisp 3.8&amp;quot; WVGA touchscreen - you can take control of your mobile world with the HTC Touch HD.&lt;/p&gt;\r\n&lt;p&gt;\r\n	&lt;strong&gt;Features&lt;/strong&gt;&lt;/p&gt;\r\n&lt;ul&gt;\r\n	&lt;li&gt;\r\n		Processor Qualcomm&amp;reg; MSM 7201A&amp;trade; 528 MHz&lt;/li&gt;\r\n	&lt;li&gt;\r\n		Windows Mobile&amp;reg; 6.1 Professional Operating System&lt;/li&gt;\r\n	&lt;li&gt;\r\n		Memory: 512 MB ROM, 288 MB RAM&lt;/li&gt;\r\n	&lt;li&gt;\r\n		Dimensions: 115 mm x 62.8 mm x 12 mm / 146.4 grams&lt;/li&gt;\r\n	&lt;li&gt;\r\n		3.8-inch TFT-LCD flat touch-sensitive screen with 480 x 800 WVGA resolution&lt;/li&gt;\r\n	&lt;li&gt;\r\n		HSDPA/WCDMA: Europe/Asia: 900/2100 MHz; Up to 2 Mbps up-link and 7.2 Mbps down-link speeds&lt;/li&gt;\r\n	&lt;li&gt;\r\n		Quad-band GSM/GPRS/EDGE: Europe/Asia: 850/900/1800/1900 MHz (Band frequency, HSUPA availability, and data speed are operator dependent.)&lt;/li&gt;\r\n	&lt;li&gt;\r\n		Device Control via HTC TouchFLO&amp;trade; 3D &amp;amp; Touch-sensitive front panel buttons&lt;/li&gt;\r\n	&lt;li&gt;\r\n		GPS and A-GPS ready&lt;/li&gt;\r\n	&lt;li&gt;\r\n		Bluetooth&amp;reg; 2.0 with Enhanced Data Rate and A2DP for wireless stereo headsets&lt;/li&gt;\r\n	&lt;li&gt;\r\n		Wi-Fi&amp;reg;: IEEE 802.11 b/g&lt;/li&gt;\r\n	&lt;li&gt;\r\n		HTC ExtUSB&amp;trade; (11-pin mini-USB 2.0)&lt;/li&gt;\r\n	&lt;li&gt;\r\n		5 megapixel color camera with auto focus&lt;/li&gt;\r\n	&lt;li&gt;\r\n		VGA CMOS color camera&lt;/li&gt;\r\n	&lt;li&gt;\r\n		Built-in 3.5 mm audio jack, microphone, speaker, and FM radio&lt;/li&gt;\r\n	&lt;li&gt;\r\n		Ring tone formats: AAC, AAC+, eAAC+, AMR-NB, AMR-WB, QCP, MP3, WMA, WAV&lt;/li&gt;\r\n	&lt;li&gt;\r\n		40 polyphonic and standard MIDI format 0 and 1 (SMF)/SP MIDI&lt;/li&gt;\r\n	&lt;li&gt;\r\n		Rechargeable Lithium-ion or Lithium-ion polymer 1350 mAh battery&lt;/li&gt;\r\n	&lt;li&gt;\r\n		Expansion Slot: microSD&amp;trade; memory card (SD 2.0 compatible)&lt;/li&gt;\r\n	&lt;li&gt;\r\n		AC Adapter Voltage range/frequency: 100 ~ 240V AC, 50/60 Hz DC output: 5V and 1A&lt;/li&gt;\r\n	&lt;li&gt;\r\n		Special Features: FM Radio, G-Sensor&lt;/li&gt;\r\n&lt;/ul&gt;\r\n', '', '	 HTC Touch HD', '', '', '', '', '', '', '', ''),
(44, 1, 'MacBook Air', '&lt;div&gt;\r\n	MacBook Air is ultrathin, ultraportable, and ultra unlike anything else. But you don&amp;rsquo;t lose inches and pounds overnight. It&amp;rsquo;s the result of rethinking conventions. Of multiple wireless innovations. And of breakthrough design. With MacBook Air, mobile computing suddenly has a new standard.&lt;/div&gt;\r\n', '', 'MacBook Air', '', '', '', '', '', '', '', ''),
(45, 1, 'MacBook Pro', '&lt;div class=&quot;cpt_product_description &quot;&gt;\r\n	&lt;div&gt;\r\n		&lt;p&gt;\r\n			&lt;b&gt;Latest Intel mobile architecture&lt;/b&gt;&lt;/p&gt;\r\n		&lt;p&gt;\r\n			Powered by the most advanced mobile processors from Intel, the new Core 2 Duo MacBook Pro is over 50% faster than the original Core Duo MacBook Pro and now supports up to 4GB of RAM.&lt;/p&gt;\r\n		&lt;p&gt;\r\n			&lt;b&gt;Leading-edge graphics&lt;/b&gt;&lt;/p&gt;\r\n		&lt;p&gt;\r\n			The NVIDIA GeForce 8600M GT delivers exceptional graphics processing power. For the ultimate creative canvas, you can even configure the 17-inch model with a 1920-by-1200 resolution display.&lt;/p&gt;\r\n		&lt;p&gt;\r\n			&lt;b&gt;Designed for life on the road&lt;/b&gt;&lt;/p&gt;\r\n		&lt;p&gt;\r\n			Innovations such as a magnetic power connection and an illuminated keyboard with ambient light sensor put the MacBook Pro in a class by itself.&lt;/p&gt;\r\n		&lt;p&gt;\r\n			&lt;b&gt;Connect. Create. Communicate.&lt;/b&gt;&lt;/p&gt;\r\n		&lt;p&gt;\r\n			Quickly set up a video conference with the built-in iSight camera. Control presentations and media from up to 30 feet away with the included Apple Remote. Connect to high-bandwidth peripherals with FireWire 800 and DVI.&lt;/p&gt;\r\n		&lt;p&gt;\r\n			&lt;b&gt;Next-generation wireless&lt;/b&gt;&lt;/p&gt;\r\n		&lt;p&gt;\r\n			Featuring 802.11n wireless technology, the MacBook Pro delivers up to five times the performance and up to twice the range of previous-generation technologies.&lt;/p&gt;\r\n	&lt;/div&gt;\r\n&lt;/div&gt;\r\n&lt;!-- cpt_container_end --&gt;', '', 'MacBook Pro', '', '', '', '', '', '', '', ''),
(36, 1, 'iPod Nano', '&lt;div&gt;\r\n	&lt;p&gt;\r\n		&lt;strong&gt;Video in your pocket.&lt;/strong&gt;&lt;/p&gt;\r\n	&lt;p&gt;\r\n		Its the small iPod with one very big idea: video. The worlds most popular music player now lets you enjoy movies, TV shows, and more on a two-inch display thats 65% brighter than before.&lt;/p&gt;\r\n	&lt;p&gt;\r\n		&lt;strong&gt;Cover Flow.&lt;/strong&gt;&lt;/p&gt;\r\n	&lt;p&gt;\r\n		Browse through your music collection by flipping through album art. Select an album to turn it over and see the track list.&lt;strong&gt;&amp;nbsp;&lt;/strong&gt;&lt;/p&gt;\r\n	&lt;p&gt;\r\n		&lt;strong&gt;Enhanced interface.&lt;/strong&gt;&lt;/p&gt;\r\n	&lt;p&gt;\r\n		Experience a whole new way to browse and view your music and video.&lt;/p&gt;\r\n	&lt;p&gt;\r\n		&lt;strong&gt;Sleek and colorful.&lt;/strong&gt;&lt;/p&gt;\r\n	&lt;p&gt;\r\n		With an anodized aluminum and polished stainless steel enclosure and a choice of five colors, iPod nano is dressed to impress.&lt;/p&gt;\r\n	&lt;p&gt;\r\n		&lt;strong&gt;iTunes.&lt;/strong&gt;&lt;/p&gt;\r\n	&lt;p&gt;\r\n		Available as a free download, iTunes makes it easy to browse and buy millions of songs, movies, TV shows, audiobooks, and games and download free podcasts all at the iTunes Store. And you can import your own music, manage your whole media library, and sync your iPod or iPhone with ease.&lt;/p&gt;\r\n&lt;/div&gt;\r\n', '', 'iPod Nano', '', '', '', '', '', '', '', ''),
(46, 1, 'Sony VAIO', '&lt;div&gt;\r\n	Unprecedented power. The next generation of processing technology has arrived. Built into the newest VAIO notebooks lies Intel&amp;#39;s latest, most powerful innovation yet: Intel&amp;reg; Centrino&amp;reg; 2 processor technology. Boasting incredible speed, expanded wireless connectivity, enhanced multimedia support and greater energy efficiency, all the high-performance essentials are seamlessly combined into a single chip.&lt;/div&gt;\r\n', '', 'Sony VAIO', '', '', '', '', '', '', '', ''),
(47, 1, 'HP LP3065', '&lt;p&gt;\r\n	Stop your co-workers in their tracks with the stunning new 30-inch diagonal HP LP3065 Flat Panel Monitor. This flagship monitor features best-in-class performance and presentation features on a huge wide-aspect screen while letting you work as comfortably as possible - you might even forget you&amp;#39;re at the office&lt;/p&gt;\r\n', '', 'HP LP3065', '', '', '', '', '', '', '', ''),
(32, 1, 'iPod Touch', '&lt;p&gt;\r\n	&lt;strong&gt;Revolutionary multi-touch interface.&lt;/strong&gt;&lt;br /&gt;\r\n	iPod touch features the same multi-touch screen technology as iPhone. Pinch to zoom in on a photo. Scroll through your songs and videos with a flick. Flip through your library by album artwork with Cover Flow.&lt;/p&gt;\r\n&lt;p&gt;\r\n	&lt;strong&gt;Gorgeous 3.5-inch widescreen display.&lt;/strong&gt;&lt;br /&gt;\r\n	Watch your movies, TV shows, and photos come alive with bright, vivid color on the 320-by-480-pixel display.&lt;/p&gt;\r\n&lt;p&gt;\r\n	&lt;strong&gt;Music downloads straight from iTunes.&lt;/strong&gt;&lt;br /&gt;\r\n	Shop the iTunes Wi-Fi Music Store from anywhere with Wi-Fi.1 Browse or search to find the music youre looking for, preview it, and buy it with just a tap.&lt;/p&gt;\r\n&lt;p&gt;\r\n	&lt;strong&gt;Surf the web with Wi-Fi.&lt;/strong&gt;&lt;br /&gt;\r\n	Browse the web using Safari and watch YouTube videos on the first iPod with Wi-Fi built in&lt;br /&gt;\r\n	&amp;nbsp;&lt;/p&gt;\r\n', '', '	 iPod Touch', '', '', '', '', '', '', '', ''),
(41, 1, 'iMac', '&lt;div&gt;\r\n	Just when you thought iMac had everything, now there&acute;s even more. More powerful Intel Core 2 Duo processors. And more memory standard. Combine this with Mac OS X Leopard and iLife &acute;08, and it&acute;s more all-in-one than ever. iMac packs amazing performance into a stunningly slim space.&lt;/div&gt;\r\n', '', 'iMac', '', '', '', '', '', '', '', ''),
(33, 1, 'Samsung SyncMaster 941BW', '&lt;div&gt;\r\n	Imagine the advantages of going big without slowing down. The big 19&amp;quot; 941BW monitor combines wide aspect ratio with fast pixel response time, for bigger images, more room to work and crisp motion. In addition, the exclusive MagicBright 2, MagicColor and MagicTune technologies help deliver the ideal image in every situation, while sleek, narrow bezels and adjustable stands deliver style just the way you want it. With the Samsung 941BW widescreen analog/digital LCD monitor, it&amp;#39;s not hard to imagine.&lt;/div&gt;\r\n', '', 'Samsung SyncMaster 941BW', '', '', '', '', '', '', '', ''),
(34, 1, 'iPod Shuffle', '&lt;div&gt;\r\n	&lt;strong&gt;Born to be worn.&lt;/strong&gt;\r\n	&lt;p&gt;\r\n		Clip on the worlds most wearable music player and take up to 240 songs with you anywhere. Choose from five colors including four new hues to make your musical fashion statement.&lt;/p&gt;\r\n	&lt;p&gt;\r\n		&lt;strong&gt;Random meets rhythm.&lt;/strong&gt;&lt;/p&gt;\r\n	&lt;p&gt;\r\n		With iTunes autofill, iPod shuffle can deliver a new musical experience every time you sync. For more randomness, you can shuffle songs during playback with the slide of a switch.&lt;/p&gt;\r\n	&lt;strong&gt;Everything is easy.&lt;/strong&gt;\r\n	&lt;p&gt;\r\n		Charge and sync with the included USB dock. Operate the iPod shuffle controls with one hand. Enjoy up to 12 hours straight of skip-free music playback.&lt;/p&gt;\r\n&lt;/div&gt;\r\n', '', 'iPod Shuffle', '', '', '', '', '', '', '', ''),
(43, 1, 'MacBook', '&lt;div&gt;\r\n	&lt;p&gt;\r\n		&lt;b&gt;Intel Core 2 Duo processor&lt;/b&gt;&lt;/p&gt;\r\n	&lt;p&gt;\r\n		Powered by an Intel Core 2 Duo processor at speeds up to 2.16GHz, the new MacBook is the fastest ever.&lt;/p&gt;\r\n	&lt;p&gt;\r\n		&lt;b&gt;1GB memory, larger hard drives&lt;/b&gt;&lt;/p&gt;\r\n	&lt;p&gt;\r\n		The new MacBook now comes with 1GB of memory standard and larger hard drives for the entire line perfect for running more of your favorite applications and storing growing media collections.&lt;/p&gt;\r\n	&lt;p&gt;\r\n		&lt;b&gt;Sleek, 1.08-inch-thin design&lt;/b&gt;&lt;/p&gt;\r\n	&lt;p&gt;\r\n		MacBook makes it easy to hit the road thanks to its tough polycarbonate case, built-in wireless technologies, and innovative MagSafe Power Adapter that releases automatically if someone accidentally trips on the cord.&lt;/p&gt;\r\n	&lt;p&gt;\r\n		&lt;b&gt;Built-in iSight camera&lt;/b&gt;&lt;/p&gt;\r\n	&lt;p&gt;\r\n		Right out of the box, you can have a video chat with friends or family,2 record a video at your desk, or take fun pictures with Photo Booth&lt;/p&gt;\r\n&lt;/div&gt;\r\n', '', 'MacBook', '', '', '', '', '', '', '', ''),
(31, 1, 'Nikon D300', '&lt;div class=&quot;cpt_product_description &quot;&gt;\r\n	&lt;div&gt;\r\n		Engineered with pro-level features and performance, the 12.3-effective-megapixel D300 combines brand new technologies with advanced features inherited from Nikon&amp;#39;s newly announced D3 professional digital SLR camera to offer serious photographers remarkable performance combined with agility.&lt;br /&gt;\r\n		&lt;br /&gt;\r\n		Similar to the D3, the D300 features Nikon&amp;#39;s exclusive EXPEED Image Processing System that is central to driving the speed and processing power needed for many of the camera&amp;#39;s new features. The D300 features a new 51-point autofocus system with Nikon&amp;#39;s 3D Focus Tracking feature and two new LiveView shooting modes that allow users to frame a photograph using the camera&amp;#39;s high-resolution LCD monitor. The D300 shares a similar Scene Recognition System as is found in the D3; it promises to greatly enhance the accuracy of autofocus, autoexposure, and auto white balance by recognizing the subject or scene being photographed and applying this information to the calculations for the three functions.&lt;br /&gt;\r\n		&lt;br /&gt;\r\n		The D300 reacts with lightning speed, powering up in a mere 0.13 seconds and shooting with an imperceptible 45-millisecond shutter release lag time. The D300 is capable of shooting at a rapid six frames per second and can go as fast as eight frames per second when using the optional MB-D10 multi-power battery pack. In continuous bursts, the D300 can shoot up to 100 shots at full 12.3-megapixel resolution. (NORMAL-LARGE image setting, using a SanDisk Extreme IV 1GB CompactFlash card.)&lt;br /&gt;\r\n		&lt;br /&gt;\r\n		The D300 incorporates a range of innovative technologies and features that will significantly improve the accuracy, control, and performance photographers can get from their equipment. Its new Scene Recognition System advances the use of Nikon&amp;#39;s acclaimed 1,005-segment sensor to recognize colors and light patterns that help the camera determine the subject and the type of scene being photographed before a picture is taken. This information is used to improve the accuracy of autofocus, autoexposure, and auto white balance functions in the D300. For example, the camera can track moving subjects better and by identifying them, it can also automatically select focus points faster and with greater accuracy. It can also analyze highlights and more accurately determine exposure, as well as infer light sources to deliver more accurate white balance detection.&lt;/div&gt;\r\n&lt;/div&gt;\r\n&lt;!-- cpt_container_end --&gt;', '', 'Nikon D300', '', '', '', '', '', '', '', ''),
(49, 1, 'Samsung Galaxy Tab 10.1', '&lt;p&gt;\r\n	Samsung Galaxy Tab 10.1, is the world&amp;rsquo;s thinnest tablet, measuring 8.6 mm thickness, running with Android 3.0 Honeycomb OS on a 1GHz dual-core Tegra 2 processor, similar to its younger brother Samsung Galaxy Tab 8.9.&lt;/p&gt;\r\n&lt;p&gt;\r\n	Samsung Galaxy Tab 10.1 gives pure Android 3.0 experience, adding its new TouchWiz UX or TouchWiz 4.0 &amp;ndash; includes a live panel, which lets you to customize with different content, such as your pictures, bookmarks, and social feeds, sporting a 10.1 inches WXGA capacitive touch screen with 1280 x 800 pixels of resolution, equipped with 3 megapixel rear camera with LED flash and a 2 megapixel front camera, HSPA+ connectivity up to 21Mbps, 720p HD video recording capability, 1080p HD playback, DLNA support, Bluetooth 2.1, USB 2.0, gyroscope, Wi-Fi 802.11 a/b/g/n, micro-SD slot, 3.5mm headphone jack, and SIM slot, including the Samsung Stick &amp;ndash; a Bluetooth microphone that can be carried in a pocket like a pen and sound dock with powered subwoofer.&lt;/p&gt;\r\n&lt;p&gt;\r\n	Samsung Galaxy Tab 10.1 will come in 16GB / 32GB / 64GB verities and pre-loaded with Social Hub, Reader&amp;rsquo;s Hub, Music Hub and Samsung Mini Apps Tray &amp;ndash; which gives you access to more commonly used apps to help ease multitasking and it is capable of Adobe Flash Player 10.2, powered by 6860mAh battery that gives you 10hours of video-playback time.&amp;nbsp;&amp;auml;&amp;ouml;&lt;/p&gt;\r\n', '', 'Samsung Galaxy Tab 10.1', '', '', '', '', '', '', '', ''),
(35, 2, 'Product 8', '&lt;p&gt;\r\n	Product 8&lt;/p&gt;\r\n', '', 'Product 8', '', '', '', '', '', '', '', ''),
(48, 2, 'iPod Classic', '&lt;div class=&quot;cpt_product_description &quot;&gt;\r\n&lt;div&gt;\r\n&lt;p&gt;&lt;strong&gt;More room to move.&lt;/strong&gt;&lt;/p&gt;\r\n\r\n&lt;p&gt;With 80GB or 160GB of storage and up to 40 hours of battery life, the new iPod classic lets you enjoy up to 40,000 songs or up to 200 hours of video or any combination wherever you go.&lt;/p&gt;\r\n\r\n&lt;p&gt;&lt;strong&gt;Cover Flow.&lt;/strong&gt;&lt;/p&gt;\r\n\r\n&lt;p&gt;Browse through your music collection by flipping through album art. Select an album to turn it over and see the track list.&lt;/p&gt;\r\n\r\n&lt;p&gt;&lt;strong&gt;Enhanced interface.&lt;/strong&gt;&lt;/p&gt;\r\n\r\n&lt;p&gt;Experience a whole new way to browse and view your music and video.&lt;/p&gt;\r\n\r\n&lt;p&gt;&lt;strong&gt;Sleeker design.&lt;/strong&gt;&lt;/p&gt;\r\n\r\n&lt;p&gt;Beautiful, durable, and sleeker than ever, iPod classic now features an anodized aluminum and polished stainless steel enclosure with rounded edges.&lt;/p&gt;\r\n&lt;/div&gt;\r\n&lt;/div&gt;\r\n&lt;!-- cpt_container_end --&gt;', '', 'iPod Classic', '', '', '', '', '', '', '', ''),
(40, 2, 'iPhone', '&lt;p class=&quot;intro&quot;&gt;\r\n	iPhone is a revolutionary new mobile phone that allows you to make a call by simply tapping a name or number in your address book, a favorites list, or a call log. It also automatically syncs all your contacts from a PC, Mac, or Internet service. And it lets you select and listen to voicemail messages in whatever order you want just like email.&lt;/p&gt;\r\n', '', 'iPhone', '', '', '', '', '', '', '', ''),
(28, 2, 'HTC Touch HD', '&lt;p&gt;\r\n	HTC Touch - in High Definition. Watch music videos and streaming content in awe-inspiring high definition clarity for a mobile experience you never thought possible. Seductively sleek, the HTC Touch HD provides the next generation of mobile functionality, all at a simple touch. Fully integrated with Windows Mobile Professional 6.1, ultrafast 3.5G, GPS, 5MP camera, plus lots more - all delivered on a breathtakingly crisp 3.8&amp;quot; WVGA touchscreen - you can take control of your mobile world with the HTC Touch HD.&lt;/p&gt;\r\n&lt;p&gt;\r\n	&lt;strong&gt;Features&lt;/strong&gt;&lt;/p&gt;\r\n&lt;ul&gt;\r\n	&lt;li&gt;\r\n		Processor Qualcomm&amp;reg; MSM 7201A&amp;trade; 528 MHz&lt;/li&gt;\r\n	&lt;li&gt;\r\n		Windows Mobile&amp;reg; 6.1 Professional Operating System&lt;/li&gt;\r\n	&lt;li&gt;\r\n		Memory: 512 MB ROM, 288 MB RAM&lt;/li&gt;\r\n	&lt;li&gt;\r\n		Dimensions: 115 mm x 62.8 mm x 12 mm / 146.4 grams&lt;/li&gt;\r\n	&lt;li&gt;\r\n		3.8-inch TFT-LCD flat touch-sensitive screen with 480 x 800 WVGA resolution&lt;/li&gt;\r\n	&lt;li&gt;\r\n		HSDPA/WCDMA: Europe/Asia: 900/2100 MHz; Up to 2 Mbps up-link and 7.2 Mbps down-link speeds&lt;/li&gt;\r\n	&lt;li&gt;\r\n		Quad-band GSM/GPRS/EDGE: Europe/Asia: 850/900/1800/1900 MHz (Band frequency, HSUPA availability, and data speed are operator dependent.)&lt;/li&gt;\r\n	&lt;li&gt;\r\n		Device Control via HTC TouchFLO&amp;trade; 3D &amp;amp; Touch-sensitive front panel buttons&lt;/li&gt;\r\n	&lt;li&gt;\r\n		GPS and A-GPS ready&lt;/li&gt;\r\n	&lt;li&gt;\r\n		Bluetooth&amp;reg; 2.0 with Enhanced Data Rate and A2DP for wireless stereo headsets&lt;/li&gt;\r\n	&lt;li&gt;\r\n		Wi-Fi&amp;reg;: IEEE 802.11 b/g&lt;/li&gt;\r\n	&lt;li&gt;\r\n		HTC ExtUSB&amp;trade; (11-pin mini-USB 2.0)&lt;/li&gt;\r\n	&lt;li&gt;\r\n		5 megapixel color camera with auto focus&lt;/li&gt;\r\n	&lt;li&gt;\r\n		VGA CMOS color camera&lt;/li&gt;\r\n	&lt;li&gt;\r\n		Built-in 3.5 mm audio jack, microphone, speaker, and FM radio&lt;/li&gt;\r\n	&lt;li&gt;\r\n		Ring tone formats: AAC, AAC+, eAAC+, AMR-NB, AMR-WB, QCP, MP3, WMA, WAV&lt;/li&gt;\r\n	&lt;li&gt;\r\n		40 polyphonic and standard MIDI format 0 and 1 (SMF)/SP MIDI&lt;/li&gt;\r\n	&lt;li&gt;\r\n		Rechargeable Lithium-ion or Lithium-ion polymer 1350 mAh battery&lt;/li&gt;\r\n	&lt;li&gt;\r\n		Expansion Slot: microSD&amp;trade; memory card (SD 2.0 compatible)&lt;/li&gt;\r\n	&lt;li&gt;\r\n		AC Adapter Voltage range/frequency: 100 ~ 240V AC, 50/60 Hz DC output: 5V and 1A&lt;/li&gt;\r\n	&lt;li&gt;\r\n		Special Features: FM Radio, G-Sensor&lt;/li&gt;\r\n&lt;/ul&gt;\r\n', '', '	 HTC Touch HD', '', '', '', '', '', '', '', ''),
(44, 2, 'MacBook Air', '&lt;div&gt;\r\n	MacBook Air is ultrathin, ultraportable, and ultra unlike anything else. But you don&amp;rsquo;t lose inches and pounds overnight. It&amp;rsquo;s the result of rethinking conventions. Of multiple wireless innovations. And of breakthrough design. With MacBook Air, mobile computing suddenly has a new standard.&lt;/div&gt;\r\n', '', 'MacBook Air', '', '', '', '', '', '', '', ''),
(45, 2, 'MacBook Pro', '&lt;div class=&quot;cpt_product_description &quot;&gt;\r\n	&lt;div&gt;\r\n		&lt;p&gt;\r\n			&lt;b&gt;Latest Intel mobile architecture&lt;/b&gt;&lt;/p&gt;\r\n		&lt;p&gt;\r\n			Powered by the most advanced mobile processors from Intel, the new Core 2 Duo MacBook Pro is over 50% faster than the original Core Duo MacBook Pro and now supports up to 4GB of RAM.&lt;/p&gt;\r\n		&lt;p&gt;\r\n			&lt;b&gt;Leading-edge graphics&lt;/b&gt;&lt;/p&gt;\r\n		&lt;p&gt;\r\n			The NVIDIA GeForce 8600M GT delivers exceptional graphics processing power. For the ultimate creative canvas, you can even configure the 17-inch model with a 1920-by-1200 resolution display.&lt;/p&gt;\r\n		&lt;p&gt;\r\n			&lt;b&gt;Designed for life on the road&lt;/b&gt;&lt;/p&gt;\r\n		&lt;p&gt;\r\n			Innovations such as a magnetic power connection and an illuminated keyboard with ambient light sensor put the MacBook Pro in a class by itself.&lt;/p&gt;\r\n		&lt;p&gt;\r\n			&lt;b&gt;Connect. Create. Communicate.&lt;/b&gt;&lt;/p&gt;\r\n		&lt;p&gt;\r\n			Quickly set up a video conference with the built-in iSight camera. Control presentations and media from up to 30 feet away with the included Apple Remote. Connect to high-bandwidth peripherals with FireWire 800 and DVI.&lt;/p&gt;\r\n		&lt;p&gt;\r\n			&lt;b&gt;Next-generation wireless&lt;/b&gt;&lt;/p&gt;\r\n		&lt;p&gt;\r\n			Featuring 802.11n wireless technology, the MacBook Pro delivers up to five times the performance and up to twice the range of previous-generation technologies.&lt;/p&gt;\r\n	&lt;/div&gt;\r\n&lt;/div&gt;\r\n&lt;!-- cpt_container_end --&gt;', '', 'MacBook Pro', '', '', '', '', '', '', '', ''),
(36, 2, 'iPod Nano', '&lt;div&gt;\r\n	&lt;p&gt;\r\n		&lt;strong&gt;Video in your pocket.&lt;/strong&gt;&lt;/p&gt;\r\n	&lt;p&gt;\r\n		Its the small iPod with one very big idea: video. The worlds most popular music player now lets you enjoy movies, TV shows, and more on a two-inch display thats 65% brighter than before.&lt;/p&gt;\r\n	&lt;p&gt;\r\n		&lt;strong&gt;Cover Flow.&lt;/strong&gt;&lt;/p&gt;\r\n	&lt;p&gt;\r\n		Browse through your music collection by flipping through album art. Select an album to turn it over and see the track list.&lt;strong&gt;&amp;nbsp;&lt;/strong&gt;&lt;/p&gt;\r\n	&lt;p&gt;\r\n		&lt;strong&gt;Enhanced interface.&lt;/strong&gt;&lt;/p&gt;\r\n	&lt;p&gt;\r\n		Experience a whole new way to browse and view your music and video.&lt;/p&gt;\r\n	&lt;p&gt;\r\n		&lt;strong&gt;Sleek and colorful.&lt;/strong&gt;&lt;/p&gt;\r\n	&lt;p&gt;\r\n		With an anodized aluminum and polished stainless steel enclosure and a choice of five colors, iPod nano is dressed to impress.&lt;/p&gt;\r\n	&lt;p&gt;\r\n		&lt;strong&gt;iTunes.&lt;/strong&gt;&lt;/p&gt;\r\n	&lt;p&gt;\r\n		Available as a free download, iTunes makes it easy to browse and buy millions of songs, movies, TV shows, audiobooks, and games and download free podcasts all at the iTunes Store. And you can import your own music, manage your whole media library, and sync your iPod or iPhone with ease.&lt;/p&gt;\r\n&lt;/div&gt;\r\n', '', 'iPod Nano', '', '', '', '', '', '', '', ''),
(46, 2, 'Sony VAIO', '&lt;div&gt;\r\n	Unprecedented power. The next generation of processing technology has arrived. Built into the newest VAIO notebooks lies Intel&amp;#39;s latest, most powerful innovation yet: Intel&amp;reg; Centrino&amp;reg; 2 processor technology. Boasting incredible speed, expanded wireless connectivity, enhanced multimedia support and greater energy efficiency, all the high-performance essentials are seamlessly combined into a single chip.&lt;/div&gt;\r\n', '', 'Sony VAIO', '', '', '', '', '', '', '', ''),
(47, 2, 'HP LP3065', '&lt;p&gt;\r\n	Stop your co-workers in their tracks with the stunning new 30-inch diagonal HP LP3065 Flat Panel Monitor. This flagship monitor features best-in-class performance and presentation features on a huge wide-aspect screen while letting you work as comfortably as possible - you might even forget you&amp;#39;re at the office&lt;/p&gt;\r\n', '', 'HP LP3065', '', '', '', '', '', '', '', ''),
(32, 2, 'iPod Touch', '&lt;p&gt;\r\n	&lt;strong&gt;Revolutionary multi-touch interface.&lt;/strong&gt;&lt;br /&gt;\r\n	iPod touch features the same multi-touch screen technology as iPhone. Pinch to zoom in on a photo. Scroll through your songs and videos with a flick. Flip through your library by album artwork with Cover Flow.&lt;/p&gt;\r\n&lt;p&gt;\r\n	&lt;strong&gt;Gorgeous 3.5-inch widescreen display.&lt;/strong&gt;&lt;br /&gt;\r\n	Watch your movies, TV shows, and photos come alive with bright, vivid color on the 320-by-480-pixel display.&lt;/p&gt;\r\n&lt;p&gt;\r\n	&lt;strong&gt;Music downloads straight from iTunes.&lt;/strong&gt;&lt;br /&gt;\r\n	Shop the iTunes Wi-Fi Music Store from anywhere with Wi-Fi.1 Browse or search to find the music youre looking for, preview it, and buy it with just a tap.&lt;/p&gt;\r\n&lt;p&gt;\r\n	&lt;strong&gt;Surf the web with Wi-Fi.&lt;/strong&gt;&lt;br /&gt;\r\n	Browse the web using Safari and watch YouTube videos on the first iPod with Wi-Fi built in&lt;br /&gt;\r\n	&amp;nbsp;&lt;/p&gt;\r\n', '', '	 iPod Touch', '', '', '', '', '', '', '', ''),
(41, 2, 'iMac', '&lt;div&gt;\r\n	Just when you thought iMac had everything, now there&acute;s even more. More powerful Intel Core 2 Duo processors. And more memory standard. Combine this with Mac OS X Leopard and iLife &acute;08, and it&acute;s more all-in-one than ever. iMac packs amazing performance into a stunningly slim space.&lt;/div&gt;\r\n', '', 'iMac', '', '', '', '', '', '', '', ''),
(33, 2, 'Samsung SyncMaster 941BW', '&lt;div&gt;\r\n	Imagine the advantages of going big without slowing down. The big 19&amp;quot; 941BW monitor combines wide aspect ratio with fast pixel response time, for bigger images, more room to work and crisp motion. In addition, the exclusive MagicBright 2, MagicColor and MagicTune technologies help deliver the ideal image in every situation, while sleek, narrow bezels and adjustable stands deliver style just the way you want it. With the Samsung 941BW widescreen analog/digital LCD monitor, it&amp;#39;s not hard to imagine.&lt;/div&gt;\r\n', '', 'Samsung SyncMaster 941BW', '', '', '', '', '', '', '', ''),
(34, 2, 'iPod Shuffle', '&lt;div&gt;\r\n	&lt;strong&gt;Born to be worn.&lt;/strong&gt;\r\n	&lt;p&gt;\r\n		Clip on the worlds most wearable music player and take up to 240 songs with you anywhere. Choose from five colors including four new hues to make your musical fashion statement.&lt;/p&gt;\r\n	&lt;p&gt;\r\n		&lt;strong&gt;Random meets rhythm.&lt;/strong&gt;&lt;/p&gt;\r\n	&lt;p&gt;\r\n		With iTunes autofill, iPod shuffle can deliver a new musical experience every time you sync. For more randomness, you can shuffle songs during playback with the slide of a switch.&lt;/p&gt;\r\n	&lt;strong&gt;Everything is easy.&lt;/strong&gt;\r\n	&lt;p&gt;\r\n		Charge and sync with the included USB dock. Operate the iPod shuffle controls with one hand. Enjoy up to 12 hours straight of skip-free music playback.&lt;/p&gt;\r\n&lt;/div&gt;\r\n', '', 'iPod Shuffle', '', '', '', '', '', '', '', ''),
(43, 2, 'MacBook', '&lt;div&gt;\r\n	&lt;p&gt;\r\n		&lt;b&gt;Intel Core 2 Duo processor&lt;/b&gt;&lt;/p&gt;\r\n	&lt;p&gt;\r\n		Powered by an Intel Core 2 Duo processor at speeds up to 2.16GHz, the new MacBook is the fastest ever.&lt;/p&gt;\r\n	&lt;p&gt;\r\n		&lt;b&gt;1GB memory, larger hard drives&lt;/b&gt;&lt;/p&gt;\r\n	&lt;p&gt;\r\n		The new MacBook now comes with 1GB of memory standard and larger hard drives for the entire line perfect for running more of your favorite applications and storing growing media collections.&lt;/p&gt;\r\n	&lt;p&gt;\r\n		&lt;b&gt;Sleek, 1.08-inch-thin design&lt;/b&gt;&lt;/p&gt;\r\n	&lt;p&gt;\r\n		MacBook makes it easy to hit the road thanks to its tough polycarbonate case, built-in wireless technologies, and innovative MagSafe Power Adapter that releases automatically if someone accidentally trips on the cord.&lt;/p&gt;\r\n	&lt;p&gt;\r\n		&lt;b&gt;Built-in iSight camera&lt;/b&gt;&lt;/p&gt;\r\n	&lt;p&gt;\r\n		Right out of the box, you can have a video chat with friends or family,2 record a video at your desk, or take fun pictures with Photo Booth&lt;/p&gt;\r\n&lt;/div&gt;\r\n', '', 'MacBook', '', '', '', '', '', '', '', ''),
(31, 2, 'Nikon D300', '&lt;div class=&quot;cpt_product_description &quot;&gt;\r\n	&lt;div&gt;\r\n		Engineered with pro-level features and performance, the 12.3-effective-megapixel D300 combines brand new technologies with advanced features inherited from Nikon&amp;#39;s newly announced D3 professional digital SLR camera to offer serious photographers remarkable performance combined with agility.&lt;br /&gt;\r\n		&lt;br /&gt;\r\n		Similar to the D3, the D300 features Nikon&amp;#39;s exclusive EXPEED Image Processing System that is central to driving the speed and processing power needed for many of the camera&amp;#39;s new features. The D300 features a new 51-point autofocus system with Nikon&amp;#39;s 3D Focus Tracking feature and two new LiveView shooting modes that allow users to frame a photograph using the camera&amp;#39;s high-resolution LCD monitor. The D300 shares a similar Scene Recognition System as is found in the D3; it promises to greatly enhance the accuracy of autofocus, autoexposure, and auto white balance by recognizing the subject or scene being photographed and applying this information to the calculations for the three functions.&lt;br /&gt;\r\n		&lt;br /&gt;\r\n		The D300 reacts with lightning speed, powering up in a mere 0.13 seconds and shooting with an imperceptible 45-millisecond shutter release lag time. The D300 is capable of shooting at a rapid six frames per second and can go as fast as eight frames per second when using the optional MB-D10 multi-power battery pack. In continuous bursts, the D300 can shoot up to 100 shots at full 12.3-megapixel resolution. (NORMAL-LARGE image setting, using a SanDisk Extreme IV 1GB CompactFlash card.)&lt;br /&gt;\r\n		&lt;br /&gt;\r\n		The D300 incorporates a range of innovative technologies and features that will significantly improve the accuracy, control, and performance photographers can get from their equipment. Its new Scene Recognition System advances the use of Nikon&amp;#39;s acclaimed 1,005-segment sensor to recognize colors and light patterns that help the camera determine the subject and the type of scene being photographed before a picture is taken. This information is used to improve the accuracy of autofocus, autoexposure, and auto white balance functions in the D300. For example, the camera can track moving subjects better and by identifying them, it can also automatically select focus points faster and with greater accuracy. It can also analyze highlights and more accurately determine exposure, as well as infer light sources to deliver more accurate white balance detection.&lt;/div&gt;\r\n&lt;/div&gt;\r\n&lt;!-- cpt_container_end --&gt;', '', 'Nikon D300', '', '', '', '', '', '', '', ''),
(49, 2, 'Samsung Galaxy Tab 10.1', '&lt;p&gt;\r\n	Samsung Galaxy Tab 10.1, is the world&amp;rsquo;s thinnest tablet, measuring 8.6 mm thickness, running with Android 3.0 Honeycomb OS on a 1GHz dual-core Tegra 2 processor, similar to its younger brother Samsung Galaxy Tab 8.9.&lt;/p&gt;\r\n&lt;p&gt;\r\n	Samsung Galaxy Tab 10.1 gives pure Android 3.0 experience, adding its new TouchWiz UX or TouchWiz 4.0 &amp;ndash; includes a live panel, which lets you to customize with different content, such as your pictures, bookmarks, and social feeds, sporting a 10.1 inches WXGA capacitive touch screen with 1280 x 800 pixels of resolution, equipped with 3 megapixel rear camera with LED flash and a 2 megapixel front camera, HSPA+ connectivity up to 21Mbps, 720p HD video recording capability, 1080p HD playback, DLNA support, Bluetooth 2.1, USB 2.0, gyroscope, Wi-Fi 802.11 a/b/g/n, micro-SD slot, 3.5mm headphone jack, and SIM slot, including the Samsung Stick &amp;ndash; a Bluetooth microphone that can be carried in a pocket like a pen and sound dock with powered subwoofer.&lt;/p&gt;\r\n&lt;p&gt;\r\n	Samsung Galaxy Tab 10.1 will come in 16GB / 32GB / 64GB verities and pre-loaded with Social Hub, Reader&amp;rsquo;s Hub, Music Hub and Samsung Mini Apps Tray &amp;ndash; which gives you access to more commonly used apps to help ease multitasking and it is capable of Adobe Flash Player 10.2, powered by 6860mAh battery that gives you 10hours of video-playback time.&amp;nbsp;&amp;auml;&amp;ouml;&lt;/p&gt;\r\n', '', 'Samsung Galaxy Tab 10.1', '', '', '', '', '', '', '', ''),
(42, 1, 'Apple Cinema 30&quot;', '&lt;p&gt;&lt;font face=&quot;helvetica,geneva,arial&quot; size=&quot;2&quot;&gt;&lt;font face=&quot;Helvetica&quot; size=&quot;2&quot;&gt;The 30-inch Apple Cinema HD Display delivers an amazing 2560 x 1600 pixel resolution. Designed specifically for the creative professional, this display provides more space for easier access to all the tools and palettes needed to edit, format and composite your work. Combine this display with a Mac Pro, MacBook Pro, or PowerMac G5 and there\'s no limit to what you can achieve. &lt;/font&gt;&lt;br /&gt;\r\n&lt;br /&gt;\r\n&lt;font face=&quot;Helvetica&quot; size=&quot;2&quot;&gt;The Cinema HD features an active-matrix liquid crystal display that produces flicker-free images that deliver twice the brightness, twice the sharpness and twice the contrast ratio of a typical CRT display. Unlike other flat panels, it\'s designed with a pure digital interface to deliver distortion-free images that never need adjusting. With over 4 million digital pixels, the display is uniquely suited for scientific and technical applications such as visualizing molecular structures or analyzing geological data. &lt;/font&gt;&lt;br /&gt;\r\n&lt;br /&gt;\r\n&lt;font face=&quot;Helvetica&quot; size=&quot;2&quot;&gt;Offering accurate, brilliant color performance, the Cinema HD delivers up to 16.7 million colors across a wide gamut allowing you to see subtle nuances between colors from soft pastels to rich jewel tones. A wide viewing angle ensures uniform color from edge to edge. Apple\'s ColorSync technology allows you to create custom profiles to maintain consistent color onscreen and in print. The result: You can confidently use this display in all your color-critical applications. &lt;/font&gt;&lt;br /&gt;\r\n&lt;br /&gt;\r\n&lt;font face=&quot;Helvetica&quot; size=&quot;2&quot;&gt;Housed in a new aluminum design, the display has a very thin bezel that enhances visual accuracy. Each display features two FireWire 400 ports and two USB 2.0 ports, making attachment of desktop peripherals, such as iSight, iPod, digital and still cameras, hard drives, printers and scanners, even more accessible and convenient. Taking advantage of the much thinner and lighter footprint of an LCD, the new displays support the VESA (Video Electronics Standards Association) mounting interface standard. Customers with the optional Cinema Display VESA Mount Adapter kit gain the flexibility to mount their display in locations most appropriate for their work environment. &lt;/font&gt;&lt;br /&gt;\r\n&lt;br /&gt;\r\n&lt;font face=&quot;Helvetica&quot; size=&quot;2&quot;&gt;The Cinema HD features a single cable design with elegant breakout for the USB 2.0, FireWire 400 and a pure digital connection using the industry standard Digital Video Interface (DVI) interface. The DVI connection allows for a direct pure-digital connection.&lt;/font&gt;&lt;/font&gt;&lt;/p&gt;\r\n\r\n&lt;h3&gt;Features:&lt;/h3&gt;\r\n\r\n&lt;p&gt;Unrivaled display performance&lt;/p&gt;\r\n\r\n&lt;ul&gt;\r\n	&lt;li&gt;30-inch (viewable) active-matrix liquid crystal display provides breathtaking image quality and vivid, richly saturated color.&lt;/li&gt;\r\n	&lt;li&gt;Support for 2560-by-1600 pixel resolution for display of high definition still and video imagery.&lt;/li&gt;\r\n	&lt;li&gt;Wide-format design for simultaneous display of two full pages of text and graphics.&lt;/li&gt;\r\n	&lt;li&gt;Industry standard DVI connector for direct attachment to Mac- and Windows-based desktops and notebooks&lt;/li&gt;\r\n	&lt;li&gt;Incredibly wide (170 degree) horizontal and vertical viewing angle for maximum visibility and color performance.&lt;/li&gt;\r\n	&lt;li&gt;Lightning-fast pixel response for full-motion digital video playback.&lt;/li&gt;\r\n	&lt;li&gt;Support for 16.7 million saturated colors, for use in all graphics-intensive applications.&lt;/li&gt;\r\n&lt;/ul&gt;\r\n\r\n&lt;p&gt;Simple setup and operation&lt;/p&gt;\r\n\r\n&lt;ul&gt;\r\n	&lt;li&gt;Single cable with elegant breakout for connection to DVI, USB and FireWire ports&lt;/li&gt;\r\n	&lt;li&gt;Built-in two-port USB 2.0 hub for easy connection of desktop peripheral devices.&lt;/li&gt;\r\n	&lt;li&gt;Two FireWire 400 ports to support iSight and other desktop peripherals&lt;/li&gt;\r\n&lt;/ul&gt;\r\n\r\n&lt;p&gt;Sleek, elegant design&lt;/p&gt;\r\n\r\n&lt;ul&gt;\r\n	&lt;li&gt;Huge virtual workspace, very small footprint.&lt;/li&gt;\r\n	&lt;li&gt;Narrow Bezel design to minimize visual impact of using dual displays&lt;/li&gt;\r\n	&lt;li&gt;Unique hinge design for effortless adjustment&lt;/li&gt;\r\n	&lt;li&gt;Support for VESA mounting solutions (Apple Cinema Display VESA Mount Adapter sold separately)&lt;/li&gt;\r\n&lt;/ul&gt;\r\n\r\n&lt;h3&gt;Technical specifications&lt;/h3&gt;\r\n\r\n&lt;p&gt;&lt;b&gt;Screen size (diagonal viewable image size)&lt;/b&gt;&lt;/p&gt;\r\n\r\n&lt;ul&gt;\r\n	&lt;li&gt;Apple Cinema HD Display: 30 inches (29.7-inch viewable)&lt;/li&gt;\r\n&lt;/ul&gt;\r\n\r\n&lt;p&gt;&lt;b&gt;Screen type&lt;/b&gt;&lt;/p&gt;\r\n\r\n&lt;ul&gt;\r\n	&lt;li&gt;Thin film transistor (TFT) active-matrix liquid crystal display (AMLCD)&lt;/li&gt;\r\n&lt;/ul&gt;\r\n\r\n&lt;p&gt;&lt;b&gt;Resolutions&lt;/b&gt;&lt;/p&gt;\r\n\r\n&lt;ul&gt;\r\n	&lt;li&gt;2560 x 1600 pixels (optimum resolution)&lt;/li&gt;\r\n	&lt;li&gt;2048 x 1280&lt;/li&gt;\r\n	&lt;li&gt;1920 x 1200&lt;/li&gt;\r\n	&lt;li&gt;1280 x 800&lt;/li&gt;\r\n	&lt;li&gt;1024 x 640&lt;/li&gt;\r\n&lt;/ul&gt;\r\n\r\n&lt;p&gt;&lt;b&gt;Display colors (maximum)&lt;/b&gt;&lt;/p&gt;\r\n\r\n&lt;ul&gt;\r\n	&lt;li&gt;16.7 million&lt;/li&gt;\r\n&lt;/ul&gt;\r\n\r\n&lt;p&gt;&lt;b&gt;Viewing angle (typical)&lt;/b&gt;&lt;/p&gt;\r\n\r\n&lt;ul&gt;\r\n	&lt;li&gt;170° horizontal; 170° vertical&lt;/li&gt;\r\n&lt;/ul&gt;\r\n\r\n&lt;p&gt;&lt;b&gt;Brightness (typical)&lt;/b&gt;&lt;/p&gt;\r\n\r\n&lt;ul&gt;\r\n	&lt;li&gt;30-inch Cinema HD Display: 400 cd/m2&lt;/li&gt;\r\n&lt;/ul&gt;\r\n\r\n&lt;p&gt;&lt;b&gt;Contrast ratio (typical)&lt;/b&gt;&lt;/p&gt;\r\n\r\n&lt;ul&gt;\r\n	&lt;li&gt;700:1&lt;/li&gt;\r\n&lt;/ul&gt;\r\n\r\n&lt;p&gt;&lt;b&gt;Response time (typical)&lt;/b&gt;&lt;/p&gt;\r\n\r\n&lt;ul&gt;\r\n	&lt;li&gt;16 ms&lt;/li&gt;\r\n&lt;/ul&gt;\r\n\r\n&lt;p&gt;&lt;b&gt;Pixel pitch&lt;/b&gt;&lt;/p&gt;\r\n\r\n&lt;ul&gt;\r\n	&lt;li&gt;30-inch Cinema HD Display: 0.250 mm&lt;/li&gt;\r\n&lt;/ul&gt;\r\n\r\n&lt;p&gt;&lt;b&gt;Screen treatment&lt;/b&gt;&lt;/p&gt;\r\n\r\n&lt;ul&gt;\r\n	&lt;li&gt;Antiglare hardcoat&lt;/li&gt;\r\n&lt;/ul&gt;\r\n\r\n&lt;p&gt;&lt;b&gt;User controls (hardware and software)&lt;/b&gt;&lt;/p&gt;\r\n\r\n&lt;ul&gt;\r\n	&lt;li&gt;Display Power,&lt;/li&gt;\r\n	&lt;li&gt;System sleep, wake&lt;/li&gt;\r\n	&lt;li&gt;Brightness&lt;/li&gt;\r\n	&lt;li&gt;Monitor tilt&lt;/li&gt;\r\n&lt;/ul&gt;\r\n\r\n&lt;p&gt;&lt;b&gt;Connectors and cables&lt;/b&gt;&lt;br /&gt;\r\nCable&lt;/p&gt;\r\n\r\n&lt;ul&gt;\r\n	&lt;li&gt;DVI (Digital Visual Interface)&lt;/li&gt;\r\n	&lt;li&gt;FireWire 400&lt;/li&gt;\r\n	&lt;li&gt;USB 2.0&lt;/li&gt;\r\n	&lt;li&gt;DC power (24 V)&lt;/li&gt;\r\n&lt;/ul&gt;\r\n\r\n&lt;p&gt;Connectors&lt;/p&gt;\r\n\r\n&lt;ul&gt;\r\n	&lt;li&gt;Two-port, self-powered USB 2.0 hub&lt;/li&gt;\r\n	&lt;li&gt;Two FireWire 400 ports&lt;/li&gt;\r\n	&lt;li&gt;Kensington security port&lt;/li&gt;\r\n&lt;/ul&gt;\r\n\r\n&lt;p&gt;&lt;b&gt;VESA mount adapter&lt;/b&gt;&lt;br /&gt;\r\nRequires optional Cinema Display VESA Mount Adapter (M9649G/A)&lt;/p&gt;\r\n\r\n&lt;ul&gt;\r\n	&lt;li&gt;Compatible with VESA FDMI (MIS-D, 100, C) compliant mounting solutions&lt;/li&gt;\r\n&lt;/ul&gt;\r\n\r\n&lt;p&gt;&lt;b&gt;Electrical requirements&lt;/b&gt;&lt;/p&gt;\r\n\r\n&lt;ul&gt;\r\n	&lt;li&gt;Input voltage: 100-240 VAC 50-60Hz&lt;/li&gt;\r\n	&lt;li&gt;Maximum power when operating: 150W&lt;/li&gt;\r\n	&lt;li&gt;Energy saver mode: 3W or less&lt;/li&gt;\r\n&lt;/ul&gt;\r\n\r\n&lt;p&gt;&lt;b&gt;Environmental requirements&lt;/b&gt;&lt;/p&gt;\r\n\r\n&lt;ul&gt;\r\n	&lt;li&gt;Operating temperature: 50° to 95° F (10° to 35° C)&lt;/li&gt;\r\n	&lt;li&gt;Storage temperature: -40° to 116° F (-40° to 47° C)&lt;/li&gt;\r\n	&lt;li&gt;Operating humidity: 20% to 80% noncondensing&lt;/li&gt;\r\n	&lt;li&gt;Maximum operating altitude: 10,000 feet&lt;/li&gt;\r\n&lt;/ul&gt;\r\n\r\n&lt;p&gt;&lt;b&gt;Agency approvals&lt;/b&gt;&lt;/p&gt;\r\n\r\n&lt;ul&gt;\r\n	&lt;li&gt;FCC Part 15 Class B&lt;/li&gt;\r\n	&lt;li&gt;EN55022 Class B&lt;/li&gt;\r\n	&lt;li&gt;EN55024&lt;/li&gt;\r\n	&lt;li&gt;VCCI Class B&lt;/li&gt;\r\n	&lt;li&gt;AS/NZS 3548 Class B&lt;/li&gt;\r\n	&lt;li&gt;CNS 13438 Class B&lt;/li&gt;\r\n	&lt;li&gt;ICES-003 Class B&lt;/li&gt;\r\n	&lt;li&gt;ISO 13406 part 2&lt;/li&gt;\r\n	&lt;li&gt;MPR II&lt;/li&gt;\r\n	&lt;li&gt;IEC 60950&lt;/li&gt;\r\n	&lt;li&gt;UL 60950&lt;/li&gt;\r\n	&lt;li&gt;CSA 60950&lt;/li&gt;\r\n	&lt;li&gt;EN60950&lt;/li&gt;\r\n	&lt;li&gt;ENERGY STAR&lt;/li&gt;\r\n	&lt;li&gt;TCO \'03&lt;/li&gt;\r\n&lt;/ul&gt;\r\n\r\n&lt;p&gt;&lt;b&gt;Size and weight&lt;/b&gt;&lt;br /&gt;\r\n30-inch Apple Cinema HD Display&lt;/p&gt;\r\n\r\n&lt;ul&gt;\r\n	&lt;li&gt;Height: 21.3 inches (54.3 cm)&lt;/li&gt;\r\n	&lt;li&gt;Width: 27.2 inches (68.8 cm)&lt;/li&gt;\r\n	&lt;li&gt;Depth: 8.46 inches (21.5 cm)&lt;/li&gt;\r\n	&lt;li&gt;Weight: 27.5 pounds (12.5 kg)&lt;/li&gt;\r\n&lt;/ul&gt;\r\n\r\n&lt;div class=&quot;ckebs-grid&quot;&gt;\r\n&lt;div class=&quot;row row-1&quot;&gt;\r\n&lt;div class=&quot;col-md-6&quot;&gt;\r\n&lt;p&gt;&lt;b&gt;System Requirements&lt;/b&gt;&lt;/p&gt;\r\n\r\n&lt;ul&gt;\r\n	&lt;li&gt;Mac Pro, all graphic options&lt;/li&gt;\r\n	&lt;li&gt;MacBook Pro&lt;/li&gt;\r\n	&lt;li&gt;Power Mac G5 (PCI-X) with ATI Radeon 9650 or better or NVIDIA GeForce 6800 GT DDL or better&lt;/li&gt;\r\n	&lt;li&gt;Power Mac G5 (PCI Express), all graphics options&lt;/li&gt;\r\n	&lt;li&gt;PowerBook G4 with dual-link DVI support&lt;/li&gt;\r\n	&lt;li&gt;Windows PC and graphics card that supports DVI ports with dual-link digital bandwidth and VESA DDC standard for plug-and-play setup&lt;/li&gt;\r\n&lt;/ul&gt;\r\n&lt;/div&gt;\r\n\r\n&lt;div class=&quot;col-md-6&quot;&gt;&lt;a href=&quot;https://www.cutieplant.com/image/catalog/demo/product/thunderboltdisplay.jpg&quot;&gt;&lt;img alt=&quot;&quot; src=&quot;https://www.cutieplant.com/image/catalog/demo/product/thunderboltdisplay.jpg&quot; style=&quot;width: 900px; height: 629px;&quot; /&gt;&lt;/a&gt;&lt;/div&gt;\r\n&lt;/div&gt;\r\n&lt;/div&gt;\r\n\r\n&lt;p&gt;&amp;nbsp;&lt;/p&gt;\r\n\r\n&lt;ul&gt;\r\n&lt;/ul&gt;\r\n', '', 'Apple Cinema 30', '', '', '', '', '', '', '', ''),
(35, 3, 'Product 8', '&lt;p&gt;\r\n	Product 8&lt;/p&gt;\r\n', '', 'Product 8', '', '', '', '', '', '', '', ''),
(48, 1, 'iPod Classic', '&lt;div class=&quot;cpt_product_description &quot;&gt;\r\n&lt;div&gt;\r\n&lt;p&gt;&lt;strong&gt;More room to move.&lt;/strong&gt;&lt;/p&gt;\r\n\r\n&lt;p&gt;With 80GB or 160GB of storage and up to 40 hours of battery life, the new iPod classic lets you enjoy up to 40,000 songs or up to 200 hours of video or any combination wherever you go.&lt;/p&gt;\r\n\r\n&lt;p&gt;&lt;strong&gt;Cover Flow.&lt;/strong&gt;&lt;/p&gt;\r\n\r\n&lt;p&gt;Browse through your music collection by flipping through album art. Select an album to turn it over and see the track list.&lt;/p&gt;\r\n\r\n&lt;p&gt;&lt;strong&gt;Enhanced interface.&lt;/strong&gt;&lt;/p&gt;\r\n\r\n&lt;p&gt;Experience a whole new way to browse and view your music and video.&lt;/p&gt;\r\n\r\n&lt;p&gt;&lt;strong&gt;Sleeker design.&lt;/strong&gt;&lt;/p&gt;\r\n\r\n&lt;p&gt;Beautiful, durable, and sleeker than ever, iPod classic now features an anodized aluminum and polished stainless steel enclosure with rounded edges.&lt;/p&gt;\r\n&lt;/div&gt;\r\n&lt;/div&gt;\r\n&lt;!-- cpt_container_end --&gt;', '', 'iPod Classic', '', '', '', '', '', '', '', ''),
(40, 3, 'iPhone', '&lt;p class=&quot;intro&quot;&gt;\r\n	iPhone is a revolutionary new mobile phone that allows you to make a call by simply tapping a name or number in your address book, a favorites list, or a call log. It also automatically syncs all your contacts from a PC, Mac, or Internet service. And it lets you select and listen to voicemail messages in whatever order you want just like email.&lt;/p&gt;\r\n', '', 'iPhone', '', '', '', '', '', '', '', ''),
(28, 3, 'HTC Touch HD', '&lt;p&gt;\r\n	HTC Touch - in High Definition. Watch music videos and streaming content in awe-inspiring high definition clarity for a mobile experience you never thought possible. Seductively sleek, the HTC Touch HD provides the next generation of mobile functionality, all at a simple touch. Fully integrated with Windows Mobile Professional 6.1, ultrafast 3.5G, GPS, 5MP camera, plus lots more - all delivered on a breathtakingly crisp 3.8&amp;quot; WVGA touchscreen - you can take control of your mobile world with the HTC Touch HD.&lt;/p&gt;\r\n&lt;p&gt;\r\n	&lt;strong&gt;Features&lt;/strong&gt;&lt;/p&gt;\r\n&lt;ul&gt;\r\n	&lt;li&gt;\r\n		Processor Qualcomm&amp;reg; MSM 7201A&amp;trade; 528 MHz&lt;/li&gt;\r\n	&lt;li&gt;\r\n		Windows Mobile&amp;reg; 6.1 Professional Operating System&lt;/li&gt;\r\n	&lt;li&gt;\r\n		Memory: 512 MB ROM, 288 MB RAM&lt;/li&gt;\r\n	&lt;li&gt;\r\n		Dimensions: 115 mm x 62.8 mm x 12 mm / 146.4 grams&lt;/li&gt;\r\n	&lt;li&gt;\r\n		3.8-inch TFT-LCD flat touch-sensitive screen with 480 x 800 WVGA resolution&lt;/li&gt;\r\n	&lt;li&gt;\r\n		HSDPA/WCDMA: Europe/Asia: 900/2100 MHz; Up to 2 Mbps up-link and 7.2 Mbps down-link speeds&lt;/li&gt;\r\n	&lt;li&gt;\r\n		Quad-band GSM/GPRS/EDGE: Europe/Asia: 850/900/1800/1900 MHz (Band frequency, HSUPA availability, and data speed are operator dependent.)&lt;/li&gt;\r\n	&lt;li&gt;\r\n		Device Control via HTC TouchFLO&amp;trade; 3D &amp;amp; Touch-sensitive front panel buttons&lt;/li&gt;\r\n	&lt;li&gt;\r\n		GPS and A-GPS ready&lt;/li&gt;\r\n	&lt;li&gt;\r\n		Bluetooth&amp;reg; 2.0 with Enhanced Data Rate and A2DP for wireless stereo headsets&lt;/li&gt;\r\n	&lt;li&gt;\r\n		Wi-Fi&amp;reg;: IEEE 802.11 b/g&lt;/li&gt;\r\n	&lt;li&gt;\r\n		HTC ExtUSB&amp;trade; (11-pin mini-USB 2.0)&lt;/li&gt;\r\n	&lt;li&gt;\r\n		5 megapixel color camera with auto focus&lt;/li&gt;\r\n	&lt;li&gt;\r\n		VGA CMOS color camera&lt;/li&gt;\r\n	&lt;li&gt;\r\n		Built-in 3.5 mm audio jack, microphone, speaker, and FM radio&lt;/li&gt;\r\n	&lt;li&gt;\r\n		Ring tone formats: AAC, AAC+, eAAC+, AMR-NB, AMR-WB, QCP, MP3, WMA, WAV&lt;/li&gt;\r\n	&lt;li&gt;\r\n		40 polyphonic and standard MIDI format 0 and 1 (SMF)/SP MIDI&lt;/li&gt;\r\n	&lt;li&gt;\r\n		Rechargeable Lithium-ion or Lithium-ion polymer 1350 mAh battery&lt;/li&gt;\r\n	&lt;li&gt;\r\n		Expansion Slot: microSD&amp;trade; memory card (SD 2.0 compatible)&lt;/li&gt;\r\n	&lt;li&gt;\r\n		AC Adapter Voltage range/frequency: 100 ~ 240V AC, 50/60 Hz DC output: 5V and 1A&lt;/li&gt;\r\n	&lt;li&gt;\r\n		Special Features: FM Radio, G-Sensor&lt;/li&gt;\r\n&lt;/ul&gt;\r\n', '', '	 HTC Touch HD', '', '', '', '', '', '', '', '');
INSERT INTO `product_description` (`product_id`, `language_id`, `name`, `description`, `tag`, `meta_title`, `meta_description`, `meta_keyword`, `seo_keyword`, `seo_h1`, `seo_h2`, `seo_h3`, `image_title`, `image_alt`) VALUES
(44, 3, 'MacBook Air', '&lt;div&gt;\r\n	MacBook Air is ultrathin, ultraportable, and ultra unlike anything else. But you don&amp;rsquo;t lose inches and pounds overnight. It&amp;rsquo;s the result of rethinking conventions. Of multiple wireless innovations. And of breakthrough design. With MacBook Air, mobile computing suddenly has a new standard.&lt;/div&gt;\r\n', '', 'MacBook Air', '', '', '', '', '', '', '', ''),
(45, 3, 'MacBook Pro', '&lt;div class=&quot;cpt_product_description &quot;&gt;\r\n	&lt;div&gt;\r\n		&lt;p&gt;\r\n			&lt;b&gt;Latest Intel mobile architecture&lt;/b&gt;&lt;/p&gt;\r\n		&lt;p&gt;\r\n			Powered by the most advanced mobile processors from Intel, the new Core 2 Duo MacBook Pro is over 50% faster than the original Core Duo MacBook Pro and now supports up to 4GB of RAM.&lt;/p&gt;\r\n		&lt;p&gt;\r\n			&lt;b&gt;Leading-edge graphics&lt;/b&gt;&lt;/p&gt;\r\n		&lt;p&gt;\r\n			The NVIDIA GeForce 8600M GT delivers exceptional graphics processing power. For the ultimate creative canvas, you can even configure the 17-inch model with a 1920-by-1200 resolution display.&lt;/p&gt;\r\n		&lt;p&gt;\r\n			&lt;b&gt;Designed for life on the road&lt;/b&gt;&lt;/p&gt;\r\n		&lt;p&gt;\r\n			Innovations such as a magnetic power connection and an illuminated keyboard with ambient light sensor put the MacBook Pro in a class by itself.&lt;/p&gt;\r\n		&lt;p&gt;\r\n			&lt;b&gt;Connect. Create. Communicate.&lt;/b&gt;&lt;/p&gt;\r\n		&lt;p&gt;\r\n			Quickly set up a video conference with the built-in iSight camera. Control presentations and media from up to 30 feet away with the included Apple Remote. Connect to high-bandwidth peripherals with FireWire 800 and DVI.&lt;/p&gt;\r\n		&lt;p&gt;\r\n			&lt;b&gt;Next-generation wireless&lt;/b&gt;&lt;/p&gt;\r\n		&lt;p&gt;\r\n			Featuring 802.11n wireless technology, the MacBook Pro delivers up to five times the performance and up to twice the range of previous-generation technologies.&lt;/p&gt;\r\n	&lt;/div&gt;\r\n&lt;/div&gt;\r\n&lt;!-- cpt_container_end --&gt;', '', 'MacBook Pro', '', '', '', '', '', '', '', ''),
(42, 3, 'Apple Cinema 30&quot;', '&lt;p&gt;&lt;font face=&quot;helvetica,geneva,arial&quot; size=&quot;2&quot;&gt;&lt;font face=&quot;Helvetica&quot; size=&quot;2&quot;&gt;The 30-inch Apple Cinema HD Display delivers an amazing 2560 x 1600 pixel resolution. Designed specifically for the creative professional, this display provides more space for easier access to all the tools and palettes needed to edit, format and composite your work. Combine this display with a Mac Pro, MacBook Pro, or PowerMac G5 and there\'s no limit to what you can achieve. &lt;/font&gt;&lt;br /&gt;\r\n&lt;br /&gt;\r\n&lt;font face=&quot;Helvetica&quot; size=&quot;2&quot;&gt;The Cinema HD features an active-matrix liquid crystal display that produces flicker-free images that deliver twice the brightness, twice the sharpness and twice the contrast ratio of a typical CRT display. Unlike other flat panels, it\'s designed with a pure digital interface to deliver distortion-free images that never need adjusting. With over 4 million digital pixels, the display is uniquely suited for scientific and technical applications such as visualizing molecular structures or analyzing geological data. &lt;/font&gt;&lt;br /&gt;\r\n&lt;br /&gt;\r\n&lt;font face=&quot;Helvetica&quot; size=&quot;2&quot;&gt;Offering accurate, brilliant color performance, the Cinema HD delivers up to 16.7 million colors across a wide gamut allowing you to see subtle nuances between colors from soft pastels to rich jewel tones. A wide viewing angle ensures uniform color from edge to edge. Apple\'s ColorSync technology allows you to create custom profiles to maintain consistent color onscreen and in print. The result: You can confidently use this display in all your color-critical applications. &lt;/font&gt;&lt;br /&gt;\r\n&lt;br /&gt;\r\n&lt;font face=&quot;Helvetica&quot; size=&quot;2&quot;&gt;Housed in a new aluminum design, the display has a very thin bezel that enhances visual accuracy. Each display features two FireWire 400 ports and two USB 2.0 ports, making attachment of desktop peripherals, such as iSight, iPod, digital and still cameras, hard drives, printers and scanners, even more accessible and convenient. Taking advantage of the much thinner and lighter footprint of an LCD, the new displays support the VESA (Video Electronics Standards Association) mounting interface standard. Customers with the optional Cinema Display VESA Mount Adapter kit gain the flexibility to mount their display in locations most appropriate for their work environment. &lt;/font&gt;&lt;br /&gt;\r\n&lt;br /&gt;\r\n&lt;font face=&quot;Helvetica&quot; size=&quot;2&quot;&gt;The Cinema HD features a single cable design with elegant breakout for the USB 2.0, FireWire 400 and a pure digital connection using the industry standard Digital Video Interface (DVI) interface. The DVI connection allows for a direct pure-digital connection.&lt;/font&gt;&lt;/font&gt;&lt;/p&gt;\r\n\r\n&lt;h3&gt;Features:&lt;/h3&gt;\r\n\r\n&lt;p&gt;Unrivaled display performance&lt;/p&gt;\r\n\r\n&lt;ul&gt;\r\n	&lt;li&gt;30-inch (viewable) active-matrix liquid crystal display provides breathtaking image quality and vivid, richly saturated color.&lt;/li&gt;\r\n	&lt;li&gt;Support for 2560-by-1600 pixel resolution for display of high definition still and video imagery.&lt;/li&gt;\r\n	&lt;li&gt;Wide-format design for simultaneous display of two full pages of text and graphics.&lt;/li&gt;\r\n	&lt;li&gt;Industry standard DVI connector for direct attachment to Mac- and Windows-based desktops and notebooks&lt;/li&gt;\r\n	&lt;li&gt;Incredibly wide (170 degree) horizontal and vertical viewing angle for maximum visibility and color performance.&lt;/li&gt;\r\n	&lt;li&gt;Lightning-fast pixel response for full-motion digital video playback.&lt;/li&gt;\r\n	&lt;li&gt;Support for 16.7 million saturated colors, for use in all graphics-intensive applications.&lt;/li&gt;\r\n&lt;/ul&gt;\r\n\r\n&lt;p&gt;Simple setup and operation&lt;/p&gt;\r\n\r\n&lt;ul&gt;\r\n	&lt;li&gt;Single cable with elegant breakout for connection to DVI, USB and FireWire ports&lt;/li&gt;\r\n	&lt;li&gt;Built-in two-port USB 2.0 hub for easy connection of desktop peripheral devices.&lt;/li&gt;\r\n	&lt;li&gt;Two FireWire 400 ports to support iSight and other desktop peripherals&lt;/li&gt;\r\n&lt;/ul&gt;\r\n\r\n&lt;p&gt;Sleek, elegant design&lt;/p&gt;\r\n\r\n&lt;ul&gt;\r\n	&lt;li&gt;Huge virtual workspace, very small footprint.&lt;/li&gt;\r\n	&lt;li&gt;Narrow Bezel design to minimize visual impact of using dual displays&lt;/li&gt;\r\n	&lt;li&gt;Unique hinge design for effortless adjustment&lt;/li&gt;\r\n	&lt;li&gt;Support for VESA mounting solutions (Apple Cinema Display VESA Mount Adapter sold separately)&lt;/li&gt;\r\n&lt;/ul&gt;\r\n\r\n&lt;h3&gt;Technical specifications&lt;/h3&gt;\r\n\r\n&lt;p&gt;&lt;b&gt;Screen size (diagonal viewable image size)&lt;/b&gt;&lt;/p&gt;\r\n\r\n&lt;ul&gt;\r\n	&lt;li&gt;Apple Cinema HD Display: 30 inches (29.7-inch viewable)&lt;/li&gt;\r\n&lt;/ul&gt;\r\n\r\n&lt;p&gt;&lt;b&gt;Screen type&lt;/b&gt;&lt;/p&gt;\r\n\r\n&lt;ul&gt;\r\n	&lt;li&gt;Thin film transistor (TFT) active-matrix liquid crystal display (AMLCD)&lt;/li&gt;\r\n&lt;/ul&gt;\r\n\r\n&lt;p&gt;&lt;b&gt;Resolutions&lt;/b&gt;&lt;/p&gt;\r\n\r\n&lt;ul&gt;\r\n	&lt;li&gt;2560 x 1600 pixels (optimum resolution)&lt;/li&gt;\r\n	&lt;li&gt;2048 x 1280&lt;/li&gt;\r\n	&lt;li&gt;1920 x 1200&lt;/li&gt;\r\n	&lt;li&gt;1280 x 800&lt;/li&gt;\r\n	&lt;li&gt;1024 x 640&lt;/li&gt;\r\n&lt;/ul&gt;\r\n\r\n&lt;p&gt;&lt;b&gt;Display colors (maximum)&lt;/b&gt;&lt;/p&gt;\r\n\r\n&lt;ul&gt;\r\n	&lt;li&gt;16.7 million&lt;/li&gt;\r\n&lt;/ul&gt;\r\n\r\n&lt;p&gt;&lt;b&gt;Viewing angle (typical)&lt;/b&gt;&lt;/p&gt;\r\n\r\n&lt;ul&gt;\r\n	&lt;li&gt;170° horizontal; 170° vertical&lt;/li&gt;\r\n&lt;/ul&gt;\r\n\r\n&lt;p&gt;&lt;b&gt;Brightness (typical)&lt;/b&gt;&lt;/p&gt;\r\n\r\n&lt;ul&gt;\r\n	&lt;li&gt;30-inch Cinema HD Display: 400 cd/m2&lt;/li&gt;\r\n&lt;/ul&gt;\r\n\r\n&lt;p&gt;&lt;b&gt;Contrast ratio (typical)&lt;/b&gt;&lt;/p&gt;\r\n\r\n&lt;ul&gt;\r\n	&lt;li&gt;700:1&lt;/li&gt;\r\n&lt;/ul&gt;\r\n\r\n&lt;p&gt;&lt;b&gt;Response time (typical)&lt;/b&gt;&lt;/p&gt;\r\n\r\n&lt;ul&gt;\r\n	&lt;li&gt;16 ms&lt;/li&gt;\r\n&lt;/ul&gt;\r\n\r\n&lt;p&gt;&lt;b&gt;Pixel pitch&lt;/b&gt;&lt;/p&gt;\r\n\r\n&lt;ul&gt;\r\n	&lt;li&gt;30-inch Cinema HD Display: 0.250 mm&lt;/li&gt;\r\n&lt;/ul&gt;\r\n\r\n&lt;p&gt;&lt;b&gt;Screen treatment&lt;/b&gt;&lt;/p&gt;\r\n\r\n&lt;ul&gt;\r\n	&lt;li&gt;Antiglare hardcoat&lt;/li&gt;\r\n&lt;/ul&gt;\r\n\r\n&lt;p&gt;&lt;b&gt;User controls (hardware and software)&lt;/b&gt;&lt;/p&gt;\r\n\r\n&lt;ul&gt;\r\n	&lt;li&gt;Display Power,&lt;/li&gt;\r\n	&lt;li&gt;System sleep, wake&lt;/li&gt;\r\n	&lt;li&gt;Brightness&lt;/li&gt;\r\n	&lt;li&gt;Monitor tilt&lt;/li&gt;\r\n&lt;/ul&gt;\r\n\r\n&lt;p&gt;&lt;b&gt;Connectors and cables&lt;/b&gt;&lt;br /&gt;\r\nCable&lt;/p&gt;\r\n\r\n&lt;ul&gt;\r\n	&lt;li&gt;DVI (Digital Visual Interface)&lt;/li&gt;\r\n	&lt;li&gt;FireWire 400&lt;/li&gt;\r\n	&lt;li&gt;USB 2.0&lt;/li&gt;\r\n	&lt;li&gt;DC power (24 V)&lt;/li&gt;\r\n&lt;/ul&gt;\r\n\r\n&lt;p&gt;Connectors&lt;/p&gt;\r\n\r\n&lt;ul&gt;\r\n	&lt;li&gt;Two-port, self-powered USB 2.0 hub&lt;/li&gt;\r\n	&lt;li&gt;Two FireWire 400 ports&lt;/li&gt;\r\n	&lt;li&gt;Kensington security port&lt;/li&gt;\r\n&lt;/ul&gt;\r\n\r\n&lt;p&gt;&lt;b&gt;VESA mount adapter&lt;/b&gt;&lt;br /&gt;\r\nRequires optional Cinema Display VESA Mount Adapter (M9649G/A)&lt;/p&gt;\r\n\r\n&lt;ul&gt;\r\n	&lt;li&gt;Compatible with VESA FDMI (MIS-D, 100, C) compliant mounting solutions&lt;/li&gt;\r\n&lt;/ul&gt;\r\n\r\n&lt;p&gt;&lt;b&gt;Electrical requirements&lt;/b&gt;&lt;/p&gt;\r\n\r\n&lt;ul&gt;\r\n	&lt;li&gt;Input voltage: 100-240 VAC 50-60Hz&lt;/li&gt;\r\n	&lt;li&gt;Maximum power when operating: 150W&lt;/li&gt;\r\n	&lt;li&gt;Energy saver mode: 3W or less&lt;/li&gt;\r\n&lt;/ul&gt;\r\n\r\n&lt;p&gt;&lt;b&gt;Environmental requirements&lt;/b&gt;&lt;/p&gt;\r\n\r\n&lt;ul&gt;\r\n	&lt;li&gt;Operating temperature: 50° to 95° F (10° to 35° C)&lt;/li&gt;\r\n	&lt;li&gt;Storage temperature: -40° to 116° F (-40° to 47° C)&lt;/li&gt;\r\n	&lt;li&gt;Operating humidity: 20% to 80% noncondensing&lt;/li&gt;\r\n	&lt;li&gt;Maximum operating altitude: 10,000 feet&lt;/li&gt;\r\n&lt;/ul&gt;\r\n\r\n&lt;p&gt;&lt;b&gt;Agency approvals&lt;/b&gt;&lt;/p&gt;\r\n\r\n&lt;ul&gt;\r\n	&lt;li&gt;FCC Part 15 Class B&lt;/li&gt;\r\n	&lt;li&gt;EN55022 Class B&lt;/li&gt;\r\n	&lt;li&gt;EN55024&lt;/li&gt;\r\n	&lt;li&gt;VCCI Class B&lt;/li&gt;\r\n	&lt;li&gt;AS/NZS 3548 Class B&lt;/li&gt;\r\n	&lt;li&gt;CNS 13438 Class B&lt;/li&gt;\r\n	&lt;li&gt;ICES-003 Class B&lt;/li&gt;\r\n	&lt;li&gt;ISO 13406 part 2&lt;/li&gt;\r\n	&lt;li&gt;MPR II&lt;/li&gt;\r\n	&lt;li&gt;IEC 60950&lt;/li&gt;\r\n	&lt;li&gt;UL 60950&lt;/li&gt;\r\n	&lt;li&gt;CSA 60950&lt;/li&gt;\r\n	&lt;li&gt;EN60950&lt;/li&gt;\r\n	&lt;li&gt;ENERGY STAR&lt;/li&gt;\r\n	&lt;li&gt;TCO \'03&lt;/li&gt;\r\n&lt;/ul&gt;\r\n\r\n&lt;p&gt;&lt;b&gt;Size and weight&lt;/b&gt;&lt;br /&gt;\r\n30-inch Apple Cinema HD Display&lt;/p&gt;\r\n\r\n&lt;ul&gt;\r\n	&lt;li&gt;Height: 21.3 inches (54.3 cm)&lt;/li&gt;\r\n	&lt;li&gt;Width: 27.2 inches (68.8 cm)&lt;/li&gt;\r\n	&lt;li&gt;Depth: 8.46 inches (21.5 cm)&lt;/li&gt;\r\n	&lt;li&gt;Weight: 27.5 pounds (12.5 kg)&lt;/li&gt;\r\n&lt;/ul&gt;\r\n\r\n&lt;p&gt;&lt;b&gt;System Requirements&lt;/b&gt;&lt;/p&gt;\r\n\r\n&lt;ul&gt;\r\n	&lt;li&gt;Mac Pro, all graphic options&lt;/li&gt;\r\n	&lt;li&gt;MacBook Pro&lt;/li&gt;\r\n	&lt;li&gt;Power Mac G5 (PCI-X) with ATI Radeon 9650 or better or NVIDIA GeForce 6800 GT DDL or better&lt;/li&gt;\r\n	&lt;li&gt;Power Mac G5 (PCI Express), all graphics options&lt;/li&gt;\r\n	&lt;li&gt;PowerBook G4 with dual-link DVI support&lt;/li&gt;\r\n	&lt;li&gt;Windows PC and graphics card that supports DVI ports with dual-link digital bandwidth and VESA DDC standard for plug-and-play setup&lt;/li&gt;\r\n&lt;/ul&gt;\r\n', '', 'Apple Cinema 30', '', '', '', '', '', '', '', ''),
(36, 3, 'iPod Nano', '&lt;div&gt;\r\n	&lt;p&gt;\r\n		&lt;strong&gt;Video in your pocket.&lt;/strong&gt;&lt;/p&gt;\r\n	&lt;p&gt;\r\n		Its the small iPod with one very big idea: video. The worlds most popular music player now lets you enjoy movies, TV shows, and more on a two-inch display thats 65% brighter than before.&lt;/p&gt;\r\n	&lt;p&gt;\r\n		&lt;strong&gt;Cover Flow.&lt;/strong&gt;&lt;/p&gt;\r\n	&lt;p&gt;\r\n		Browse through your music collection by flipping through album art. Select an album to turn it over and see the track list.&lt;strong&gt;&amp;nbsp;&lt;/strong&gt;&lt;/p&gt;\r\n	&lt;p&gt;\r\n		&lt;strong&gt;Enhanced interface.&lt;/strong&gt;&lt;/p&gt;\r\n	&lt;p&gt;\r\n		Experience a whole new way to browse and view your music and video.&lt;/p&gt;\r\n	&lt;p&gt;\r\n		&lt;strong&gt;Sleek and colorful.&lt;/strong&gt;&lt;/p&gt;\r\n	&lt;p&gt;\r\n		With an anodized aluminum and polished stainless steel enclosure and a choice of five colors, iPod nano is dressed to impress.&lt;/p&gt;\r\n	&lt;p&gt;\r\n		&lt;strong&gt;iTunes.&lt;/strong&gt;&lt;/p&gt;\r\n	&lt;p&gt;\r\n		Available as a free download, iTunes makes it easy to browse and buy millions of songs, movies, TV shows, audiobooks, and games and download free podcasts all at the iTunes Store. And you can import your own music, manage your whole media library, and sync your iPod or iPhone with ease.&lt;/p&gt;\r\n&lt;/div&gt;\r\n', '', 'iPod Nano', '', '', '', '', '', '', '', ''),
(46, 3, 'Sony VAIO', '&lt;div&gt;\r\n	Unprecedented power. The next generation of processing technology has arrived. Built into the newest VAIO notebooks lies Intel&amp;#39;s latest, most powerful innovation yet: Intel&amp;reg; Centrino&amp;reg; 2 processor technology. Boasting incredible speed, expanded wireless connectivity, enhanced multimedia support and greater energy efficiency, all the high-performance essentials are seamlessly combined into a single chip.&lt;/div&gt;\r\n', '', 'Sony VAIO', '', '', '', '', '', '', '', ''),
(47, 3, 'HP LP3065', '&lt;p&gt;\r\n	Stop your co-workers in their tracks with the stunning new 30-inch diagonal HP LP3065 Flat Panel Monitor. This flagship monitor features best-in-class performance and presentation features on a huge wide-aspect screen while letting you work as comfortably as possible - you might even forget you&amp;#39;re at the office&lt;/p&gt;\r\n', '', 'HP LP3065', '', '', '', '', '', '', '', ''),
(32, 3, 'iPod Touch', '&lt;p&gt;\r\n	&lt;strong&gt;Revolutionary multi-touch interface.&lt;/strong&gt;&lt;br /&gt;\r\n	iPod touch features the same multi-touch screen technology as iPhone. Pinch to zoom in on a photo. Scroll through your songs and videos with a flick. Flip through your library by album artwork with Cover Flow.&lt;/p&gt;\r\n&lt;p&gt;\r\n	&lt;strong&gt;Gorgeous 3.5-inch widescreen display.&lt;/strong&gt;&lt;br /&gt;\r\n	Watch your movies, TV shows, and photos come alive with bright, vivid color on the 320-by-480-pixel display.&lt;/p&gt;\r\n&lt;p&gt;\r\n	&lt;strong&gt;Music downloads straight from iTunes.&lt;/strong&gt;&lt;br /&gt;\r\n	Shop the iTunes Wi-Fi Music Store from anywhere with Wi-Fi.1 Browse or search to find the music youre looking for, preview it, and buy it with just a tap.&lt;/p&gt;\r\n&lt;p&gt;\r\n	&lt;strong&gt;Surf the web with Wi-Fi.&lt;/strong&gt;&lt;br /&gt;\r\n	Browse the web using Safari and watch YouTube videos on the first iPod with Wi-Fi built in&lt;br /&gt;\r\n	&amp;nbsp;&lt;/p&gt;\r\n', '', '	 iPod Touch', '', '', '', '', '', '', '', ''),
(41, 3, 'iMac', '&lt;div&gt;\r\n	Just when you thought iMac had everything, now there&acute;s even more. More powerful Intel Core 2 Duo processors. And more memory standard. Combine this with Mac OS X Leopard and iLife &acute;08, and it&acute;s more all-in-one than ever. iMac packs amazing performance into a stunningly slim space.&lt;/div&gt;\r\n', '', 'iMac', '', '', '', '', '', '', '', ''),
(33, 3, 'Samsung SyncMaster 941BW', '&lt;div&gt;\r\n	Imagine the advantages of going big without slowing down. The big 19&amp;quot; 941BW monitor combines wide aspect ratio with fast pixel response time, for bigger images, more room to work and crisp motion. In addition, the exclusive MagicBright 2, MagicColor and MagicTune technologies help deliver the ideal image in every situation, while sleek, narrow bezels and adjustable stands deliver style just the way you want it. With the Samsung 941BW widescreen analog/digital LCD monitor, it&amp;#39;s not hard to imagine.&lt;/div&gt;\r\n', '', 'Samsung SyncMaster 941BW', '', '', '', '', '', '', '', ''),
(34, 3, 'iPod Shuffle', '&lt;div&gt;\r\n	&lt;strong&gt;Born to be worn.&lt;/strong&gt;\r\n	&lt;p&gt;\r\n		Clip on the worlds most wearable music player and take up to 240 songs with you anywhere. Choose from five colors including four new hues to make your musical fashion statement.&lt;/p&gt;\r\n	&lt;p&gt;\r\n		&lt;strong&gt;Random meets rhythm.&lt;/strong&gt;&lt;/p&gt;\r\n	&lt;p&gt;\r\n		With iTunes autofill, iPod shuffle can deliver a new musical experience every time you sync. For more randomness, you can shuffle songs during playback with the slide of a switch.&lt;/p&gt;\r\n	&lt;strong&gt;Everything is easy.&lt;/strong&gt;\r\n	&lt;p&gt;\r\n		Charge and sync with the included USB dock. Operate the iPod shuffle controls with one hand. Enjoy up to 12 hours straight of skip-free music playback.&lt;/p&gt;\r\n&lt;/div&gt;\r\n', '', 'iPod Shuffle', '', '', '', '', '', '', '', ''),
(43, 3, 'MacBook', '&lt;div&gt;\r\n	&lt;p&gt;\r\n		&lt;b&gt;Intel Core 2 Duo processor&lt;/b&gt;&lt;/p&gt;\r\n	&lt;p&gt;\r\n		Powered by an Intel Core 2 Duo processor at speeds up to 2.16GHz, the new MacBook is the fastest ever.&lt;/p&gt;\r\n	&lt;p&gt;\r\n		&lt;b&gt;1GB memory, larger hard drives&lt;/b&gt;&lt;/p&gt;\r\n	&lt;p&gt;\r\n		The new MacBook now comes with 1GB of memory standard and larger hard drives for the entire line perfect for running more of your favorite applications and storing growing media collections.&lt;/p&gt;\r\n	&lt;p&gt;\r\n		&lt;b&gt;Sleek, 1.08-inch-thin design&lt;/b&gt;&lt;/p&gt;\r\n	&lt;p&gt;\r\n		MacBook makes it easy to hit the road thanks to its tough polycarbonate case, built-in wireless technologies, and innovative MagSafe Power Adapter that releases automatically if someone accidentally trips on the cord.&lt;/p&gt;\r\n	&lt;p&gt;\r\n		&lt;b&gt;Built-in iSight camera&lt;/b&gt;&lt;/p&gt;\r\n	&lt;p&gt;\r\n		Right out of the box, you can have a video chat with friends or family,2 record a video at your desk, or take fun pictures with Photo Booth&lt;/p&gt;\r\n&lt;/div&gt;\r\n', '', 'MacBook', '', '', '', '', '', '', '', ''),
(31, 3, 'Nikon D300', '&lt;div class=&quot;cpt_product_description &quot;&gt;\r\n	&lt;div&gt;\r\n		Engineered with pro-level features and performance, the 12.3-effective-megapixel D300 combines brand new technologies with advanced features inherited from Nikon&amp;#39;s newly announced D3 professional digital SLR camera to offer serious photographers remarkable performance combined with agility.&lt;br /&gt;\r\n		&lt;br /&gt;\r\n		Similar to the D3, the D300 features Nikon&amp;#39;s exclusive EXPEED Image Processing System that is central to driving the speed and processing power needed for many of the camera&amp;#39;s new features. The D300 features a new 51-point autofocus system with Nikon&amp;#39;s 3D Focus Tracking feature and two new LiveView shooting modes that allow users to frame a photograph using the camera&amp;#39;s high-resolution LCD monitor. The D300 shares a similar Scene Recognition System as is found in the D3; it promises to greatly enhance the accuracy of autofocus, autoexposure, and auto white balance by recognizing the subject or scene being photographed and applying this information to the calculations for the three functions.&lt;br /&gt;\r\n		&lt;br /&gt;\r\n		The D300 reacts with lightning speed, powering up in a mere 0.13 seconds and shooting with an imperceptible 45-millisecond shutter release lag time. The D300 is capable of shooting at a rapid six frames per second and can go as fast as eight frames per second when using the optional MB-D10 multi-power battery pack. In continuous bursts, the D300 can shoot up to 100 shots at full 12.3-megapixel resolution. (NORMAL-LARGE image setting, using a SanDisk Extreme IV 1GB CompactFlash card.)&lt;br /&gt;\r\n		&lt;br /&gt;\r\n		The D300 incorporates a range of innovative technologies and features that will significantly improve the accuracy, control, and performance photographers can get from their equipment. Its new Scene Recognition System advances the use of Nikon&amp;#39;s acclaimed 1,005-segment sensor to recognize colors and light patterns that help the camera determine the subject and the type of scene being photographed before a picture is taken. This information is used to improve the accuracy of autofocus, autoexposure, and auto white balance functions in the D300. For example, the camera can track moving subjects better and by identifying them, it can also automatically select focus points faster and with greater accuracy. It can also analyze highlights and more accurately determine exposure, as well as infer light sources to deliver more accurate white balance detection.&lt;/div&gt;\r\n&lt;/div&gt;\r\n&lt;!-- cpt_container_end --&gt;', '', 'Nikon D300', '', '', '', '', '', '', '', ''),
(49, 3, 'Samsung Galaxy Tab 10.1', '&lt;p&gt;\r\n	Samsung Galaxy Tab 10.1, is the world&amp;rsquo;s thinnest tablet, measuring 8.6 mm thickness, running with Android 3.0 Honeycomb OS on a 1GHz dual-core Tegra 2 processor, similar to its younger brother Samsung Galaxy Tab 8.9.&lt;/p&gt;\r\n&lt;p&gt;\r\n	Samsung Galaxy Tab 10.1 gives pure Android 3.0 experience, adding its new TouchWiz UX or TouchWiz 4.0 &amp;ndash; includes a live panel, which lets you to customize with different content, such as your pictures, bookmarks, and social feeds, sporting a 10.1 inches WXGA capacitive touch screen with 1280 x 800 pixels of resolution, equipped with 3 megapixel rear camera with LED flash and a 2 megapixel front camera, HSPA+ connectivity up to 21Mbps, 720p HD video recording capability, 1080p HD playback, DLNA support, Bluetooth 2.1, USB 2.0, gyroscope, Wi-Fi 802.11 a/b/g/n, micro-SD slot, 3.5mm headphone jack, and SIM slot, including the Samsung Stick &amp;ndash; a Bluetooth microphone that can be carried in a pocket like a pen and sound dock with powered subwoofer.&lt;/p&gt;\r\n&lt;p&gt;\r\n	Samsung Galaxy Tab 10.1 will come in 16GB / 32GB / 64GB verities and pre-loaded with Social Hub, Reader&amp;rsquo;s Hub, Music Hub and Samsung Mini Apps Tray &amp;ndash; which gives you access to more commonly used apps to help ease multitasking and it is capable of Adobe Flash Player 10.2, powered by 6860mAh battery that gives you 10hours of video-playback time.&amp;nbsp;&amp;auml;&amp;ouml;&lt;/p&gt;\r\n', '', 'Samsung Galaxy Tab 10.1', '', '', '', '', '', '', '', ''),
(42, 2, 'Apple Cinema 30&quot;', '&lt;p&gt;&lt;font face=&quot;helvetica,geneva,arial&quot; size=&quot;2&quot;&gt;&lt;font face=&quot;Helvetica&quot; size=&quot;2&quot;&gt;The 30-inch Apple Cinema HD Display delivers an amazing 2560 x 1600 pixel resolution. Designed specifically for the creative professional, this display provides more space for easier access to all the tools and palettes needed to edit, format and composite your work. Combine this display with a Mac Pro, MacBook Pro, or PowerMac G5 and there\'s no limit to what you can achieve. &lt;/font&gt;&lt;br /&gt;\r\n&lt;br /&gt;\r\n&lt;font face=&quot;Helvetica&quot; size=&quot;2&quot;&gt;The Cinema HD features an active-matrix liquid crystal display that produces flicker-free images that deliver twice the brightness, twice the sharpness and twice the contrast ratio of a typical CRT display. Unlike other flat panels, it\'s designed with a pure digital interface to deliver distortion-free images that never need adjusting. With over 4 million digital pixels, the display is uniquely suited for scientific and technical applications such as visualizing molecular structures or analyzing geological data. &lt;/font&gt;&lt;br /&gt;\r\n&lt;br /&gt;\r\n&lt;font face=&quot;Helvetica&quot; size=&quot;2&quot;&gt;Offering accurate, brilliant color performance, the Cinema HD delivers up to 16.7 million colors across a wide gamut allowing you to see subtle nuances between colors from soft pastels to rich jewel tones. A wide viewing angle ensures uniform color from edge to edge. Apple\'s ColorSync technology allows you to create custom profiles to maintain consistent color onscreen and in print. The result: You can confidently use this display in all your color-critical applications. &lt;/font&gt;&lt;br /&gt;\r\n&lt;br /&gt;\r\n&lt;font face=&quot;Helvetica&quot; size=&quot;2&quot;&gt;Housed in a new aluminum design, the display has a very thin bezel that enhances visual accuracy. Each display features two FireWire 400 ports and two USB 2.0 ports, making attachment of desktop peripherals, such as iSight, iPod, digital and still cameras, hard drives, printers and scanners, even more accessible and convenient. Taking advantage of the much thinner and lighter footprint of an LCD, the new displays support the VESA (Video Electronics Standards Association) mounting interface standard. Customers with the optional Cinema Display VESA Mount Adapter kit gain the flexibility to mount their display in locations most appropriate for their work environment. &lt;/font&gt;&lt;br /&gt;\r\n&lt;br /&gt;\r\n&lt;font face=&quot;Helvetica&quot; size=&quot;2&quot;&gt;The Cinema HD features a single cable design with elegant breakout for the USB 2.0, FireWire 400 and a pure digital connection using the industry standard Digital Video Interface (DVI) interface. The DVI connection allows for a direct pure-digital connection.&lt;/font&gt;&lt;/font&gt;&lt;/p&gt;\r\n\r\n&lt;h3&gt;Features:&lt;/h3&gt;\r\n\r\n&lt;p&gt;Unrivaled display performance&lt;/p&gt;\r\n\r\n&lt;ul&gt;\r\n	&lt;li&gt;30-inch (viewable) active-matrix liquid crystal display provides breathtaking image quality and vivid, richly saturated color.&lt;/li&gt;\r\n	&lt;li&gt;Support for 2560-by-1600 pixel resolution for display of high definition still and video imagery.&lt;/li&gt;\r\n	&lt;li&gt;Wide-format design for simultaneous display of two full pages of text and graphics.&lt;/li&gt;\r\n	&lt;li&gt;Industry standard DVI connector for direct attachment to Mac- and Windows-based desktops and notebooks&lt;/li&gt;\r\n	&lt;li&gt;Incredibly wide (170 degree) horizontal and vertical viewing angle for maximum visibility and color performance.&lt;/li&gt;\r\n	&lt;li&gt;Lightning-fast pixel response for full-motion digital video playback.&lt;/li&gt;\r\n	&lt;li&gt;Support for 16.7 million saturated colors, for use in all graphics-intensive applications.&lt;/li&gt;\r\n&lt;/ul&gt;\r\n\r\n&lt;p&gt;Simple setup and operation&lt;/p&gt;\r\n\r\n&lt;ul&gt;\r\n	&lt;li&gt;Single cable with elegant breakout for connection to DVI, USB and FireWire ports&lt;/li&gt;\r\n	&lt;li&gt;Built-in two-port USB 2.0 hub for easy connection of desktop peripheral devices.&lt;/li&gt;\r\n	&lt;li&gt;Two FireWire 400 ports to support iSight and other desktop peripherals&lt;/li&gt;\r\n&lt;/ul&gt;\r\n\r\n&lt;p&gt;Sleek, elegant design&lt;/p&gt;\r\n\r\n&lt;ul&gt;\r\n	&lt;li&gt;Huge virtual workspace, very small footprint.&lt;/li&gt;\r\n	&lt;li&gt;Narrow Bezel design to minimize visual impact of using dual displays&lt;/li&gt;\r\n	&lt;li&gt;Unique hinge design for effortless adjustment&lt;/li&gt;\r\n	&lt;li&gt;Support for VESA mounting solutions (Apple Cinema Display VESA Mount Adapter sold separately)&lt;/li&gt;\r\n&lt;/ul&gt;\r\n\r\n&lt;h3&gt;Technical specifications&lt;/h3&gt;\r\n\r\n&lt;p&gt;&lt;b&gt;Screen size (diagonal viewable image size)&lt;/b&gt;&lt;/p&gt;\r\n\r\n&lt;ul&gt;\r\n	&lt;li&gt;Apple Cinema HD Display: 30 inches (29.7-inch viewable)&lt;/li&gt;\r\n&lt;/ul&gt;\r\n\r\n&lt;p&gt;&lt;b&gt;Screen type&lt;/b&gt;&lt;/p&gt;\r\n\r\n&lt;ul&gt;\r\n	&lt;li&gt;Thin film transistor (TFT) active-matrix liquid crystal display (AMLCD)&lt;/li&gt;\r\n&lt;/ul&gt;\r\n\r\n&lt;p&gt;&lt;b&gt;Resolutions&lt;/b&gt;&lt;/p&gt;\r\n\r\n&lt;ul&gt;\r\n	&lt;li&gt;2560 x 1600 pixels (optimum resolution)&lt;/li&gt;\r\n	&lt;li&gt;2048 x 1280&lt;/li&gt;\r\n	&lt;li&gt;1920 x 1200&lt;/li&gt;\r\n	&lt;li&gt;1280 x 800&lt;/li&gt;\r\n	&lt;li&gt;1024 x 640&lt;/li&gt;\r\n&lt;/ul&gt;\r\n\r\n&lt;p&gt;&lt;b&gt;Display colors (maximum)&lt;/b&gt;&lt;/p&gt;\r\n\r\n&lt;ul&gt;\r\n	&lt;li&gt;16.7 million&lt;/li&gt;\r\n&lt;/ul&gt;\r\n\r\n&lt;p&gt;&lt;b&gt;Viewing angle (typical)&lt;/b&gt;&lt;/p&gt;\r\n\r\n&lt;ul&gt;\r\n	&lt;li&gt;170° horizontal; 170° vertical&lt;/li&gt;\r\n&lt;/ul&gt;\r\n\r\n&lt;p&gt;&lt;b&gt;Brightness (typical)&lt;/b&gt;&lt;/p&gt;\r\n\r\n&lt;ul&gt;\r\n	&lt;li&gt;30-inch Cinema HD Display: 400 cd/m2&lt;/li&gt;\r\n&lt;/ul&gt;\r\n\r\n&lt;p&gt;&lt;b&gt;Contrast ratio (typical)&lt;/b&gt;&lt;/p&gt;\r\n\r\n&lt;ul&gt;\r\n	&lt;li&gt;700:1&lt;/li&gt;\r\n&lt;/ul&gt;\r\n\r\n&lt;p&gt;&lt;b&gt;Response time (typical)&lt;/b&gt;&lt;/p&gt;\r\n\r\n&lt;ul&gt;\r\n	&lt;li&gt;16 ms&lt;/li&gt;\r\n&lt;/ul&gt;\r\n\r\n&lt;p&gt;&lt;b&gt;Pixel pitch&lt;/b&gt;&lt;/p&gt;\r\n\r\n&lt;ul&gt;\r\n	&lt;li&gt;30-inch Cinema HD Display: 0.250 mm&lt;/li&gt;\r\n&lt;/ul&gt;\r\n\r\n&lt;p&gt;&lt;b&gt;Screen treatment&lt;/b&gt;&lt;/p&gt;\r\n\r\n&lt;ul&gt;\r\n	&lt;li&gt;Antiglare hardcoat&lt;/li&gt;\r\n&lt;/ul&gt;\r\n\r\n&lt;p&gt;&lt;b&gt;User controls (hardware and software)&lt;/b&gt;&lt;/p&gt;\r\n\r\n&lt;ul&gt;\r\n	&lt;li&gt;Display Power,&lt;/li&gt;\r\n	&lt;li&gt;System sleep, wake&lt;/li&gt;\r\n	&lt;li&gt;Brightness&lt;/li&gt;\r\n	&lt;li&gt;Monitor tilt&lt;/li&gt;\r\n&lt;/ul&gt;\r\n\r\n&lt;p&gt;&lt;b&gt;Connectors and cables&lt;/b&gt;&lt;br /&gt;\r\nCable&lt;/p&gt;\r\n\r\n&lt;ul&gt;\r\n	&lt;li&gt;DVI (Digital Visual Interface)&lt;/li&gt;\r\n	&lt;li&gt;FireWire 400&lt;/li&gt;\r\n	&lt;li&gt;USB 2.0&lt;/li&gt;\r\n	&lt;li&gt;DC power (24 V)&lt;/li&gt;\r\n&lt;/ul&gt;\r\n\r\n&lt;p&gt;Connectors&lt;/p&gt;\r\n\r\n&lt;ul&gt;\r\n	&lt;li&gt;Two-port, self-powered USB 2.0 hub&lt;/li&gt;\r\n	&lt;li&gt;Two FireWire 400 ports&lt;/li&gt;\r\n	&lt;li&gt;Kensington security port&lt;/li&gt;\r\n&lt;/ul&gt;\r\n\r\n&lt;p&gt;&lt;b&gt;VESA mount adapter&lt;/b&gt;&lt;br /&gt;\r\nRequires optional Cinema Display VESA Mount Adapter (M9649G/A)&lt;/p&gt;\r\n\r\n&lt;ul&gt;\r\n	&lt;li&gt;Compatible with VESA FDMI (MIS-D, 100, C) compliant mounting solutions&lt;/li&gt;\r\n&lt;/ul&gt;\r\n\r\n&lt;p&gt;&lt;b&gt;Electrical requirements&lt;/b&gt;&lt;/p&gt;\r\n\r\n&lt;ul&gt;\r\n	&lt;li&gt;Input voltage: 100-240 VAC 50-60Hz&lt;/li&gt;\r\n	&lt;li&gt;Maximum power when operating: 150W&lt;/li&gt;\r\n	&lt;li&gt;Energy saver mode: 3W or less&lt;/li&gt;\r\n&lt;/ul&gt;\r\n\r\n&lt;p&gt;&lt;b&gt;Environmental requirements&lt;/b&gt;&lt;/p&gt;\r\n\r\n&lt;ul&gt;\r\n	&lt;li&gt;Operating temperature: 50° to 95° F (10° to 35° C)&lt;/li&gt;\r\n	&lt;li&gt;Storage temperature: -40° to 116° F (-40° to 47° C)&lt;/li&gt;\r\n	&lt;li&gt;Operating humidity: 20% to 80% noncondensing&lt;/li&gt;\r\n	&lt;li&gt;Maximum operating altitude: 10,000 feet&lt;/li&gt;\r\n&lt;/ul&gt;\r\n\r\n&lt;p&gt;&lt;b&gt;Agency approvals&lt;/b&gt;&lt;/p&gt;\r\n\r\n&lt;ul&gt;\r\n	&lt;li&gt;FCC Part 15 Class B&lt;/li&gt;\r\n	&lt;li&gt;EN55022 Class B&lt;/li&gt;\r\n	&lt;li&gt;EN55024&lt;/li&gt;\r\n	&lt;li&gt;VCCI Class B&lt;/li&gt;\r\n	&lt;li&gt;AS/NZS 3548 Class B&lt;/li&gt;\r\n	&lt;li&gt;CNS 13438 Class B&lt;/li&gt;\r\n	&lt;li&gt;ICES-003 Class B&lt;/li&gt;\r\n	&lt;li&gt;ISO 13406 part 2&lt;/li&gt;\r\n	&lt;li&gt;MPR II&lt;/li&gt;\r\n	&lt;li&gt;IEC 60950&lt;/li&gt;\r\n	&lt;li&gt;UL 60950&lt;/li&gt;\r\n	&lt;li&gt;CSA 60950&lt;/li&gt;\r\n	&lt;li&gt;EN60950&lt;/li&gt;\r\n	&lt;li&gt;ENERGY STAR&lt;/li&gt;\r\n	&lt;li&gt;TCO \'03&lt;/li&gt;\r\n&lt;/ul&gt;\r\n\r\n&lt;p&gt;&lt;b&gt;Size and weight&lt;/b&gt;&lt;br /&gt;\r\n30-inch Apple Cinema HD Display&lt;/p&gt;\r\n\r\n&lt;ul&gt;\r\n	&lt;li&gt;Height: 21.3 inches (54.3 cm)&lt;/li&gt;\r\n	&lt;li&gt;Width: 27.2 inches (68.8 cm)&lt;/li&gt;\r\n	&lt;li&gt;Depth: 8.46 inches (21.5 cm)&lt;/li&gt;\r\n	&lt;li&gt;Weight: 27.5 pounds (12.5 kg)&lt;/li&gt;\r\n&lt;/ul&gt;\r\n\r\n&lt;p&gt;&lt;b&gt;System Requirements&lt;/b&gt;&lt;/p&gt;\r\n\r\n&lt;ul&gt;\r\n	&lt;li&gt;Mac Pro, all graphic options&lt;/li&gt;\r\n	&lt;li&gt;MacBook Pro&lt;/li&gt;\r\n	&lt;li&gt;Power Mac G5 (PCI-X) with ATI Radeon 9650 or better or NVIDIA GeForce 6800 GT DDL or better&lt;/li&gt;\r\n	&lt;li&gt;Power Mac G5 (PCI Express), all graphics options&lt;/li&gt;\r\n	&lt;li&gt;PowerBook G4 with dual-link DVI support&lt;/li&gt;\r\n	&lt;li&gt;Windows PC and graphics card that supports DVI ports with dual-link digital bandwidth and VESA DDC standard for plug-and-play setup&lt;/li&gt;\r\n&lt;/ul&gt;\r\n', '', 'Apple Cinema 30', '', '', '', '', '', '', '', ''),
(30, 1, 'Canon EOS 5D', '&lt;p&gt;Canon\'s press material for the EOS 5D states that it \'defines (a) new D-SLR category\', while we\'re not typically too concerned with marketing talk this particular statement is clearly pretty accurate. The EOS 5D is unlike any previous digital SLR in that it combines a full-frame (35 mm sized) high resolution sensor (12.8 megapixels) with a relatively compact body (slightly larger than the EOS 20D, although in your hand it feels noticeably \'chunkier\'). The EOS 5D is aimed to slot in between the EOS 20D and the EOS-1D professional digital SLR\'s, an important difference when compared to the latter is that the EOS 5D doesn\'t have any environmental seals. While Canon don\'t specifically refer to the EOS 5D as a \'professional\' digital SLR it will have obvious appeal to professionals who want a high quality digital SLR in a body lighter than the EOS-1D. It will also no doubt appeal to current EOS 20D owners (although lets hope they\'ve not bought too many EF-S lenses...) äë&lt;/p&gt;\r\n', '', 'sdf', '', '', '', '', '', '', '', ''),
(30, 2, 'Canon EOS 5D', '&lt;p&gt;Canon\'s press material for the EOS 5D states that it \'defines (a) new D-SLR category\', while we\'re not typically too concerned with marketing talk this particular statement is clearly pretty accurate. The EOS 5D is unlike any previous digital SLR in that it combines a full-frame (35 mm sized) high resolution sensor (12.8 megapixels) with a relatively compact body (slightly larger than the EOS 20D, although in your hand it feels noticeably \'chunkier\'). The EOS 5D is aimed to slot in between the EOS 20D and the EOS-1D professional digital SLR\'s, an important difference when compared to the latter is that the EOS 5D doesn\'t have any environmental seals. While Canon don\'t specifically refer to the EOS 5D as a \'professional\' digital SLR it will have obvious appeal to professionals who want a high quality digital SLR in a body lighter than the EOS-1D. It will also no doubt appeal to current EOS 20D owners (although lets hope they\'ve not bought too many EF-S lenses...) äë&lt;/p&gt;\r\n', '', 'sdf', '', '', '', '', '', '', '', ''),
(30, 3, 'Canon EOS 5D', '&lt;p&gt;Canon\'s press material for the EOS 5D states that it \'defines (a) new D-SLR category\', while we\'re not typically too concerned with marketing talk this particular statement is clearly pretty accurate. The EOS 5D is unlike any previous digital SLR in that it combines a full-frame (35 mm sized) high resolution sensor (12.8 megapixels) with a relatively compact body (slightly larger than the EOS 20D, although in your hand it feels noticeably \'chunkier\'). The EOS 5D is aimed to slot in between the EOS 20D and the EOS-1D professional digital SLR\'s, an important difference when compared to the latter is that the EOS 5D doesn\'t have any environmental seals. While Canon don\'t specifically refer to the EOS 5D as a \'professional\' digital SLR it will have obvious appeal to professionals who want a high quality digital SLR in a body lighter than the EOS-1D. It will also no doubt appeal to current EOS 20D owners (although lets hope they\'ve not bought too many EF-S lenses...) äë&lt;/p&gt;\r\n', '', 'sdf', '', '', '', '', '', '', '', '');

-- --------------------------------------------------------

--
-- Table structure for table `product_discount`
--

CREATE TABLE `product_discount` (
  `product_discount_id` int(11) NOT NULL,
  `product_id` int(11) NOT NULL,
  `customer_group_id` int(11) NOT NULL,
  `quantity` int(4) NOT NULL DEFAULT 0,
  `priority` int(5) NOT NULL DEFAULT 1,
  `price` decimal(15,4) NOT NULL DEFAULT 0.0000,
  `date_start` date NOT NULL DEFAULT '0000-00-00',
  `date_end` date NOT NULL DEFAULT '0000-00-00'
) ENGINE=MyISAM DEFAULT CHARSET=utf8;

--
-- Dumping data for table `product_discount`
--

INSERT INTO `product_discount` (`product_discount_id`, `product_id`, `customer_group_id`, `quantity`, `priority`, `price`, `date_start`, `date_end`) VALUES
(476, 42, 1, 30, 1, 66.0000, '0000-00-00', '0000-00-00'),
(475, 42, 1, 20, 1, 77.0000, '0000-00-00', '0000-00-00'),
(474, 42, 1, 10, 1, 88.0000, '0000-00-00', '0000-00-00');

-- --------------------------------------------------------

--
-- Table structure for table `product_filter`
--

CREATE TABLE `product_filter` (
  `product_id` int(11) NOT NULL,
  `filter_id` int(11) NOT NULL
) ENGINE=MyISAM DEFAULT CHARSET=utf8;

-- --------------------------------------------------------

--
-- Table structure for table `product_image`
--

CREATE TABLE `product_image` (
  `product_image_id` int(11) NOT NULL,
  `product_id` int(11) NOT NULL,
  `image` varchar(255) DEFAULT NULL,
  `sort_order` int(3) NOT NULL DEFAULT 0
) ENGINE=MyISAM DEFAULT CHARSET=utf8;

--
-- Dumping data for table `product_image`
--

INSERT INTO `product_image` (`product_image_id`, `product_id`, `image`, `sort_order`) VALUES
(2415, 30, 'catalog/demo/canon_eos_5d_3.jpg', 0),
(2321, 47, 'catalog/demo/hp_3.jpg', 0),
(2035, 28, 'catalog/demo/htc_touch_hd_2.jpg', 0),
(2351, 41, 'catalog/demo/imac_3.jpg', 0),
(1982, 40, 'catalog/demo/iphone_6.jpg', 0),
(2001, 36, 'catalog/demo/ipod_nano_5.jpg', 0),
(2000, 36, 'catalog/demo/ipod_nano_4.jpg', 0),
(2005, 34, 'catalog/demo/ipod_shuffle_5.jpg', 0),
(2004, 34, 'catalog/demo/ipod_shuffle_4.jpg', 0),
(2011, 32, 'catalog/demo/ipod_touch_7.jpg', 0),
(2010, 32, 'catalog/demo/ipod_touch_6.jpg', 0),
(2009, 32, 'catalog/demo/ipod_touch_5.jpg', 0),
(1971, 43, 'catalog/demo/macbook_5.jpg', 0),
(1970, 43, 'catalog/demo/macbook_4.jpg', 0),
(1974, 44, 'catalog/demo/macbook_air_4.jpg', 0),
(1973, 44, 'catalog/demo/macbook_air_2.jpg', 0),
(1977, 45, 'catalog/demo/macbook_pro_2.jpg', 0),
(1976, 45, 'catalog/demo/macbook_pro_3.jpg', 0),
(1986, 31, 'catalog/demo/nikon_d300_3.jpg', 0),
(1985, 31, 'catalog/demo/nikon_d300_2.jpg', 0),
(1995, 46, 'catalog/demo/sony_vaio_5.jpg', 0),
(1994, 46, 'catalog/demo/sony_vaio_4.jpg', 0),
(2386, 48, 'catalog/demo/ipod_classic_2.jpg', 0),
(2385, 48, 'catalog/demo/ipod_classic_3.jpg', 0),
(1981, 40, 'catalog/demo/iphone_2.jpg', 0),
(1980, 40, 'catalog/demo/iphone_5.jpg', 0),
(2414, 30, 'catalog/demo/canon_eos_5d_2.jpg', 0),
(2320, 47, 'catalog/demo/hp_2.jpg', 0),
(2034, 28, 'catalog/demo/htc_touch_hd_3.jpg', 0),
(2350, 41, 'catalog/demo/imac_2.jpg', 0),
(1979, 40, 'catalog/demo/iphone_3.jpg', 0),
(1978, 40, 'catalog/demo/iphone_4.jpg', 0),
(2384, 48, 'catalog/demo/ipod_classic_4.jpg', 0),
(1999, 36, 'catalog/demo/ipod_nano_2.jpg', 0),
(1998, 36, 'catalog/demo/ipod_nano_3.jpg', 0),
(2003, 34, 'catalog/demo/ipod_shuffle_2.jpg', 0),
(2002, 34, 'catalog/demo/ipod_shuffle_3.jpg', 0),
(2008, 32, 'catalog/demo/ipod_touch_2.jpg', 0),
(2007, 32, 'catalog/demo/ipod_touch_3.jpg', 0),
(2006, 32, 'catalog/demo/ipod_touch_4.jpg', 0),
(1969, 43, 'catalog/demo/macbook_2.jpg', 0),
(1968, 43, 'catalog/demo/macbook_3.jpg', 0),
(1972, 44, 'catalog/demo/macbook_air_3.jpg', 0),
(1975, 45, 'catalog/demo/macbook_pro_4.jpg', 0),
(1984, 31, 'catalog/demo/nikon_d300_4.jpg', 0),
(1983, 31, 'catalog/demo/nikon_d300_5.jpg', 0),
(1993, 46, 'catalog/demo/sony_vaio_2.jpg', 0),
(1992, 46, 'catalog/demo/sony_vaio_3.jpg', 0),
(2327, 49, 'catalog/demo/samsung_tab_7.jpg', 0),
(2326, 49, 'catalog/demo/samsung_tab_6.jpg', 0),
(2325, 49, 'catalog/demo/samsung_tab_5.jpg', 0),
(2324, 49, 'catalog/demo/samsung_tab_4.jpg', 0),
(2323, 49, 'catalog/demo/samsung_tab_3.jpg', 0),
(2322, 49, 'catalog/demo/samsung_tab_2.jpg', 0),
(2420, 42, 'catalog/demo/canon_eos_5d_1.jpg', 0),
(2419, 42, 'catalog/demo/canon_eos_5d_2.jpg', 0),
(2418, 42, 'catalog/demo/canon_logo.jpg', 0),
(2417, 42, 'catalog/demo/compaq_presario.jpg', 0),
(2416, 42, 'catalog/demo/hp_1.jpg', 0);

-- --------------------------------------------------------

--
-- Table structure for table `product_option`
--

CREATE TABLE `product_option` (
  `product_option_id` int(11) NOT NULL,
  `product_id` int(11) NOT NULL,
  `option_id` int(11) NOT NULL,
  `value` text NOT NULL,
  `required` tinyint(1) NOT NULL
) ENGINE=MyISAM DEFAULT CHARSET=utf8;

--
-- Dumping data for table `product_option`
--

INSERT INTO `product_option` (`product_option_id`, `product_id`, `option_id`, `value`, `required`) VALUES
(224, 35, 11, '', 1),
(225, 47, 12, '2011-04-22', 1),
(223, 42, 2, '', 1),
(222, 42, 7, '', 1),
(221, 42, 9, '22:25', 1),
(220, 42, 10, '2011-02-20 22:25', 1),
(219, 42, 8, '2011-02-20', 1),
(218, 42, 1, '', 1),
(217, 42, 5, '', 1),
(209, 42, 6, '', 1),
(208, 42, 4, 'test', 1),
(226, 30, 5, '', 1);

-- --------------------------------------------------------

--
-- Table structure for table `product_option_value`
--

CREATE TABLE `product_option_value` (
  `product_option_value_id` int(11) NOT NULL,
  `product_option_id` int(11) NOT NULL,
  `product_id` int(11) NOT NULL,
  `option_id` int(11) NOT NULL,
  `option_value_id` int(11) NOT NULL,
  `quantity` int(3) NOT NULL,
  `subtract` tinyint(1) NOT NULL,
  `price` decimal(15,4) NOT NULL,
  `price_prefix` varchar(1) NOT NULL,
  `points` int(8) NOT NULL,
  `points_prefix` varchar(1) NOT NULL,
  `weight` decimal(15,8) NOT NULL,
  `weight_prefix` varchar(1) NOT NULL
) ENGINE=MyISAM DEFAULT CHARSET=utf8;

--
-- Dumping data for table `product_option_value`
--

INSERT INTO `product_option_value` (`product_option_value_id`, `product_option_id`, `product_id`, `option_id`, `option_value_id`, `quantity`, `subtract`, `price`, `price_prefix`, `points`, `points_prefix`, `weight`, `weight_prefix`) VALUES
(10, 223, 42, 2, 113, 2696, 1, 30.0000, '+', 0, '+', 30.00000000, '+'),
(11, 223, 42, 2, 113, 3998, 1, 40.0000, '+', 0, '+', 40.00000000, '+'),
(9, 223, 42, 2, 113, 194, 1, 20.0000, '+', 0, '+', 20.00000000, '+'),
(8, 223, 42, 2, 113, 48, 1, 10.0000, '+', 0, '+', 10.00000000, '+'),
(12, 224, 35, 11, 46, 0, 1, 5.0000, '+', 0, '+', 0.00000000, '+'),
(13, 224, 35, 11, 47, 10, 1, 10.0000, '+', 0, '+', 0.00000000, '+'),
(14, 224, 35, 11, 48, 15, 1, 15.0000, '+', 0, '+', 0.00000000, '+'),
(6, 218, 42, 1, 110, 146, 1, 20.0000, '+', 2, '-', 20.00000000, '+'),
(7, 218, 42, 1, 110, 300, 1, 30.0000, '+', 3, '+', 30.00000000, '+'),
(4, 217, 42, 5, 117, 92, 1, 4.0000, '+', 0, '+', 4.00000000, '+'),
(5, 218, 42, 1, 110, 96, 1, 10.0000, '+', 1, '+', 10.00000000, '+'),
(1, 217, 42, 5, 117, 100, 0, 1.0000, '+', 0, '+', 1.00000000, '+'),
(2, 217, 42, 5, 117, 200, 1, 2.0000, '+', 0, '+', 2.00000000, '+'),
(3, 217, 42, 5, 117, 300, 0, 3.0000, '+', 0, '+', 3.00000000, '+'),
(15, 226, 30, 5, 117, 2, 1, 0.0000, '+', 0, '+', 0.00000000, '+'),
(16, 226, 30, 5, 117, 5, 1, 0.0000, '+', 0, '+', 0.00000000, '+');

-- --------------------------------------------------------

--
-- Table structure for table `product_recurring`
--

CREATE TABLE `product_recurring` (
  `product_id` int(11) NOT NULL,
  `recurring_id` int(11) NOT NULL,
  `customer_group_id` int(11) NOT NULL
) ENGINE=MyISAM DEFAULT CHARSET=utf8;

-- --------------------------------------------------------

--
-- Table structure for table `product_related`
--

CREATE TABLE `product_related` (
  `product_id` int(11) NOT NULL,
  `related_id` int(11) NOT NULL
) ENGINE=MyISAM DEFAULT CHARSET=utf8;

--
-- Dumping data for table `product_related`
--

INSERT INTO `product_related` (`product_id`, `related_id`) VALUES
(40, 42),
(41, 42),
(42, 40),
(42, 41);

-- --------------------------------------------------------

--
-- Table structure for table `product_reward`
--

CREATE TABLE `product_reward` (
  `product_reward_id` int(11) NOT NULL,
  `product_id` int(11) NOT NULL DEFAULT 0,
  `customer_group_id` int(11) NOT NULL DEFAULT 0,
  `points` int(8) NOT NULL DEFAULT 0
) ENGINE=MyISAM DEFAULT CHARSET=utf8;

--
-- Dumping data for table `product_reward`
--

INSERT INTO `product_reward` (`product_reward_id`, `product_id`, `customer_group_id`, `points`) VALUES
(560, 42, 1, 100),
(519, 47, 1, 300),
(379, 28, 1, 400),
(329, 43, 1, 600),
(335, 40, 1, 0),
(559, 30, 1, 200),
(331, 44, 1, 700),
(333, 45, 1, 800),
(337, 31, 1, 0),
(425, 35, 1, 0),
(345, 33, 1, 0),
(347, 46, 1, 0),
(545, 41, 1, 0),
(351, 36, 1, 0),
(353, 34, 1, 0),
(355, 32, 1, 0),
(521, 49, 1, 1000);

-- --------------------------------------------------------

--
-- Table structure for table `product_special`
--

CREATE TABLE `product_special` (
  `product_special_id` int(11) NOT NULL,
  `product_id` int(11) NOT NULL,
  `customer_group_id` int(11) NOT NULL,
  `priority` int(5) NOT NULL DEFAULT 1,
  `price` decimal(15,4) NOT NULL DEFAULT 0.0000,
  `date_start` date NOT NULL DEFAULT '0000-00-00',
  `date_end` date NOT NULL DEFAULT '0000-00-00'
) ENGINE=MyISAM DEFAULT CHARSET=utf8;

--
-- Dumping data for table `product_special`
--

INSERT INTO `product_special` (`product_special_id`, `product_id`, `customer_group_id`, `priority`, `price`, `date_start`, `date_end`) VALUES
(457, 42, 1, 1, 90.0000, '0000-00-00', '0000-00-00'),
(456, 30, 1, 2, 90.0000, '0000-00-00', '0000-00-00'),
(455, 30, 1, 1, 80.0000, '0000-00-00', '0000-00-00');

-- --------------------------------------------------------

--
-- Table structure for table `product_to_category`
--

CREATE TABLE `product_to_category` (
  `product_id` int(11) NOT NULL,
  `category_id` int(11) NOT NULL
) ENGINE=MyISAM DEFAULT CHARSET=utf8;

--
-- Dumping data for table `product_to_category`
--

INSERT INTO `product_to_category` (`product_id`, `category_id`) VALUES
(28, 20),
(28, 24),
(30, 20),
(30, 33),
(31, 33),
(32, 34),
(33, 20),
(33, 28),
(34, 34),
(35, 20),
(36, 34),
(40, 20),
(40, 24),
(41, 27),
(42, 20),
(42, 28),
(43, 18),
(43, 20),
(44, 18),
(44, 20),
(45, 18),
(46, 18),
(46, 20),
(47, 18),
(47, 20),
(48, 20),
(48, 34),
(49, 57);

-- --------------------------------------------------------

--
-- Table structure for table `product_to_download`
--

CREATE TABLE `product_to_download` (
  `product_id` int(11) NOT NULL,
  `download_id` int(11) NOT NULL
) ENGINE=MyISAM DEFAULT CHARSET=utf8;

-- --------------------------------------------------------

--
-- Table structure for table `product_to_layout`
--

CREATE TABLE `product_to_layout` (
  `product_id` int(11) NOT NULL,
  `store_id` int(11) NOT NULL,
  `layout_id` int(11) NOT NULL
) ENGINE=MyISAM DEFAULT CHARSET=utf8;

--
-- Dumping data for table `product_to_layout`
--

INSERT INTO `product_to_layout` (`product_id`, `store_id`, `layout_id`) VALUES
(42, 0, 0),
(30, 0, 0),
(48, 0, 0);

-- --------------------------------------------------------

--
-- Table structure for table `product_to_store`
--

CREATE TABLE `product_to_store` (
  `product_id` int(11) NOT NULL,
  `store_id` int(11) NOT NULL DEFAULT 0
) ENGINE=MyISAM DEFAULT CHARSET=utf8;

--
-- Dumping data for table `product_to_store`
--

INSERT INTO `product_to_store` (`product_id`, `store_id`) VALUES
(28, 0),
(30, 0),
(31, 0),
(32, 0),
(33, 0),
(34, 0),
(35, 0),
(36, 0),
(40, 0),
(41, 0),
(42, 0),
(43, 0),
(44, 0),
(45, 0),
(46, 0),
(47, 0),
(48, 0),
(49, 0);

-- --------------------------------------------------------

--
-- Table structure for table `recurring`
--

CREATE TABLE `recurring` (
  `recurring_id` int(11) NOT NULL,
  `price` decimal(10,4) NOT NULL,
  `frequency` enum('day','week','semi_month','month','year') NOT NULL,
  `duration` int(10) UNSIGNED NOT NULL,
  `cycle` int(10) UNSIGNED NOT NULL,
  `trial_status` tinyint(4) NOT NULL,
  `trial_price` decimal(10,4) NOT NULL,
  `trial_frequency` enum('day','week','semi_month','month','year') NOT NULL,
  `trial_duration` int(10) UNSIGNED NOT NULL,
  `trial_cycle` int(10) UNSIGNED NOT NULL,
  `status` tinyint(4) NOT NULL,
  `sort_order` int(11) NOT NULL
) ENGINE=MyISAM DEFAULT CHARSET=utf8;

-- --------------------------------------------------------

--
-- Table structure for table `recurring_description`
--

CREATE TABLE `recurring_description` (
  `recurring_id` int(11) NOT NULL,
  `language_id` int(11) NOT NULL,
  `name` varchar(255) NOT NULL
) ENGINE=MyISAM DEFAULT CHARSET=utf8;

-- --------------------------------------------------------

--
-- Table structure for table `return`
--

CREATE TABLE `return` (
  `return_id` int(11) NOT NULL,
  `order_id` int(11) NOT NULL,
  `product_id` int(11) NOT NULL,
  `customer_id` int(11) NOT NULL,
  `firstname` varchar(32) NOT NULL,
  `lastname` varchar(32) NOT NULL,
  `email` varchar(96) NOT NULL,
  `telephone` varchar(32) NOT NULL,
  `product` varchar(255) NOT NULL,
  `model` varchar(64) NOT NULL,
  `quantity` int(4) NOT NULL,
  `opened` tinyint(1) NOT NULL,
  `return_reason_id` int(11) NOT NULL,
  `return_action_id` int(11) NOT NULL,
  `return_status_id` int(11) NOT NULL,
  `comment` text DEFAULT NULL,
  `date_ordered` date NOT NULL DEFAULT '0000-00-00',
  `date_added` datetime NOT NULL,
  `date_modified` datetime NOT NULL
) ENGINE=MyISAM DEFAULT CHARSET=utf8;

-- --------------------------------------------------------

--
-- Table structure for table `return_action`
--

CREATE TABLE `return_action` (
  `return_action_id` int(11) NOT NULL,
  `language_id` int(11) NOT NULL DEFAULT 0,
  `name` varchar(64) NOT NULL
) ENGINE=MyISAM DEFAULT CHARSET=utf8;

--
-- Dumping data for table `return_action`
--

INSERT INTO `return_action` (`return_action_id`, `language_id`, `name`) VALUES
(1, 1, 'Refunded'),
(2, 1, 'Credit Issued'),
(3, 1, 'Replacement Sent'),
(1, 2, 'Refunded'),
(2, 2, 'Credit Issued'),
(3, 2, 'Replacement Sent'),
(1, 3, 'Refunded'),
(2, 3, 'Credit Issued'),
(3, 3, 'Replacement Sent');

-- --------------------------------------------------------

--
-- Table structure for table `return_history`
--

CREATE TABLE `return_history` (
  `return_history_id` int(11) NOT NULL,
  `return_id` int(11) NOT NULL,
  `return_status_id` int(11) NOT NULL,
  `notify` tinyint(1) NOT NULL,
  `comment` text NOT NULL,
  `date_added` datetime NOT NULL
) ENGINE=MyISAM DEFAULT CHARSET=utf8;

-- --------------------------------------------------------

--
-- Table structure for table `return_reason`
--

CREATE TABLE `return_reason` (
  `return_reason_id` int(11) NOT NULL,
  `language_id` int(11) NOT NULL DEFAULT 0,
  `name` varchar(128) NOT NULL
) ENGINE=MyISAM DEFAULT CHARSET=utf8;

--
-- Dumping data for table `return_reason`
--

INSERT INTO `return_reason` (`return_reason_id`, `language_id`, `name`) VALUES
(1, 3, '货到即损'),
(2, 1, 'Received Wrong Item'),
(5, 3, '其他，请提供详细信息'),
(1, 2, '貨到即損'),
(2, 2, '收到錯誤商品'),
(3, 2, '訂單錯誤'),
(4, 2, '商品故障，請提供詳細信息'),
(5, 2, '其他，請提供詳細信息'),
(1, 1, 'Dead On Arrival'),
(2, 3, '收到错误商品'),
(3, 1, 'Order Error'),
(4, 1, 'Faulty, please supply details'),
(5, 1, 'Other, please supply details'),
(4, 3, '商品故障，请提供详细信息'),
(3, 3, '订单错误');

-- --------------------------------------------------------

--
-- Table structure for table `return_status`
--

CREATE TABLE `return_status` (
  `return_status_id` int(11) NOT NULL,
  `language_id` int(11) NOT NULL DEFAULT 0,
  `name` varchar(32) NOT NULL
) ENGINE=MyISAM DEFAULT CHARSET=utf8;

--
-- Dumping data for table `return_status`
--

INSERT INTO `return_status` (`return_status_id`, `language_id`, `name`) VALUES
(1, 1, 'Pending'),
(3, 1, 'Complete'),
(2, 1, 'Awaiting Products'),
(1, 2, 'Pending'),
(3, 2, 'Complete'),
(2, 2, 'Awaiting Products'),
(1, 3, 'Pending'),
(3, 3, 'Complete'),
(2, 3, 'Awaiting Products');

-- --------------------------------------------------------

--
-- Table structure for table `review`
--

CREATE TABLE `review` (
  `review_id` int(11) NOT NULL,
  `product_id` int(11) NOT NULL,
  `customer_id` int(11) NOT NULL,
  `author` varchar(64) NOT NULL,
  `text` text NOT NULL,
  `rating` int(1) NOT NULL,
  `status` tinyint(1) NOT NULL DEFAULT 0,
  `date_added` datetime NOT NULL,
  `date_modified` datetime NOT NULL
) ENGINE=MyISAM DEFAULT CHARSET=utf8;

-- --------------------------------------------------------

--
-- Table structure for table `seo_manufacturer_description`
--

CREATE TABLE `seo_manufacturer_description` (
  `manufacturer_id` int(11) NOT NULL,
  `language_id` int(11) NOT NULL DEFAULT 0,
  `store_id` int(11) NOT NULL DEFAULT 0,
  `name` varchar(255) NOT NULL DEFAULT '',
  `description` text NOT NULL DEFAULT '',
  `meta_title` varchar(255) NOT NULL DEFAULT '',
  `meta_description` varchar(255) NOT NULL DEFAULT '',
  `meta_keyword` varchar(255) NOT NULL DEFAULT '',
  `seo_h1` varchar(255) NOT NULL DEFAULT '',
  `seo_h2` varchar(255) NOT NULL DEFAULT '',
  `seo_h3` varchar(255) NOT NULL DEFAULT ''
) ENGINE=MyISAM DEFAULT CHARSET=utf8;

-- --------------------------------------------------------

--
-- Table structure for table `seo_url`
--

CREATE TABLE `seo_url` (
  `seo_url_id` int(11) NOT NULL,
  `store_id` int(11) NOT NULL,
  `language_id` int(11) NOT NULL,
  `query` varchar(255) NOT NULL,
  `keyword` varchar(255) NOT NULL
) ENGINE=MyISAM DEFAULT CHARSET=utf8;

--
-- Dumping data for table `seo_url`
--

INSERT INTO `seo_url` (`seo_url_id`, `store_id`, `language_id`, `query`, `keyword`) VALUES
(1031, 0, 1, 'manufacturer_id=104', 'acoustune'),
(836, 0, 1, 'category_id=20', 'desktops'),
(834, 0, 1, 'category_id=26', 'pc'),
(835, 0, 1, 'category_id=27', 'mac'),
(1039, 0, 1, 'manufacturer_id=8', 'apple'),
(789, 0, 1, 'category_id=34', 'mp3-players'),
(781, 0, 1, 'category_id=36', 'test2'),
(774, 0, 1, 'category_id=18', 'laptop-notebook'),
(775, 0, 1, 'category_id=46', 'macs'),
(776, 0, 1, 'category_id=45', 'windows'),
(777, 0, 1, 'category_id=25', 'component'),
(778, 0, 1, 'category_id=29', 'mouse'),
(779, 0, 1, 'category_id=28', 'monitor'),
(780, 0, 1, 'category_id=35', 'test1'),
(782, 0, 1, 'category_id=30', 'printer'),
(783, 0, 1, 'category_id=31', 'scanner'),
(784, 0, 1, 'category_id=32', 'web-camera'),
(785, 0, 1, 'category_id=57', 'tablet'),
(786, 0, 1, 'category_id=17', 'software'),
(787, 0, 1, 'category_id=24', 'smartphone'),
(852, 0, 1, 'category_id=33', 'camera'),
(790, 0, 1, 'category_id=43', 'test11'),
(791, 0, 1, 'category_id=44', 'test12'),
(792, 0, 1, 'category_id=47', 'test15'),
(793, 0, 1, 'category_id=48', 'test16'),
(794, 0, 1, 'category_id=49', 'test17'),
(795, 0, 1, 'category_id=50', 'test18'),
(796, 0, 1, 'category_id=51', 'test19'),
(797, 0, 1, 'category_id=52', 'test20'),
(798, 0, 1, 'category_id=58', 'test25'),
(799, 0, 1, 'category_id=53', 'test21'),
(800, 0, 1, 'category_id=54', 'test22'),
(801, 0, 1, 'category_id=55', 'test23'),
(802, 0, 1, 'category_id=56', 'test24'),
(803, 0, 1, 'category_id=38', 'test4'),
(804, 0, 1, 'category_id=37', 'test5'),
(805, 0, 1, 'category_id=39', 'test6'),
(806, 0, 1, 'category_id=40', 'test7'),
(807, 0, 1, 'category_id=41', 'test8'),
(808, 0, 1, 'category_id=42', 'test9'),
(840, 0, 1, 'product_id=47', 'hp-lp3065'),
(811, 0, 1, 'product_id=28', 'htc-touch-hd'),
(812, 0, 1, 'product_id=43', 'macbook'),
(813, 0, 1, 'product_id=44', 'macbook-air'),
(814, 0, 1, 'product_id=45', 'macbook-pro'),
(816, 0, 1, 'product_id=31', 'nikon-d300'),
(1030, 0, 1, 'manufacturer_id=103', '1More'),
(818, 0, 1, 'product_id=35', 'product-8'),
(819, 0, 1, 'product_id=49', 'samsung-galaxy-tab-10-1'),
(820, 0, 1, 'product_id=33', 'samsung-syncmaster-941bw'),
(821, 0, 1, 'product_id=46', 'sony-vaio'),
(837, 0, 1, 'product_id=41', 'imac'),
(823, 0, 1, 'product_id=40', 'iphone'),
(825, 0, 1, 'product_id=36', 'ipod-nano'),
(826, 0, 1, 'product_id=34', 'ipod-shuffle'),
(827, 0, 1, 'product_id=32', 'ipod-touch'),
(1050, 0, 1, 'manufacturer_id=9', 'canon'),
(1071, 0, 1, 'manufacturer_id=5', 'htc'),
(1067, 0, 1, 'manufacturer_id=7', 'hewlett-packard'),
(831, 0, 1, 'manufacturer_id=6', 'palm'),
(1120, 0, 1, 'manufacturer_id=10', 'sony'),
(898, 0, 3, 'information_id=6', '物流信息'),
(907, 0, 3, 'information_id=3', '隐私政策'),
(853, 0, 2, 'category_id=33', '相機'),
(894, 0, 2, 'information_id=4', '關於我們'),
(893, 0, 1, 'information_id=4', 'about_us'),
(906, 0, 2, 'information_id=3', '隱私政策'),
(905, 0, 1, 'information_id=3', 'privacy'),
(915, 0, 2, 'information_id=5', '條款及細則'),
(914, 0, 1, 'information_id=5', 'terms'),
(895, 0, 3, 'information_id=4', '关于我们'),
(897, 0, 2, 'information_id=6', '配送信息'),
(896, 0, 1, 'information_id=6', 'delivery'),
(892, 0, 3, 'information_id=7', '关于此网站'),
(891, 0, 2, 'information_id=7', '關於此網站'),
(890, 0, 1, 'information_id=7', 'about-this-site'),
(904, 0, 3, 'information_id=8', '怎样下单'),
(903, 0, 2, 'information_id=8', '怎樣下單'),
(902, 0, 1, 'information_id=8', 'how-to-order'),
(910, 0, 3, 'information_id=9', '退换政策'),
(909, 0, 2, 'information_id=9', '退換政策'),
(908, 0, 1, 'information_id=9', 'return-policy'),
(901, 0, 3, 'information_id=10', '免责声明'),
(900, 0, 2, 'information_id=10', '免責聲明'),
(899, 0, 1, 'information_id=10', 'disclaimer'),
(916, 0, 3, 'information_id=5', '条款及细则'),
(1032, 0, 1, 'manufacturer_id=125', 'adata'),
(1033, 0, 1, 'manufacturer_id=93', 'aimedia'),
(1034, 0, 1, 'manufacturer_id=92', 'airbrightn'),
(1035, 0, 1, 'manufacturer_id=159', 'akali'),
(1036, 0, 1, 'manufacturer_id=78', 'anker'),
(1037, 0, 1, 'manufacturer_id=141', 'ant'),
(1038, 0, 1, 'manufacturer_id=123', 'aorus'),
(1040, 0, 1, 'manufacturer_id=147', 'arlo'),
(1041, 0, 1, 'manufacturer_id=94', 'arnest'),
(1042, 0, 1, 'manufacturer_id=160', 'aspetic-space'),
(1043, 0, 1, 'manufacturer_id=53', 'asvel'),
(1044, 0, 1, 'manufacturer_id=155', 'autobot-rock'),
(1045, 0, 1, 'manufacturer_id=69', 'banale'),
(1046, 0, 1, 'manufacturer_id=133', 'baseus'),
(1047, 0, 1, 'manufacturer_id=65', 'bio-key'),
(1048, 0, 1, 'manufacturer_id=76', 'bosstv'),
(1049, 0, 1, 'manufacturer_id=137', 'camelion'),
(1051, 0, 1, 'manufacturer_id=4', 'chaeum'),
(1052, 0, 1, 'manufacturer_id=15', 'chef-Topf-la-rose'),
(1053, 0, 1, 'manufacturer_id=168', 'cosbeauty'),
(1054, 0, 1, 'manufacturer_id=113', 'deylinghs'),
(1055, 0, 1, 'manufacturer_id=120', 'dlink'),
(1056, 0, 1, 'manufacturer_id=170', 'dualsonic'),
(1057, 0, 1, 'manufacturer_id=169', 'eset'),
(1058, 0, 1, 'manufacturer_id=100', 'eufy'),
(1059, 0, 1, 'manufacturer_id=157', 'evpad'),
(1060, 0, 1, 'manufacturer_id=22', 'fitbit'),
(1061, 0, 1, 'manufacturer_id=164', 'fujifilm'),
(1062, 0, 1, 'manufacturer_id=124', 'gigabyte'),
(1063, 0, 1, 'manufacturer_id=60', 'glasslock'),
(1064, 0, 1, 'manufacturer_id=68', 'google'),
(1065, 0, 1, 'manufacturer_id=63', 'hamptons'),
(1066, 0, 1, 'manufacturer_id=66', 'heroclip'),
(1068, 0, 1, 'manufacturer_id=152', 'hii'),
(1069, 0, 1, 'manufacturer_id=23', 'hitachi'),
(1070, 0, 1, 'manufacturer_id=136', 'hongpai'),
(1072, 0, 1, 'manufacturer_id=48', 'huawei'),
(1073, 0, 1, 'manufacturer_id=172', 'infinity-pro'),
(1074, 0, 1, 'manufacturer_id=156', 'infothink'),
(1075, 0, 1, 'manufacturer_id=115', 'innoz'),
(1076, 0, 1, 'manufacturer_id=171', 'insta360'),
(1077, 0, 1, 'manufacturer_id=118', 'intel'),
(1078, 0, 1, 'manufacturer_id=163', 'iris-ohyama'),
(1079, 0, 1, 'manufacturer_id=24', 'jabra'),
(1080, 0, 1, 'manufacturer_id=25', 'jawbone'),
(1081, 0, 1, 'manufacturer_id=145', 'jft'),
(1082, 0, 1, 'manufacturer_id=154', 'jujy'),
(1083, 0, 1, 'manufacturer_id=64', 'kalstory'),
(1084, 0, 1, 'manufacturer_id=28', 'kingston'),
(1085, 0, 1, 'manufacturer_id=135', 'lexar'),
(1086, 0, 1, 'manufacturer_id=31', 'logitech'),
(1087, 0, 1, 'manufacturer_id=32', 'magisso'),
(1088, 0, 1, 'manufacturer_id=56', 'matador'),
(1089, 0, 1, 'manufacturer_id=146', 'mec'),
(1090, 0, 1, 'manufacturer_id=110', 'meruru'),
(1091, 0, 1, 'manufacturer_id=116', 'microsoft'),
(1092, 0, 1, 'manufacturer_id=138', 'minix'),
(1093, 0, 1, 'manufacturer_id=108', 'moai'),
(1094, 0, 1, 'manufacturer_id=143', 'mous'),
(1095, 0, 1, 'manufacturer_id=96', 'nanoclo2'),
(1096, 0, 1, 'manufacturer_id=162', 'nathome'),
(1097, 0, 1, 'manufacturer_id=144', 'netgear'),
(1098, 0, 1, 'manufacturer_id=52', 'nissyo'),
(1099, 0, 1, 'manufacturer_id=119', 'noblechairs'),
(1100, 0, 1, 'manufacturer_id=84', 'o2u'),
(1101, 0, 1, 'manufacturer_id=148', 'ocube'),
(1102, 0, 1, 'manufacturer_id=105', 'orb'),
(1103, 0, 1, 'manufacturer_id=132', 'outlines'),
(1104, 0, 1, 'manufacturer_id=57', 'panasonic'),
(1105, 0, 1, 'manufacturer_id=35', 'peak-design'),
(1106, 0, 1, 'manufacturer_id=36', 'philips'),
(1107, 0, 1, 'manufacturer_id=37', 'plantronics'),
(1108, 0, 1, 'manufacturer_id=158', 'ppp'),
(1109, 0, 1, 'manufacturer_id=165', 'primada'),
(1110, 0, 1, 'manufacturer_id=167', 'prologic-robotics'),
(1111, 0, 1, 'manufacturer_id=98', 'qian-xun'),
(1112, 0, 1, 'manufacturer_id=99', 'rasonic'),
(1113, 0, 1, 'manufacturer_id=117', 'rig'),
(1114, 0, 1, 'manufacturer_id=126', 'rumpl'),
(1115, 0, 1, 'manufacturer_id=61', 'sandisk'),
(1116, 0, 1, 'manufacturer_id=121', 'schneider-electric'),
(1117, 0, 1, 'manufacturer_id=128', 'seagate'),
(1118, 0, 1, 'manufacturer_id=42', 'sitram'),
(1119, 0, 1, 'manufacturer_id=130', 'snoppa'),
(1121, 0, 1, 'manufacturer_id=173', 'sublue'),
(1122, 0, 1, 'manufacturer_id=91', 'suzuki-yushi'),
(1123, 0, 1, 'manufacturer_id=134', 'tactica'),
(1124, 0, 1, 'manufacturer_id=59', 'that'),
(1125, 0, 1, 'manufacturer_id=139', 'thermaltake'),
(1126, 0, 1, 'manufacturer_id=161', 'toamit'),
(1127, 0, 1, 'manufacturer_id=129', 'unblock-tech'),
(1128, 0, 1, 'manufacturer_id=90', 'unitek'),
(1129, 0, 1, 'manufacturer_id=95', 'uyeki'),
(1130, 0, 1, 'manufacturer_id=166', 'vinaera'),
(1131, 0, 1, 'manufacturer_id=150', 'western digital'),
(1132, 0, 1, 'manufacturer_id=112', 'wewow'),
(1133, 0, 1, 'manufacturer_id=149', 'wk-design'),
(1134, 0, 1, 'manufacturer_id=131', 'xbox'),
(1135, 0, 1, 'manufacturer_id=46', 'xiaomi'),
(1136, 0, 1, 'manufacturer_id=107', 'x-mini'),
(1137, 0, 1, 'manufacturer_id=73', 'xpower'),
(1138, 0, 1, 'manufacturer_id=109', 'yohome'),
(1139, 0, 1, 'manufacturer_id=85', 'yurica'),
(1140, 0, 1, 'manufacturer_id=47', 'zing-anything'),
(1141, 0, 1, 'manufacturer_id=51', 'zojirushi'),
(1142, 0, 1, 'manufacturer_id=89', 'zolo');

-- --------------------------------------------------------

--
-- Table structure for table `session`
--

CREATE TABLE `session` (
  `session_id` varchar(32) NOT NULL,
  `data` text NOT NULL,
  `expire` datetime NOT NULL
) ENGINE=InnoDB DEFAULT CHARSET=utf8;

--
-- Dumping data for table `session`
--

INSERT INTO `session` (`session_id`, `data`, `expire`) VALUES
('cf2e4347e1a08cff13f693f240', '{\"language\":\"en-gb\",\"currency\":\"HKD\",\"user_id\":\"1\",\"user_token\":\"e0XPecqrO48hhJLUWbSPp8bhiUsKssLu\"}', '2021-08-14 14:00:14');

-- --------------------------------------------------------

--
-- Table structure for table `setting`
--

CREATE TABLE `setting` (
  `setting_id` int(11) NOT NULL,
  `store_id` int(11) NOT NULL DEFAULT 0,
  `code` varchar(128) NOT NULL,
  `key` varchar(128) NOT NULL,
  `value` text NOT NULL,
  `serialized` tinyint(1) NOT NULL
) ENGINE=MyISAM DEFAULT CHARSET=utf8;

--
-- Dumping data for table `setting`
--

INSERT INTO `setting` (`setting_id`, `store_id`, `code`, `key`, `value`, `serialized`) VALUES
(1904, 0, 'config', 'config_file_mime_allowed', 'text/plain\r\nimage/png\r\nimage/jpeg\r\nimage/gif\r\nimage/bmp\r\nimage/tiff\r\nimage/svg+xml\r\napplication/zip\r\n&quot;application/zip&quot;\r\napplication/x-zip\r\n&quot;application/x-zip&quot;\r\napplication/x-zip-compressed\r\n&quot;application/x-zip-compressed&quot;\r\napplication/rar\r\n&quot;application/rar&quot;\r\napplication/x-rar\r\n&quot;application/x-rar&quot;\r\napplication/x-rar-compressed\r\n&quot;application/x-rar-compressed&quot;\r\napplication/octet-stream\r\n&quot;application/octet-stream&quot;\r\naudio/mpeg\r\nvideo/quicktime\r\napplication/pdf', 0),
(1903, 0, 'config', 'config_file_ext_allowed', 'zip\r\ntxt\r\npng\r\njpe\r\njpeg\r\njpg\r\ngif\r\nbmp\r\nico\r\ntiff\r\ntif\r\nsvg\r\nsvgz\r\nzip\r\nrar\r\nmsi\r\ncab\r\nmp3\r\nqt\r\nmov\r\npdf\r\npsd\r\nai\r\neps\r\nps\r\ndoc', 0),
(1902, 0, 'config', 'config_file_max_size', '300000', 0),
(1901, 0, 'config', 'config_encryption', 'TwIio9cD2YQf3fUnIQAvPv28iVZz4oXr0owLq0ziSxU5s6ARA0a3LmRaIPpNXnqnDbXauGGAOFZmhzwniQMe4IO3AJNAma7ytuDjnOLgZ4sXVi43LgoQJhSygXxlVtjl0euXt5dNn4BiayiHvrvRiE3qMefYbI0qEpYpjqGzTxc5mfJ92XmgSD6b57B0fts8FwOtTe4MDXVbEYpxeaAb5Bk6RLxNEq15witzlnRvn0TahVKHDBeECrW0zDZSb7XPEmCp3tSQrTaN1r0m8o0P2IDwv2YB24AvtpXfBar5fLCh3C5Sykh6rL0sKEPgLboSGgjxLoTvyZp932IO0XDA2rWjyDiqW4px70gYQylCvZAsZrbzgVx6FdeFFnp6hGflCiupU8cNGtoG7Zb73jXWftPyEr8FvItxB4sTDydP3Qfc4MnycqMKBC4gm4T2Ji2wfto4E5R8mgr9DtMXaRyzUbfC43FJ4SZgA92e4jE4mMMIb6zQbzhCtKD8EQyCgmJoYL7zfbjlEEMwOZM7K96RpicFWV6I7TR2COSehJPQPXhfAIsRYVewCZrf0wNMTVklsfum5S6YaV5o6ZNcpXhQpRY7HoiJQEDGbF4u31K09iYeL2nO8sm3ZvIW3eblNGrOR1bwtKDHd6g8dB254DqATT552ODlxIWv5IhACywqkeErhuLKCLBmx76waC9pqpEylcC7L3RK0HfcrPYTW1NJxJej3jObsILIxsF9x5nYDIdeRJilgoVZH5XYDbPMZLXTt1r1mBZ1jaqmmkKwFyOf7r24k8hbecd4gFzFBcbZxzfUKKPZGqYclKg9ga85hkmh7huYTRb4C141wGyg3rRsBoivsY8XGH3tyWCGRVvhY6nW1NyUd1L9MTh9fwtL7fYxlGNcdUdXChDOk4XY8S6lez38jhIUOAJg7kHtDuG15UHXkOBpQW2ikcIJsbLZSafMQNR29q47wdUNwDM7K4s5Qtdc4chWspWxRL426Dq8PC9ofpnV8su9dFtxpwWlHh5x', 0),
(1900, 0, 'config', 'config_shared', '0', 0),
(1899, 0, 'config', 'config_password', '1', 0),
(1898, 0, 'config', 'config_secure', '1', 0),
(1897, 0, 'config', 'config_compression', '0', 0),
(1884, 0, 'config', 'config_icon', 'catalog/logo/our/ibizgift-cart-midnight-492x547.png', 0),
(1885, 0, 'config', 'config_mail_engine', 'mail', 0),
(1886, 0, 'config', 'config_mail_parameter', '', 0),
(1887, 0, 'config', 'config_mail_smtp_hostname', '', 0),
(1888, 0, 'config', 'config_mail_smtp_username', '', 0),
(1889, 0, 'config', 'config_mail_smtp_password', '', 0),
(1890, 0, 'config', 'config_mail_smtp_port', '25', 0),
(1891, 0, 'config', 'config_mail_smtp_timeout', '5', 0),
(1892, 0, 'config', 'config_mail_alert', '[\"order\"]', 1),
(1893, 0, 'config', 'config_mail_alert_email', '', 0),
(1894, 0, 'config', 'config_maintenance', '0', 0),
(1895, 0, 'config', 'config_seo_url', '1', 0),
(1896, 0, 'config', 'config_robots', 'abot\r\ndbot\r\nebot\r\nhbot\r\nkbot\r\nlbot\r\nmbot\r\nnbot\r\nobot\r\npbot\r\nrbot\r\nsbot\r\ntbot\r\nvbot\r\nybot\r\nzbot\r\nbot.\r\nbot/\r\n_bot\r\n.bot\r\n/bot\r\n-bot\r\n:bot\r\n(bot\r\ncrawl\r\nslurp\r\nspider\r\nseek\r\naccoona\r\nacoon\r\nadressendeutschland\r\nah-ha.com\r\nahoy\r\naltavista\r\nananzi\r\nanthill\r\nappie\r\narachnophilia\r\narale\r\naraneo\r\naranha\r\narchitext\r\naretha\r\narks\r\nasterias\r\natlocal\r\natn\r\natomz\r\naugurfind\r\nbackrub\r\nbannana_bot\r\nbaypup\r\nbdfetch\r\nbig brother\r\nbiglotron\r\nbjaaland\r\nblackwidow\r\nblaiz\r\nblog\r\nblo.\r\nbloodhound\r\nboitho\r\nbooch\r\nbradley\r\nbutterfly\r\ncalif\r\ncassandra\r\nccubee\r\ncfetch\r\ncharlotte\r\nchurl\r\ncienciaficcion\r\ncmc\r\ncollective\r\ncomagent\r\ncombine\r\ncomputingsite\r\ncsci\r\ncurl\r\ncusco\r\ndaumoa\r\ndeepindex\r\ndelorie\r\ndepspid\r\ndeweb\r\ndie blinde kuh\r\ndigger\r\nditto\r\ndmoz\r\ndocomo\r\ndownload express\r\ndtaagent\r\ndwcp\r\nebiness\r\nebingbong\r\ne-collector\r\nejupiter\r\nemacs-w3 search engine\r\nesther\r\nevliya celebi\r\nezresult\r\nfalcon\r\nfelix ide\r\nferret\r\nfetchrover\r\nfido\r\nfindlinks\r\nfireball\r\nfish search\r\nfouineur\r\nfunnelweb\r\ngazz\r\ngcreep\r\ngenieknows\r\ngetterroboplus\r\ngeturl\r\nglx\r\ngoforit\r\ngolem\r\ngrabber\r\ngrapnel\r\ngralon\r\ngriffon\r\ngromit\r\ngrub\r\ngulliver\r\nhamahakki\r\nharvest\r\nhavindex\r\nhelix\r\nheritrix\r\nhku www octopus\r\nhomerweb\r\nhtdig\r\nhtml index\r\nhtml_analyzer\r\nhtmlgobble\r\nhubater\r\nhyper-decontextualizer\r\nia_archiver\r\nibm_planetwide\r\nichiro\r\niconsurf\r\niltrovatore\r\nimage.kapsi.net\r\nimagelock\r\nincywincy\r\nindexer\r\ninfobee\r\ninformant\r\ningrid\r\ninktomisearch.com\r\ninspector web\r\nintelliagent\r\ninternet shinchakubin\r\nip3000\r\niron33\r\nisraeli-search\r\nivia\r\njack\r\njakarta\r\njavabee\r\njetbot\r\njumpstation\r\nkatipo\r\nkdd-explorer\r\nkilroy\r\nknowledge\r\nkototoi\r\nkretrieve\r\nlabelgrabber\r\nlachesis\r\nlarbin\r\nlegs\r\nlibwww\r\nlinkalarm\r\nlink validator\r\nlinkscan\r\nlockon\r\nlwp\r\nlycos\r\nmagpie\r\nmantraagent\r\nmapoftheinternet\r\nmarvin/\r\nmattie\r\nmediafox\r\nmediapartners\r\nmercator\r\nmerzscope\r\nmicrosoft url control\r\nminirank\r\nmiva\r\nmj12\r\nmnogosearch\r\nmoget\r\nmonster\r\nmoose\r\nmotor\r\nmultitext\r\nmuncher\r\nmuscatferret\r\nmwd.search\r\nmyweb\r\nnajdi\r\nnameprotect\r\nnationaldirectory\r\nnazilla\r\nncsa beta\r\nnec-meshexplorer\r\nnederland.zoek\r\nnetcarta webmap engine\r\nnetmechanic\r\nnetresearchserver\r\nnetscoop\r\nnewscan-online\r\nnhse\r\nnokia6682/\r\nnomad\r\nnoyona\r\nnutch\r\nnzexplorer\r\nobjectssearch\r\noccam\r\nomni\r\nopen text\r\nopenfind\r\nopenintelligencedata\r\norb search\r\nosis-project\r\npack rat\r\npageboy\r\npagebull\r\npage_verifier\r\npanscient\r\nparasite\r\npartnersite\r\npatric\r\npear.\r\npegasus\r\nperegrinator\r\npgp key agent\r\nphantom\r\nphpdig\r\npicosearch\r\npiltdownman\r\npimptrain\r\npinpoint\r\npioneer\r\npiranha\r\nplumtreewebaccessor\r\npogodak\r\npoirot\r\npompos\r\npoppelsdorf\r\npoppi\r\npopular iconoclast\r\npsycheclone\r\npublisher\r\npython\r\nrambler\r\nraven search\r\nroach\r\nroad runner\r\nroadhouse\r\nrobbie\r\nrobofox\r\nrobozilla\r\nrules\r\nsalty\r\nsbider\r\nscooter\r\nscoutjet\r\nscrubby\r\nsearch.\r\nsearchprocess\r\nsemanticdiscovery\r\nsenrigan\r\nsg-scout\r\nshai\'hulud\r\nshark\r\nshopwiki\r\nsidewinder\r\nsift\r\nsilk\r\nsimmany\r\nsite searcher\r\nsite valet\r\nsitetech-rover\r\nskymob.com\r\nsleek\r\nsmartwit\r\nsna-\r\nsnappy\r\nsnooper\r\nsohu\r\nspeedfind\r\nsphere\r\nsphider\r\nspinner\r\nspyder\r\nsteeler/\r\nsuke\r\nsuntek\r\nsupersnooper\r\nsurfnomore\r\nsven\r\nsygol\r\nszukacz\r\ntach black widow\r\ntarantula\r\ntempleton\r\n/teoma\r\nt-h-u-n-d-e-r-s-t-o-n-e\r\ntheophrastus\r\ntitan\r\ntitin\r\ntkwww\r\ntoutatis\r\nt-rex\r\ntutorgig\r\ntwiceler\r\ntwisted\r\nucsd\r\nudmsearch\r\nurl check\r\nupdated\r\nvagabondo\r\nvalkyrie\r\nverticrawl\r\nvictoria\r\nvision-search\r\nvolcano\r\nvoyager/\r\nvoyager-hc\r\nw3c_validator\r\nw3m2\r\nw3mir\r\nwalker\r\nwallpaper\r\nwanderer\r\nwauuu\r\nwavefire\r\nweb core\r\nweb hopper\r\nweb wombat\r\nwebbandit\r\nwebcatcher\r\nwebcopy\r\nwebfoot\r\nweblayers\r\nweblinker\r\nweblog monitor\r\nwebmirror\r\nwebmonkey\r\nwebquest\r\nwebreaper\r\nwebsitepulse\r\nwebsnarf\r\nwebstolperer\r\nwebvac\r\nwebwalk\r\nwebwatch\r\nwebwombat\r\nwebzinger\r\nwhizbang\r\nwhowhere\r\nwild ferret\r\nworldlight\r\nwwwc\r\nwwwster\r\nxenu\r\nxget\r\nxift\r\nxirq\r\nyandex\r\nyanga\r\nyeti\r\nyodao\r\nzao\r\nzippp\r\nzyborg', 0),
(1883, 0, 'config', 'config_logo', 'catalog/logo/our/ibizgift-logo-midnight-567x239.png', 0),
(1882, 0, 'config', 'config_captcha_page', '[\"review\",\"return\",\"contact\"]', 1),
(1881, 0, 'config', 'config_captcha', '', 0),
(94, 0, 'payment_free_checkout', 'payment_free_checkout_status', '1', 0),
(95, 0, 'payment_free_checkout', 'payment_free_checkout_order_status_id', '1', 0),
(96, 0, 'payment_free_checkout', 'payment_free_checkout_sort_order', '1', 0),
(4491, 0, 'payment_cod', 'payment_cod_geo_zone_id', '0', 0),
(4490, 0, 'payment_cod', 'payment_cod_order_status_id', '1', 0),
(4489, 0, 'payment_cod', 'payment_cod_total', '0.01', 0),
(1966, 0, 'shipping_flat', 'shipping_flat_sort_order', '1', 0),
(1965, 0, 'shipping_flat', 'shipping_flat_status', '0', 0),
(1964, 0, 'shipping_flat', 'shipping_flat_geo_zone_id', '0', 0),
(1963, 0, 'shipping_flat', 'shipping_flat_tax_class_id', '9', 0),
(1962, 0, 'shipping_flat', 'shipping_flat_cost', '40', 0),
(107, 0, 'total_shipping', 'total_shipping_sort_order', '3', 0),
(108, 0, 'total_sub_total', 'total_sub_total_sort_order', '1', 0),
(109, 0, 'total_sub_total', 'total_sub_total_status', '1', 0),
(3529, 0, 'xcoupon_key', 'xcoupon_key', 'YToyOntzOjM6ImtleSI7czo3OiIxMTg5MjY4IjtzOjEwOiJsYXN0VmVyaWZ5IjtzOjEwOiIyMDIxLTA4LTA5Ijt9', 0),
(3078, 0, 'total_total', 'total_total_sort_order', '9', 0),
(3077, 0, 'total_total', 'total_total_status', '1', 0),
(3076, 0, 'total_tax', 'total_tax_sort_order', '5', 0),
(114, 0, 'total_credit', 'total_credit_sort_order', '7', 0),
(115, 0, 'total_credit', 'total_credit_status', '1', 0),
(116, 0, 'total_reward', 'total_reward_sort_order', '2', 0),
(117, 0, 'total_reward', 'total_reward_status', '1', 0),
(118, 0, 'total_shipping', 'total_shipping_status', '1', 0),
(119, 0, 'total_shipping', 'total_shipping_estimator', '1', 0),
(120, 0, 'total_coupon', 'total_coupon_sort_order', '4', 0),
(121, 0, 'total_coupon', 'total_coupon_status', '1', 0),
(1813, 0, 'total_voucher', 'total_voucher_sort_order', '7', 0),
(1812, 0, 'total_voucher', 'total_voucher_status', '1', 0),
(124, 0, 'module_category', 'module_category_status', '1', 0),
(125, 0, 'module_account', 'module_account_status', '1', 0),
(126, 0, 'theme_default', 'theme_default_product_limit', '15', 0),
(127, 0, 'theme_default', 'theme_default_product_description_length', '100', 0),
(128, 0, 'theme_default', 'theme_default_image_thumb_width', '228', 0),
(129, 0, 'theme_default', 'theme_default_image_thumb_height', '228', 0),
(130, 0, 'theme_default', 'theme_default_image_popup_width', '500', 0),
(131, 0, 'theme_default', 'theme_default_image_popup_height', '500', 0),
(132, 0, 'theme_default', 'theme_default_image_category_width', '80', 0),
(133, 0, 'theme_default', 'theme_default_image_category_height', '80', 0),
(134, 0, 'theme_default', 'theme_default_image_product_width', '228', 0),
(135, 0, 'theme_default', 'theme_default_image_product_height', '228', 0),
(136, 0, 'theme_default', 'theme_default_image_additional_width', '74', 0),
(137, 0, 'theme_default', 'theme_default_image_additional_height', '74', 0),
(138, 0, 'theme_default', 'theme_default_image_related_width', '200', 0),
(139, 0, 'theme_default', 'theme_default_image_related_height', '200', 0),
(140, 0, 'theme_default', 'theme_default_image_compare_width', '90', 0),
(141, 0, 'theme_default', 'theme_default_image_compare_height', '90', 0),
(142, 0, 'theme_default', 'theme_default_image_wishlist_width', '47', 0),
(143, 0, 'theme_default', 'theme_default_image_wishlist_height', '47', 0),
(144, 0, 'theme_default', 'theme_default_image_cart_height', '47', 0),
(145, 0, 'theme_default', 'theme_default_image_cart_width', '47', 0),
(146, 0, 'theme_default', 'theme_default_image_location_height', '50', 0),
(147, 0, 'theme_default', 'theme_default_image_location_width', '268', 0),
(148, 0, 'theme_default', 'theme_default_directory', 'default', 0),
(149, 0, 'theme_default', 'theme_default_status', '1', 0),
(150, 0, 'dashboard_activity', 'dashboard_activity_status', '1', 0),
(151, 0, 'dashboard_activity', 'dashboard_activity_sort_order', '7', 0),
(152, 0, 'dashboard_sale', 'dashboard_sale_status', '1', 0),
(153, 0, 'dashboard_sale', 'dashboard_sale_width', '3', 0),
(154, 0, 'dashboard_chart', 'dashboard_chart_status', '1', 0),
(155, 0, 'dashboard_chart', 'dashboard_chart_width', '6', 0),
(156, 0, 'dashboard_customer', 'dashboard_customer_status', '1', 0),
(157, 0, 'dashboard_customer', 'dashboard_customer_width', '3', 0),
(158, 0, 'dashboard_map', 'dashboard_map_status', '1', 0),
(159, 0, 'dashboard_map', 'dashboard_map_width', '6', 0),
(160, 0, 'dashboard_online', 'dashboard_online_status', '1', 0),
(161, 0, 'dashboard_online', 'dashboard_online_width', '3', 0),
(162, 0, 'dashboard_order', 'dashboard_order_sort_order', '1', 0),
(163, 0, 'dashboard_order', 'dashboard_order_status', '1', 0),
(164, 0, 'dashboard_order', 'dashboard_order_width', '3', 0),
(165, 0, 'dashboard_sale', 'dashboard_sale_sort_order', '2', 0),
(166, 0, 'dashboard_customer', 'dashboard_customer_sort_order', '3', 0),
(167, 0, 'dashboard_online', 'dashboard_online_sort_order', '4', 0),
(168, 0, 'dashboard_map', 'dashboard_map_sort_order', '5', 0),
(169, 0, 'dashboard_chart', 'dashboard_chart_sort_order', '6', 0),
(170, 0, 'dashboard_recent', 'dashboard_recent_status', '1', 0),
(171, 0, 'dashboard_recent', 'dashboard_recent_sort_order', '8', 0),
(172, 0, 'dashboard_activity', 'dashboard_activity_width', '4', 0),
(173, 0, 'dashboard_recent', 'dashboard_recent_width', '8', 0),
(174, 0, 'report_customer_activity', 'report_customer_activity_status', '1', 0),
(175, 0, 'report_customer_activity', 'report_customer_activity_sort_order', '1', 0),
(176, 0, 'report_customer_order', 'report_customer_order_status', '1', 0),
(177, 0, 'report_customer_order', 'report_customer_order_sort_order', '2', 0),
(178, 0, 'report_customer_reward', 'report_customer_reward_status', '1', 0),
(179, 0, 'report_customer_reward', 'report_customer_reward_sort_order', '3', 0),
(180, 0, 'report_customer_search', 'report_customer_search_sort_order', '3', 0),
(181, 0, 'report_customer_search', 'report_customer_search_status', '1', 0),
(182, 0, 'report_customer_transaction', 'report_customer_transaction_status', '1', 0),
(183, 0, 'report_customer_transaction', 'report_customer_transaction_status_sort_order', '4', 0),
(184, 0, 'report_sale_tax', 'report_sale_tax_status', '1', 0),
(185, 0, 'report_sale_tax', 'report_sale_tax_sort_order', '5', 0),
(186, 0, 'report_sale_shipping', 'report_sale_shipping_status', '1', 0),
(187, 0, 'report_sale_shipping', 'report_sale_shipping_sort_order', '6', 0),
(188, 0, 'report_sale_return', 'report_sale_return_status', '1', 0),
(189, 0, 'report_sale_return', 'report_sale_return_sort_order', '7', 0),
(190, 0, 'report_sale_order', 'report_sale_order_status', '1', 0),
(191, 0, 'report_sale_order', 'report_sale_order_sort_order', '8', 0),
(192, 0, 'report_sale_coupon', 'report_sale_coupon_status', '1', 0),
(193, 0, 'report_sale_coupon', 'report_sale_coupon_sort_order', '9', 0),
(194, 0, 'report_product_viewed', 'report_product_viewed_status', '1', 0),
(195, 0, 'report_product_viewed', 'report_product_viewed_sort_order', '10', 0),
(196, 0, 'report_product_purchased', 'report_product_purchased_status', '1', 0),
(197, 0, 'report_product_purchased', 'report_product_purchased_sort_order', '11', 0),
(198, 0, 'report_marketing', 'report_marketing_status', '1', 0),
(199, 0, 'report_marketing', 'report_marketing_sort_order', '12', 0),
(200, 0, 'developer', 'developer_theme', '1', 0),
(201, 0, 'developer', 'developer_sass', '1', 0),
(1874, 0, 'config', 'config_affiliate_group_id', '1', 0),
(1875, 0, 'config', 'config_affiliate_approval', '0', 0),
(1876, 0, 'config', 'config_affiliate_auto', '0', 0),
(1877, 0, 'config', 'config_affiliate_commission', '5', 0),
(1878, 0, 'config', 'config_affiliate_id', '4', 0),
(1868, 0, 'config', 'config_complete_status', '[\"5\",\"3\"]', 1),
(1869, 0, 'config', 'config_fraud_status_id', '7', 0),
(1870, 0, 'config', 'config_api_id', '1', 0),
(1871, 0, 'config', 'config_stock_display', '0', 0),
(1847, 0, 'config', 'config_review_status', '1', 0),
(1848, 0, 'config', 'config_review_guest', '0', 0),
(1849, 0, 'config', 'config_voucher_min', '1', 0),
(1850, 0, 'config', 'config_voucher_max', '1000', 0),
(1851, 0, 'config', 'config_tax', '0', 0),
(1852, 0, 'config', 'config_tax_default', 'shipping', 0),
(1853, 0, 'config', 'config_tax_customer', 'shipping', 0),
(1854, 0, 'config', 'config_customer_online', '0', 0),
(1855, 0, 'config', 'config_customer_activity', '0', 0),
(1856, 0, 'config', 'config_customer_search', '0', 0),
(1857, 0, 'config', 'config_customer_group_id', '1', 0),
(1858, 0, 'config', 'config_customer_group_display', '[\"1\"]', 1),
(1859, 0, 'config', 'config_customer_price', '0', 0),
(1860, 0, 'config', 'config_login_attempts', '5', 0),
(1861, 0, 'config', 'config_account_id', '3', 0),
(1862, 0, 'config', 'config_invoice_prefix', 'INV2021-00', 0),
(1863, 0, 'config', 'config_cart_weight', '1', 0),
(1864, 0, 'config', 'config_checkout_guest', '1', 0),
(1865, 0, 'config', 'config_checkout_id', '5', 0),
(1866, 0, 'config', 'config_order_status_id', '1', 0),
(1867, 0, 'config', 'config_processing_status', '[\"1\",\"5\",\"2\",\"12\",\"3\"]', 1),
(293, 0, 'theme_journal3', 'theme_journal3_status', '1', 0),
(1879, 0, 'config', 'config_return_id', '9', 0),
(1846, 0, 'config', 'config_limit_admin', '20', 0),
(4398, 0, 'shipping_xshippingpro', 'shipping_xshippingpro_selector', '{\"logo\":\"\",\"desc\":\"desc\"}', 1),
(4397, 0, 'shipping_xshippingpro', 'shipping_xshippingpro_estimator', '{\"type\":\"method\",\"selector\":\"#product\",\"css\":\"\"}', 1),
(4396, 0, 'shipping_xshippingpro', 'shipping_xshippingpro_sub_group_name', '{\"1\":\"\",\"2\":\"\",\"3\":\"\",\"4\":\"\",\"5\":\"\",\"6\":\"\",\"7\":\"\",\"8\":\"\",\"9\":\"\",\"10\":\"\"}', 1),
(4394, 0, 'shipping_xshippingpro', 'shipping_xshippingpro_sub_group', '{\"1\":\"lowest\",\"2\":\"no_group\",\"3\":\"no_group\",\"4\":\"no_group\",\"5\":\"no_group\",\"6\":\"no_group\",\"7\":\"no_group\",\"8\":\"no_group\",\"9\":\"no_group\",\"10\":\"no_group\"}', 1),
(4395, 0, 'shipping_xshippingpro', 'shipping_xshippingpro_sub_group_limit', '{\"1\":\"1\",\"2\":\"1\",\"3\":\"1\",\"4\":\"1\",\"5\":\"1\",\"6\":\"1\",\"7\":\"1\",\"8\":\"1\",\"9\":\"1\",\"10\":\"1\"}', 1),
(4393, 0, 'shipping_xshippingpro', 'shipping_xshippingpro_debug', '1', 0),
(4392, 0, 'shipping_xshippingpro', 'shipping_xshippingpro_admin_all', '', 0),
(1880, 0, 'config', 'config_return_status_id', '2', 0),
(4481, 0, 'payment_xpayment', 'payment_xpayment_ui', '{\"css\":\"\",\"logo\":\"\",\"desc\":\"\",\"input\":\"\",\"error\":\"\"}', 1),
(3155, 0, 'total_xfeepro', 'total_xfeepro_debug', '1', 0),
(3153, 0, 'total_xfeepro', 'total_xfeepro_group', '{\"1\":\"no_group\",\"2\":\"no_group\",\"3\":\"no_group\",\"4\":\"no_group\",\"5\":\"no_group\",\"6\":\"no_group\",\"7\":\"no_group\",\"8\":\"no_group\",\"9\":\"no_group\",\"10\":\"no_group\"}', 1),
(3075, 0, 'total_tax', 'total_tax_status', '0', 0),
(3154, 0, 'total_xfeepro', 'total_xfeepro_group_name', '{\"1\":\"\",\"2\":\"\",\"3\":\"\",\"4\":\"\",\"5\":\"\",\"6\":\"\",\"7\":\"\",\"8\":\"\",\"9\":\"\",\"10\":\"\"}', 1),
(5031, 0, 'module_excelport', 'module_excelport_status', '1', 0),
(671, 0, 'module_disable_addtocart', 'module_disable_addtocart_status', '1', 0),
(672, 0, 'module_disable_addtocart', 'module_disable_addtocart_out_stock_status', '[\"5\"]', 1),
(673, 0, 'module_disable_addtocart', 'module_disable_addtocart_button_label1', 'Out of Stock', 0),
(684, 0, 'module_emailtemplate', 'module_emailtemplate_status', '1', 0),
(675, 0, 'module_emailtemplate_newsletter', 'module_emailtemplate_newsletter_status', '1', 0),
(676, 0, 'module_emailtemplate_newsletter', 'module_emailtemplate_newsletter_preference', '1', 0),
(677, 0, 'module_emailtemplate_newsletter', 'module_emailtemplate_newsletter_notification', '1', 0),
(678, 0, 'module_emailtemplate_newsletter', 'module_emailtemplate_newsletter_newsletter', '1', 0),
(679, 0, 'module_emailtemplate_newsletter', 'module_emailtemplate_newsletter_showcase', '1', 0),
(680, 0, 'module_emailtemplate_security', 'module_emailtemplate_security_status', '1', 0),
(681, 0, 'module_emailtemplate_security', 'module_emailtemplate_security_password_changed', '1', 0),
(682, 0, 'module_emailtemplate_security', 'module_emailtemplate_security_ip_changed', '1', 0),
(683, 0, 'module_emailtemplate_security', 'module_emailtemplate_security_login_limit', '1', 0),
(685, 0, 'module_emailtemplate', 'module_emailtemplate_installed', '1', 0),
(4199, 0, 'shipping_ec_ship', 'shipping_ec_ship_tax_class_id', '0', 0),
(4198, 0, 'shipping_ec_ship', 'shipping_ec_ship_weight_class_id', '1', 0),
(4197, 0, 'shipping_ec_ship', 'shipping_ec_ship_local_parcel', '1', 0),
(4196, 0, 'shipping_ec_ship', 'shipping_ec_ship_local_courier_post', '1', 0),
(4195, 0, 'shipping_ec_ship', 'shipping_ec_ship_smart_post', '1', 0),
(4194, 0, 'shipping_ec_ship', 'shipping_ec_ship_speed_post', '1', 0),
(4193, 0, 'shipping_ec_ship', 'shipping_ec_ship_e_express_service_two', '1', 0),
(4192, 0, 'shipping_ec_ship', 'shipping_ec_ship_e_express_service_one', '1', 0),
(4191, 0, 'shipping_ec_ship', 'shipping_ec_ship_e_express_service_to_united_kingdom', '1', 0),
(4190, 0, 'shipping_ec_ship', 'shipping_ec_ship_e_express_service_to_us', '1', 0),
(4189, 0, 'shipping_ec_ship', 'shipping_ec_ship_air_parcel', '1', 0),
(4188, 0, 'shipping_ec_ship', 'shipping_ec_ship_air_registered_mail', '1', 0),
(4187, 0, 'shipping_ec_ship', 'shipping_ec_ship_test', '1', 0),
(4186, 0, 'shipping_ec_ship', 'shipping_ec_ship_username', 'tibizasia', 0),
(4185, 0, 'shipping_ec_ship', 'shipping_ec_ship_api_username', 'ibizasia', 0),
(4184, 0, 'shipping_ec_ship', 'shipping_ec_ship_api_key', '7978e52e-184a-45ac-ab73-533fe355f402', 0),
(4488, 0, 'payment_xpayment1', 'payment_xpayment1_status', '1', 0),
(4482, 0, 'payment_xpayment', 'payment_xpayment_debug', '1', 0),
(4480, 0, 'payment_xpayment', 'payment_xpayment_admin_all', '', 0),
(1300, 0, 'xpayment_key', 'xpayment_key', 'YToyOntzOjM6ImtleSI7czo2OiI4NTU5ODYiO3M6MTA6Imxhc3RWZXJpZnkiO3M6MTA6IjIwMjEtMDctMTciO30=', 0),
(4391, 0, 'shipping_xshippingpro', 'shipping_xshippingpro_desc_mail', '', 0),
(3300, 0, 'module_hidden_shipping_adjustments', 'module_hidden_shipping_adjustments_adjustment_2_rule_1_comparison', 'is', 0),
(3301, 0, 'module_hidden_shipping_adjustments', 'module_hidden_shipping_adjustments_adjustment_2_rule_1_value', 'SF Express Standard', 0),
(3297, 0, 'module_hidden_shipping_adjustments', 'module_hidden_shipping_adjustments_adjustment_2_shipping_method', 'xshippingpro', 0),
(3298, 0, 'module_hidden_shipping_adjustments', 'module_hidden_shipping_adjustments_adjustment_2_charges', '+10', 0),
(3299, 0, 'module_hidden_shipping_adjustments', 'module_hidden_shipping_adjustments_adjustment_2_rule_1_type', 'shipping_rate', 0),
(3296, 0, 'module_hidden_shipping_adjustments', 'module_hidden_shipping_adjustments_adjustment_2_name', 'Test', 0),
(3293, 0, 'module_hidden_shipping_adjustments', 'module_hidden_shipping_adjustments_adjustment_3_rule_1_type', 'shipping_rate', 0),
(3294, 0, 'module_hidden_shipping_adjustments', 'module_hidden_shipping_adjustments_adjustment_3_rule_1_comparison', 'not', 0),
(3295, 0, 'module_hidden_shipping_adjustments', 'module_hidden_shipping_adjustments_adjustment_3_rule_1_value', 'Smart Post,Local Courier Post,Local Parcel', 0),
(3291, 0, 'module_hidden_shipping_adjustments', 'module_hidden_shipping_adjustments_adjustment_3_shipping_method', 'ec_ship', 0),
(3292, 0, 'module_hidden_shipping_adjustments', 'module_hidden_shipping_adjustments_adjustment_3_charges', '20', 0),
(3289, 0, 'module_hidden_shipping_adjustments', 'module_hidden_shipping_adjustments_adjustment_1_rule_1_value', 'Smart Post,Local Courier Post,Local Parcel', 0),
(3290, 0, 'module_hidden_shipping_adjustments', 'module_hidden_shipping_adjustments_adjustment_3_name', 'EC-Ship HK', 0),
(3287, 0, 'module_hidden_shipping_adjustments', 'module_hidden_shipping_adjustments_adjustment_1_rule_1_type', 'shipping_rate', 0),
(4487, 0, 'payment_xpayment2', 'payment_xpayment2_status', '1', 0),
(4486, 0, 'payment_xpayment3', 'payment_xpayment3_status', '1', 0),
(4484, 0, 'payment_xpayment5', 'payment_xpayment5_status', '1', 0),
(4485, 0, 'payment_xpayment4', 'payment_xpayment4_status', '1', 0),
(4483, 0, 'payment_xpayment6', 'payment_xpayment6_status', '1', 0),
(1872, 0, 'config', 'config_stock_warning', '0', 0),
(1873, 0, 'config', 'config_stock_checkout', '0', 0),
(1845, 0, 'config', 'config_product_count', '1', 0),
(1844, 0, 'config', 'config_weight_class_id', '1', 0),
(1843, 0, 'config', 'config_length_class_id', '1', 0),
(1842, 0, 'config', 'config_currency_auto', '1', 0),
(1841, 0, 'config', 'config_currency', 'HKD', 0),
(1840, 0, 'config', 'config_admin_language', 'en-gb', 0),
(1839, 0, 'config', 'config_language', 'en-gb', 0),
(1836, 0, 'config', 'config_country_id', '96', 0),
(1837, 0, 'config', 'config_zone_id', '1417', 0),
(1838, 0, 'config', 'config_timezone', 'Asia/Hong_Kong', 0),
(1835, 0, 'config', 'config_comment', '', 0),
(1834, 0, 'config', 'config_open', 'Opening Hours Mon~Sat 11:00 to 18:30', 0),
(1833, 0, 'config', 'config_image', 'catalog/logo/our/ibizgift-logo-567x227.png', 0),
(1832, 0, 'config', 'config_fax', '', 0),
(1829, 0, 'config', 'config_geocode', '', 0),
(1830, 0, 'config', 'config_email', 'cs@cutieplant.com', 0),
(1831, 0, 'config', 'config_telephone', '21100987', 0),
(1828, 0, 'config', 'config_address', 'Unit 227, 1/F, Lee Ka Industrial Building, \r\n8 Ng Fong Street, \r\nSan Po Kong, \r\nKowloon, \r\nHong Kong', 0),
(1823, 0, 'config', 'config_meta_keyword', 'ibizgift', 0),
(1824, 0, 'config', 'config_theme', 'journal3', 0),
(1825, 0, 'config', 'config_layout_id', '4', 0),
(1826, 0, 'config', 'config_name', 'ibizgift', 0),
(1827, 0, 'config', 'config_owner', 'ibizgift', 0),
(1822, 0, 'config', 'config_meta_description', 'ibizgift', 0),
(1821, 0, 'config', 'config_meta_title', 'ibizgift', 0),
(3152, 0, 'total_xfeepro', 'total_xfeepro_address', 'p', 0),
(1814, 0, 'total_handling', 'total_handling_total', '', 0),
(1815, 0, 'total_handling', 'total_handling_fee', '', 0),
(1816, 0, 'total_handling', 'total_handling_tax_class_id', '0', 0),
(1817, 0, 'total_handling', 'total_handling_status', '0', 0),
(1818, 0, 'total_handling', 'total_handling_sort_order', '5', 0),
(4995, 0, 'module_xcoupon', 'module_xcoupon_debug', '1', 0),
(4994, 0, 'module_xcoupon', 'module_xcoupon_status', '1', 0),
(1905, 0, 'config', 'config_error_display', '1', 0),
(1906, 0, 'config', 'config_error_log', '1', 0),
(1907, 0, 'config', 'config_error_filename', 'error.log', 0),
(1910, 0, 'module_generator', 'module_generator_order_min', '451', 0),
(1911, 0, 'module_generator', 'module_generator_order_max', '987', 0),
(1912, 0, 'module_generator', 'module_generator_status', '1', 0),
(1913, 0, 'module_generator', 'module_generator_invoice_type', '1', 0),
(1914, 0, 'module_generator', 'module_generator_invoice_min', '1', 0),
(1915, 0, 'module_generator', 'module_generator_invoice_max', '1', 0),
(1916, 0, 'module_generator', 'module_generator_invoice_status', '1', 0),
(4389, 0, 'shipping_xshippingpro', 'shipping_xshippingpro_sorting', '2', 0),
(4390, 0, 'shipping_xshippingpro', 'shipping_xshippingpro_heading', '{\"1\":\"Shipping Options\",\"2\":\"\",\"3\":\"\"}', 1),
(4388, 0, 'shipping_xshippingpro', 'shipping_xshippingpro_group_limit', '5', 0),
(4387, 0, 'shipping_xshippingpro', 'shipping_xshippingpro_group', 'lowest', 0),
(3151, 0, 'total_xfeepro', 'total_xfeepro_map_api', '', 0),
(3150, 0, 'total_xfeepro', 'total_xfeepro_sort_order', '8', 0),
(3149, 0, 'total_xfeepro', 'total_xfeepro_status', '1', 0),
(3288, 0, 'module_hidden_shipping_adjustments', 'module_hidden_shipping_adjustments_adjustment_1_rule_1_comparison', 'is', 0),
(3285, 0, 'module_hidden_shipping_adjustments', 'module_hidden_shipping_adjustments_adjustment_1_shipping_method', 'ec_ship', 0),
(3286, 0, 'module_hidden_shipping_adjustments', 'module_hidden_shipping_adjustments_adjustment_1_charges', '5', 0),
(3284, 0, 'module_hidden_shipping_adjustments', 'module_hidden_shipping_adjustments_adjustment_1_name', 'EC-Ship HK', 0),
(3283, 0, 'module_hidden_shipping_adjustments', 'module_hidden_shipping_adjustments_tooltips', '1', 0),
(3282, 0, 'module_hidden_shipping_adjustments', 'module_hidden_shipping_adjustments_display', 'expanded', 0),
(3280, 0, 'module_hidden_shipping_adjustments', 'module_hidden_shipping_adjustments_status', '1', 0),
(3281, 0, 'module_hidden_shipping_adjustments', 'module_hidden_shipping_adjustments_autosave', '0', 0),
(3222, 0, '3a46605a58ec87244f9d09cff411422e', '3a46605a58ec87244f9d09cff411422e', 'eyJzdXBwb3J0X2RhdGUiOiIyMDE5LTA1LTI5IiwibGljZW5zZSI6IkRaMUZJLThURFdDLUFDNEIwIiwiZW1haWwiOiJ3ZWJkZXNpZ25lckBpYml6YXNpYS5jb20iLCJ3ZWJzaXRlIjoiY3V0aWVwbGFudC5jb20iLCJpcCI6IjE3My4yMzEuMTk4LjE0NyJ9', 0),
(3223, 0, 'mlseo', 'mlseo_whitespace', '-', 0),
(3224, 0, 'mlseo', 'mlseo_extension', '', 0),
(3225, 0, 'mlseo', 'mlseo_hreflang', '1', 0),
(3226, 0, 'mlseo', 'mlseo_friendly', '1', 0),
(3227, 0, 'mlseo', 'mlseo_lowercase', '1', 0),
(3228, 0, 'mlseo', 'mlseo_duplicate', '1', 0),
(3229, 0, 'mlseo', 'mlseo_canonical', '1', 0),
(3230, 0, 'mlseo', 'mlseo_pagination_fix', '1', 0),
(3231, 0, 'mlseo', 'mlseo_default_lang', 'en-gb', 0),
(3232, 0, 'mlseo', 'mlseo_insertautotitle', '1', 0),
(3233, 0, 'mlseo', 'mlseo_insertautourl', '1', 0),
(3234, 0, 'mlseo', 'mlseo_editautourl', '1', 0),
(3235, 0, 'mlseo', 'mlseo_insertautometakeyword', '1', 0),
(3236, 0, 'mlseo', 'mlseo_editautometakeyword', '1', 0),
(3237, 0, 'mlseo', 'mlseo_insertautoseotitle', '1', 0),
(3238, 0, 'mlseo', 'mlseo_editautoseotitle', '1', 0),
(3239, 0, 'mlseo', 'mlseo_insertautometadesc', '1', 0),
(3240, 0, 'mlseo', 'mlseo_editautometadesc', '1', 0),
(3241, 0, 'mlseo', 'mlseo_safe_url', 'ext', 0),
(3242, 0, 'mlseo', 'mlseo_product_url_pattern', '[name]', 0),
(3243, 0, 'mlseo', 'mlseo_product_h1_pattern', '[name]', 0),
(3244, 0, 'mlseo', 'mlseo_product_h2_pattern', '[name]', 0),
(3245, 0, 'mlseo', 'mlseo_product_h3_pattern', '[name]', 0),
(3246, 0, 'mlseo', 'mlseo_product_image_alt_pattern', '[name]', 0),
(3247, 0, 'mlseo', 'mlseo_product_image_title_pattern', '[name]', 0),
(3248, 0, 'mlseo', 'mlseo_product_image_name_pattern', '[name]', 0),
(3249, 0, 'mlseo', 'mlseo_product_title_pattern', '[name] - [model]', 0),
(3250, 0, 'mlseo', 'mlseo_product_keyword_pattern', '[name], [model], [category]', 0),
(3251, 0, 'mlseo', 'mlseo_product_description_pattern', '[name] - [model] - [category] - [desc]', 0),
(3252, 0, 'mlseo', 'mlseo_product_full_desc_pattern', '[name] - [model] - [category]', 0),
(3253, 0, 'mlseo', 'mlseo_product_tag_pattern', '[name], [model], [category]', 0),
(3254, 0, 'mlseo', 'mlseo_category_url_pattern', '[name]', 0),
(3255, 0, 'mlseo', 'mlseo_category_h1_pattern', '[name]', 0),
(3256, 0, 'mlseo', 'mlseo_category_h2_pattern', '[name]', 0),
(3257, 0, 'mlseo', 'mlseo_category_h3_pattern', '[name]', 0),
(3258, 0, 'mlseo', 'mlseo_category_title_pattern', '[name]', 0),
(3259, 0, 'mlseo', 'mlseo_category_keyword_pattern', '[name], [desc]', 0),
(3260, 0, 'mlseo', 'mlseo_category_description_pattern', '[name] - [desc]', 0),
(3261, 0, 'mlseo', 'mlseo_category_full_desc_pattern', '[name]', 0),
(3262, 0, 'mlseo', 'mlseo_information_url_pattern', '[name]', 0),
(3263, 0, 'mlseo', 'mlseo_information_h1_pattern', '[name]', 0),
(3264, 0, 'mlseo', 'mlseo_information_h2_pattern', '[name]', 0),
(3265, 0, 'mlseo', 'mlseo_information_h3_pattern', '[name]', 0),
(3266, 0, 'mlseo', 'mlseo_information_title_pattern', '[name]', 0),
(3267, 0, 'mlseo', 'mlseo_information_keyword_pattern', '[name] [desc]', 0),
(3268, 0, 'mlseo', 'mlseo_information_description_pattern', '[name] - [desc]', 0),
(3269, 0, 'mlseo', 'mlseo_information_full_desc_pattern', '[name]', 0),
(3270, 0, 'mlseo', 'mlseo_manufacturer_url_pattern', '[name]', 0),
(3271, 0, 'mlseo', 'mlseo_manufacturer_h1_pattern', '[name]', 0),
(3272, 0, 'mlseo', 'mlseo_manufacturer_h2_pattern', '[name]', 0),
(3273, 0, 'mlseo', 'mlseo_manufacturer_h3_pattern', '[name]', 0),
(3274, 0, 'mlseo', 'mlseo_manufacturer_title_pattern', '[name]', 0),
(3275, 0, 'mlseo', 'mlseo_product_related_relevance', '5', 0),
(3276, 0, 'mlseo', 'mlseo_product_related_no', '5', 0),
(3277, 0, 'mlseo', 'mlseo_microdata_data', '{\"model\":1,\"desc\":1,\"brand\":1,\"reviews\":1,\"product\":1,\"organization\":1,\"store\":1,\"website\":1,\"breadcrumbs\":1,\"organization_search\":1,\"store_logo\":1,\"store_mail\":1,\"website_search\":1}', 1),
(3278, 0, 'mlseo', 'mlseo_tcard_data', '{\"desc\":1}', 1),
(3279, 0, 'mlseo', 'mlseo_opengraph_data', '{\"desc\":1}', 1),
(4386, 0, 'shipping_xshippingpro', 'shipping_xshippingpro_map_api', '', 0),
(4385, 0, 'shipping_xshippingpro', 'shipping_xshippingpro_sort_order', '4', 0),
(4384, 0, 'shipping_xshippingpro', 'shipping_xshippingpro_status', '1', 0),
(3452, 0, 'xshippingpro_key', 'xshippingpro_key', 'YToyOntzOjM6ImtleSI7czo2OiI4NTYwMjQiO3M6MTA6Imxhc3RWZXJpZnkiO3M6MTA6IjIwMjEtMDgtMDkiO30=', 0),
(3453, 0, 'xfeepro_key', 'xfeepro_key', 'YToyOntzOjM6ImtleSI7czo2OiI4NTYwMjQiO3M6MTA6Imxhc3RWZXJpZnkiO3M6MTA6IjIwMjEtMDgtMDkiO30=', 0),
(4122, 0, 'module_restrict_shipping', 'module_restrict_shipping_rule_set_1_name', '', 0),
(4123, 0, 'module_restrict_shipping', 'module_restrict_shipping_testing_mode', '0', 0),
(4253, 0, 'module_restrict_shipping', 'module_restrict_shipping_restriction_2_rule_2_value', '176', 0),
(4120, 0, 'module_restrict_shipping', 'module_restrict_shipping_product_group_1_name', '', 0),
(4121, 0, 'module_restrict_shipping', 'module_restrict_shipping_product_group_1_subcategories', '0', 0),
(4249, 0, 'module_restrict_shipping', 'module_restrict_shipping_restriction_2_rule_2_type', 'country', 0),
(4252, 0, 'module_restrict_shipping', 'module_restrict_shipping_restriction_2_rule_2_comparison', 'not', 0),
(4115, 0, 'module_restrict_shipping', 'module_restrict_shipping_restriction_1_rule_3_comparison', 'not', 0),
(4116, 0, 'module_restrict_shipping', 'module_restrict_shipping_restriction_1_rule_3_value', '153', 0),
(4254, 0, 'module_restrict_shipping', 'module_restrict_shipping_restriction_3_rule_2_type', 'country', 0),
(4114, 0, 'module_restrict_shipping', 'module_restrict_shipping_restriction_1_rule_3_type', 'country', 0),
(4465, 0, 'module_may_advanced_options', 'module_may_advanced_options_status', '1', 0),
(4257, 0, 'module_restrict_shipping', 'module_restrict_shipping_restriction_3_rule_2_comparison', 'not', 0),
(4109, 0, 'module_restrict_shipping', 'module_restrict_shipping_restriction_1_rule_1_comparison', 'is', 0),
(4110, 0, 'module_restrict_shipping', 'module_restrict_shipping_restriction_1_rule_1_value', 'e-Express Service', 0),
(4108, 0, 'module_restrict_shipping', 'module_restrict_shipping_restriction_1_rule_1_type', 'shipping_rate', 0),
(4218, 0, 'module_restrict_shipping', 'module_restrict_shipping_restriction_1_name', 'e-Express Service', 0),
(4107, 0, 'module_restrict_shipping', 'module_restrict_shipping_restriction_1_methods', 'ec_ship', 0),
(4228, 0, 'module_restrict_shipping', 'module_restrict_shipping_restriction_2_methods', 'ec_ship', 0),
(4105, 0, 'module_restrict_shipping', 'module_restrict_shipping_tooltips', '1', 0),
(4101, 0, 'module_restrict_shipping', 'module_restrict_shipping_google_apikey', '', 0),
(4102, 0, 'module_restrict_shipping', 'module_restrict_shipping_autosave', '1', 0),
(4103, 0, 'module_restrict_shipping', 'module_restrict_shipping_autocomplete_preloading', '1', 0),
(4104, 0, 'module_restrict_shipping', 'module_restrict_shipping_display', 'expanded', 0),
(4100, 0, 'module_restrict_shipping', 'module_restrict_shipping_distance_units', 'mi', 0),
(4099, 0, 'module_restrict_shipping', 'module_restrict_shipping_distance_calculation', 'driving', 0),
(4098, 0, 'module_restrict_shipping', 'module_restrict_shipping_status', '1', 0),
(4200, 0, 'shipping_ec_ship', 'shipping_ec_ship_geo_zone_id', '0', 0),
(4201, 0, 'shipping_ec_ship', 'shipping_ec_ship_status', '1', 0),
(4202, 0, 'shipping_ec_ship', 'shipping_ec_ship_sort_order', '0', 0),
(4258, 0, 'module_restrict_shipping', 'module_restrict_shipping_restriction_3_rule_2_value', '176', 0),
(4259, 0, 'module_restrict_shipping', 'module_restrict_shipping_restriction_3_methods', 'ec_ship', 0),
(4227, 0, 'module_restrict_shipping', 'module_restrict_shipping_restriction_2_name', 'Air Parcel', 0),
(4237, 0, 'module_restrict_shipping', 'module_restrict_shipping_restriction_3_name', 'SpeedPost', 0),
(4241, 0, 'module_restrict_shipping', 'module_restrict_shipping_restriction_2_rule_1_comparison', 'is', 0),
(4242, 0, 'module_restrict_shipping', 'module_restrict_shipping_restriction_2_rule_1_value', 'Air Parcel', 0),
(4240, 0, 'module_restrict_shipping', 'module_restrict_shipping_restriction_2_rule_1_type', 'shipping_rate', 0),
(4243, 0, 'module_restrict_shipping', 'module_restrict_shipping_restriction_3_rule_1_type', 'shipping_rate', 0),
(4246, 0, 'module_restrict_shipping', 'module_restrict_shipping_restriction_3_rule_1_comparison', 'is', 0),
(4248, 0, 'module_restrict_shipping', 'module_restrict_shipping_restriction_3_rule_1_value', 'SpeedPost', 0),
(4433, 0, 'may_advanced_options', 'may_advanced_options_status', '1', 0),
(4434, 0, 'may_advanced_options', 'may_advanced_options_attribute_model', '1', 0),
(4435, 0, 'may_advanced_options', 'may_advanced_options_attribute_sku', '1', 0),
(4436, 0, 'may_advanced_options', 'may_advanced_options_attribute_upc', '1', 0),
(4437, 0, 'may_advanced_options', 'may_advanced_options_attribute_ean', '1', 0),
(4438, 0, 'may_advanced_options', 'may_advanced_options_attribute_jan', '1', 0),
(4439, 0, 'may_advanced_options', 'may_advanced_options_attribute_isbn', '1', 0),
(4440, 0, 'may_advanced_options', 'may_advanced_options_attribute_mpn', '1', 0),
(4441, 0, 'may_advanced_options', 'may_advanced_options_attribute_location', '1', 0),
(4442, 0, 'may_advanced_options', 'may_advanced_options_attribute_quantity', '1', 0),
(4443, 0, 'may_advanced_options', 'may_advanced_options_attribute_stock_status', '1', 0),
(4444, 0, 'may_advanced_options', 'may_advanced_options_attribute_price', '1', 0),
(4445, 0, 'may_advanced_options', 'may_advanced_options_attribute_weight', '1', 0),
(4446, 0, 'may_advanced_options', 'may_advanced_options_attribute_dimension', '1', 0),
(4447, 0, 'may_advanced_options', 'may_advanced_options_swatches', '1', 0),
(4448, 0, 'may_advanced_options', 'may_advanced_options_swatch_image', '0', 0),
(4449, 0, 'may_advanced_options', 'may_advanced_options_show_out_of_stock_option', '1', 0),
(4450, 0, 'may_advanced_options', 'may_advanced_options_show_option_price', '1', 0),
(4451, 0, 'may_advanced_options', 'may_advanced_options_show_first_option_in_list', '1', 0),
(4452, 0, 'may_advanced_options', 'may_advanced_options_option_select_effect_in_list', '0', 0),
(4453, 0, 'may_advanced_options', 'may_advanced_options_show_attribute_label', '0', 0),
(4454, 0, 'may_advanced_options', 'may_advanced_options_swatch_style_shape', 'custom', 0),
(4455, 0, 'may_advanced_options', 'may_advanced_options_swatch_style_size_width', '35', 0),
(4456, 0, 'may_advanced_options', 'may_advanced_options_swatch_style_size_height', '35', 0),
(4457, 0, 'may_advanced_options', 'may_advanced_options_swatch_style_size_radius', '4', 0),
(4458, 0, 'may_advanced_options', 'may_advanced_options_swatch_style_selected', 'default', 0),
(4459, 0, 'may_advanced_options', 'may_advanced_options_swatch_style_out_of_stock', 'cross', 0),
(4460, 0, 'may_advanced_options', 'may_advanced_options_swatch_style_border_width', '1', 0),
(4461, 0, 'may_advanced_options', 'may_advanced_options_swatch_style_border_color_default', 'dddddd', 0),
(4462, 0, 'may_advanced_options', 'may_advanced_options_swatch_style_border_color_selected', '555555', 0),
(4463, 0, 'may_advanced_options', 'may_advanced_options_swatch_style_space_padding', '1', 0),
(4464, 0, 'may_advanced_options', 'may_advanced_options_swatch_css', '.may-swatches label {\r\n	margin-right: 2px;\r\n	position: relative;\r\n	cursor: pointer;\r\n}\r\n.may-swatches label i,\r\n.may-swatches input[type=radio] {\r\n	display: none;\r\n}\r\n.may-swatches input[type=radio] + img,\r\n.may-swatches input[type=radio] + span {\r\n	display: inline-block;\r\n	text-align: center;\r\n	-webkit-transition: border .2s ease-in-out;\r\n	-o-transition: border .2s ease-in-out;\r\n	transition: border .2s ease-in-out;\r\n	-webkit-transition: background .2s ease-in-out;\r\n	-o-transition: background .2s ease-in-out;\r\n	transition: background .2s ease-in-out;\r\n	-webkit-transition: opacity .2s ease-in-out;\r\n	-o-transition: opacity .2s ease-in-out;\r\n	transition: opacity .2s ease-in-out;\r\n	opacity: 0.8;\r\n	vertical-align: top;\r\n}\r\n.may-swatches input[type=radio] + img {\r\n	background: #fff !important;\r\n}\r\n.may-swatches input[type=radio]:enabled + img:hover,\r\n.may-swatches input[type=radio]:enabled + span:hover {\r\n	background-color: #eee;\r\n	opacity: 1;\r\n}\r\n.may-swatches input[type=radio]:checked + img,\r\n.may-swatches input[type=radio]:checked + span {\r\n	opacity: 1 !important;\r\n}\r\n.may-swatches input[type=radio]:checked + img + i.fa-check,\r\n.may-swatches input[type=radio]:checked + span + i.fa-check {\r\n	display: inline-block;\r\n	color: #fff;\r\n	position: absolute;\r\n	text-align: center;\r\n	font-size: 140%;\r\n	-webkit-text-stroke: 0.5px black;\r\n	background: rgba(0,0,0,0.05);\r\n}\r\n.may-swatches input[type=radio].out-of-stock + img + i.slash,\r\n.may-swatches input[type=radio].out-of-stock + span + i.slash {\r\n	display: inline-block;\r\n	position: absolute;\r\n}\r\n.may-swatches input[type=radio].out-of-stock + img + i.cross,\r\n.may-swatches input[type=radio].out-of-stock + span + i.cross {\r\n	display: inline-block;\r\n	position: absolute;\r\n}\r\n.may-swatches input[type=radio].out-of-stock + span {\r\n	color: #ccc;\r\n	background: rgba(0,0,0,0.05);\r\n}\r\n.may-swatches input[type=radio]:disabled + span {\r\n	background-color: #f0f0f0;\r\n	color: #e0e0e0;\r\n	cursor: default;\r\n}\r\n.may-swatches input[type=radio].out-of-stock + img {\r\n	opacity: .3;\r\n}\r\n.may-swatches input[type=radio]:disabled + img {\r\n	opacity: .3;\r\n	cursor: default;\r\n}\r\n.may-swatches.in-grid-view {\r\n	text-align: center;\r\n}\r\n.may-swatches.in-grid-view,\r\n.may-swatches.in-list-view {\r\n	padding-top: 5px;\r\n}\r\n.may-add-to-cart-disabled {\r\n	position: relative;\r\n}\r\n.may-add-to-cart-disabled:after {\r\n	display: block;\r\n	width: 100%;\r\n	height: 100%;\r\n	position: absolute;\r\n	left: 0;\r\n	top: 0;\r\n	z-index: 9999;\r\n	background: rgba(0, 0, 0, 0.3);\r\n}\r\n.may-loading {\r\n	display: inline-block;\r\n	position: relative;\r\n	width: 80px;\r\n	height: 80px;\r\n}\r\n.may-loading div {\r\n	position: absolute;\r\n	width: 6px;\r\n	height: 6px;\r\n	background: #ddd;\r\n	border-radius: 50%;\r\n	animation: may-loading 1.2s linear infinite;\r\n}\r\n.may-loading div:nth-child(1) {\r\n	animation-delay: 0s;\r\n	top: 37px;\r\n	left: 66px;\r\n}\r\n.may-loading div:nth-child(2) {\r\n	animation-delay: -0.1s;\r\n	top: 22px;\r\n	left: 62px;\r\n}\r\n.may-loading div:nth-child(3) {\r\n	animation-delay: -0.2s;\r\n	top: 11px;\r\n	left: 52px;\r\n}\r\n.may-loading div:nth-child(4) {\r\n	animation-delay: -0.3s;\r\n	top: 7px;\r\n	left: 37px;\r\n}\r\n.may-loading div:nth-child(5) {\r\n	animation-delay: -0.4s;\r\n	top: 11px;\r\n	left: 22px;\r\n}\r\n.may-loading div:nth-child(6) {\r\n	animation-delay: -0.5s;\r\n	top: 22px;\r\n	left: 11px;\r\n}\r\n.may-loading div:nth-child(7) {\r\n	animation-delay: -0.6s;\r\n	top: 37px;\r\n	left: 7px;\r\n}\r\n.may-loading div:nth-child(8) {\r\n	animation-delay: -0.7s;\r\n	top: 52px;\r\n	left: 11px;\r\n}\r\n.may-loading div:nth-child(9) {\r\n	animation-delay: -0.8s;\r\n	top: 62px;\r\n	left: 22px;\r\n}\r\n.may-loading div:nth-child(10) {\r\n	animation-delay: -0.9s;\r\n	top: 66px;\r\n	left: 37px;\r\n}\r\n.may-loading div:nth-child(11) {\r\n	animation-delay: -1s;\r\n	top: 62px;\r\n	left: 52px;\r\n}\r\n.may-loading div:nth-child(12) {\r\n	animation-delay: -1.1s;\r\n	top: 52px;\r\n	left: 62px;\r\n}\r\n@keyframes may-loading {\r\n	0%, 20%, 80%, 100% {\r\n		transform: scale(1);\r\n	}\r\n	50% {\r\n		transform: scale(1.5);\r\n	}\r\n}\r\nul.thumbnails li {\r\n	position: relative;\r\n}\r\nul.thumbnails li .may-loading {\r\n	position: absolute;\r\n	left: 50%;\r\n	top: 50%;\r\n	margin-left: -40px;\r\n	margin-top: -40px;\r\n}\r\nul.thumbnails li.image-additional .may-loading {\r\n	display: none;\r\n}\r\n.may-loading div {\r\n	background: #ddd;\r\n}\r\n.hidden {\r\n	display: none !important;\r\n}\r\n#error-quantity.has-error {\r\n	margin-top: 5px;\r\n	color: rgba(208, 30, 36, 1) !important;\r\n}\r\n			', 0),
(5034, 0, 'module_elfinder', 'module_elfinder_setting', '{\"lang\":\"en\",\"path_custom\":\"0\",\"path\":\"\\/home\\/ibizho6\\/public_html\\/cutieplant\\/oc3037jt318ig-a07\\/image\\/\",\"URL\":\"https:\\/\\/www.cutieplant.com\\/image\",\"tmpPath\":\"\\/home\\/ibizho6\\/public_html\\/cutieplant\\/oc3037jt318ig-a07\\/image\\/cache\\/.tmp\",\"tmbPath\":\"\\/home\\/ibizho6\\/public_html\\/cutieplant\\/oc3037jt318ig-a07\\/image\\/cache\\/_elf_tmb\",\"tmbURL\":\"https:\\/\\/www.cutieplant.com\\/image\\/cache\\/_elf_tmb\",\"trash\":\"0\",\"js_loadTmbs\":\"15\",\"js_showFiles\":\"60\",\"js_showThreshold\":\"200\",\"search_autofocus\":\"1\",\"debug\":\"0\",\"watermark_enable\":\"0\",\"watermark_source\":\"elfinder_watermark.png\",\"watermark_targetMinPixel\":\"300\",\"watermark_position\":\"RB\",\"watermark_ratio\":\"0.2\",\"watermark_marginX\":\"10\",\"watermark_marginY\":\"10\",\"watermark_transparency\":\"60\",\"watermark_quality\":\"95\",\"watermark_offDropWith\":\"1\",\"watermark_onDropWith\":\"0\",\"autoresize_enable\":\"0\",\"autoresize_maxWidth\":\"1024\",\"autoresize_maxHeight\":\"1024\",\"autoresize_quality\":\"95\",\"autoresize_offDropWith\":\"1\",\"autoresize_onDropWith\":\"0\"}', 1),
(4479, 0, 'payment_xpayment', 'payment_xpayment_status', '1', 0),
(4492, 0, 'payment_cod', 'payment_cod_status', '0', 0),
(4493, 0, 'payment_cod', 'payment_cod_sort_order', '5', 0),
(5220, 0, 'module_admin_quick_edit', 'module_admin_quick_edit_catalog_downloads_default_sort', 'dd.name', 0),
(5221, 0, 'module_admin_quick_edit', 'module_admin_quick_edit_catalog_downloads_default_order', 'ASC', 0),
(5222, 0, 'module_admin_quick_edit', 'module_admin_quick_edit_catalog_reviews_status', '0', 0),
(5223, 0, 'module_admin_quick_edit', 'module_admin_quick_edit_design_seo_urls_status', '0', 0),
(5224, 0, 'module_admin_quick_edit', 'module_admin_quick_edit_sale_voucher_themes_default_sort', 'vtd.name', 0),
(5225, 0, 'module_admin_quick_edit', 'module_admin_quick_edit_sale_voucher_themes_default_order', 'ASC', 0),
(5226, 0, 'module_admin_quick_edit', 'module_admin_quick_edit_catalog_categories', '{\"selector\":{\"display\":1,\"qe_status\":0,\"editable\":0,\"index\":\"0\",\"align\":\"text-center\",\"type\":\"\",\"sort\":\"\",\"filter\":{\"show\":0,\"type\":0,\"autocomplete\":false}},\"id\":{\"display\":0,\"qe_status\":0,\"editable\":0,\"index\":\"5\",\"align\":\"text-left\",\"type\":\"\",\"sort\":\"cp.category_id\",\"filter\":{\"show\":1,\"type\":0,\"autocomplete\":false}},\"image\":{\"display\":0,\"qe_status\":1,\"editable\":1,\"index\":\"10\",\"align\":\"text-center\",\"type\":\"image_qe\",\"sort\":\"\",\"filter\":{\"show\":1,\"type\":1,\"autocomplete\":false}},\"parent\":{\"display\":0,\"qe_status\":1,\"editable\":1,\"index\":\"15\",\"align\":\"text-left\",\"type\":\"parent_qe\",\"sort\":\"path\",\"filter\":{\"show\":1,\"type\":1,\"autocomplete\":false},\"rel\":[\"name\"]},\"name\":{\"display\":1,\"qe_status\":1,\"editable\":1,\"index\":\"20\",\"align\":\"text-left\",\"type\":\"name_qe\",\"sort\":\"name\",\"filter\":{\"show\":1,\"type\":0,\"autocomplete\":{\"return\":{\"label\":\"short_name\",\"value\":\"category_id\"}}}},\"column\":{\"display\":0,\"qe_status\":1,\"editable\":1,\"index\":\"25\",\"align\":\"text-left\",\"type\":\"qe\",\"sort\":\"c.column\",\"filter\":{\"show\":1,\"type\":0,\"autocomplete\":false}},\"top\":{\"display\":0,\"qe_status\":1,\"editable\":1,\"index\":\"30\",\"align\":\"text-center\",\"type\":\"yes_no_qe\",\"sort\":\"c.top\",\"filter\":{\"show\":1,\"type\":0,\"autocomplete\":false}},\"seo\":{\"display\":0,\"qe_status\":1,\"editable\":1,\"index\":\"35\",\"align\":\"text-left\",\"type\":\"seo_qe\",\"sort\":\"seo\",\"filter\":{\"show\":1,\"type\":0,\"autocomplete\":{\"return\":{\"label\":\"seo\",\"value\":\"category_id\"}}},\"rel\":[\"view_in_store\"]},\"filter\":{\"display\":0,\"qe_status\":1,\"editable\":1,\"index\":\"40\",\"align\":\"text-left\",\"type\":\"filter_qe\",\"sort\":\"\",\"filter\":{\"show\":1,\"type\":1,\"autocomplete\":false}},\"store\":{\"display\":0,\"qe_status\":1,\"editable\":1,\"index\":\"45\",\"align\":\"text-left\",\"type\":\"store_qe\",\"sort\":\"\",\"filter\":{\"show\":1,\"type\":1,\"autocomplete\":false}},\"sort_order\":{\"display\":1,\"qe_status\":1,\"editable\":1,\"index\":\"50\",\"align\":\"text-right\",\"type\":\"qe\",\"sort\":\"c.sort_order\",\"filter\":{\"show\":1,\"type\":0,\"autocomplete\":false}},\"status\":{\"display\":0,\"qe_status\":1,\"editable\":1,\"index\":\"55\",\"align\":\"text-center\",\"type\":\"status_qe\",\"sort\":\"c.status\",\"filter\":{\"show\":1,\"type\":1,\"autocomplete\":false}},\"view_in_store\":{\"display\":0,\"qe_status\":0,\"editable\":0,\"index\":60,\"align\":\"text-left\",\"type\":\"\",\"sort\":\"\",\"filter\":{\"show\":0,\"type\":0,\"autocomplete\":false}},\"action\":{\"display\":1,\"qe_status\":0,\"editable\":0,\"index\":\"65\",\"align\":\"text-right\",\"type\":\"\",\"sort\":\"\",\"filter\":{\"show\":0,\"type\":0,\"autocomplete\":false}}}', 1),
(5178, 0, 'module_admin_quick_edit', 'module_admin_quick_edit_customer_customers_status', '0', 0),
(5179, 0, 'module_admin_quick_edit', 'module_admin_quick_edit_customer_customers_default_sort', 'name', 0),
(5180, 0, 'module_admin_quick_edit', 'module_admin_quick_edit_customer_customers_default_order', 'ASC', 0),
(5181, 0, 'module_admin_quick_edit', 'module_admin_quick_edit_quick_edit_on', 'click', 0),
(5182, 0, 'module_admin_quick_edit', 'module_admin_quick_edit_list_view_image_width', '40', 0),
(5183, 0, 'module_admin_quick_edit', 'module_admin_quick_edit_highlight_actions', '0', 0),
(5184, 0, 'module_admin_quick_edit', 'module_admin_quick_edit_interval_filter', '0', 0),
(5185, 0, 'module_admin_quick_edit', 'module_admin_quick_edit_catalog_recurrings_status', '0', 0),
(5186, 0, 'module_admin_quick_edit', 'module_admin_quick_edit_catalog_recurrings_default_sort', 'rd.name', 0),
(5187, 0, 'module_admin_quick_edit', 'module_admin_quick_edit_catalog_recurrings_default_order', 'ASC', 0),
(5219, 0, 'module_admin_quick_edit', 'module_admin_quick_edit_catalog_downloads_status', '0', 0),
(5197, 0, 'module_admin_quick_edit', 'module_admin_quick_edit_catalog_attribute_groups_status', '0', 0),
(5198, 0, 'module_admin_quick_edit', 'module_admin_quick_edit_catalog_attribute_groups_default_sort', 'agd.name', 0),
(5199, 0, 'module_admin_quick_edit', 'module_admin_quick_edit_catalog_attribute_groups_default_order', 'ASC', 0);
INSERT INTO `setting` (`setting_id`, `store_id`, `code`, `key`, `value`, `serialized`) VALUES
(5200, 0, 'module_admin_quick_edit', 'module_admin_quick_edit_catalog_options_status', '1', 0),
(5201, 0, 'module_admin_quick_edit', 'module_admin_quick_edit_catalog_options_default_sort', 'od.name', 0),
(5202, 0, 'module_admin_quick_edit', 'module_admin_quick_edit_catalog_options_default_order', 'ASC', 0),
(5203, 0, 'module_admin_quick_edit', 'module_admin_quick_edit_catalog_manufacturers_status', '1', 0),
(5204, 0, 'module_admin_quick_edit', 'module_admin_quick_edit_installed', '1', 0),
(5205, 0, 'module_admin_quick_edit', 'module_admin_quick_edit_installed_version', '6.2.8', 0),
(5206, 0, 'module_admin_quick_edit', 'module_admin_quick_edit_status', '1', 0),
(5207, 0, 'module_admin_quick_edit', 'module_admin_quick_edit_override_menu_entry', '0', 0),
(5208, 0, 'module_admin_quick_edit', 'module_admin_quick_edit_match_anywhere', '0', 0),
(5209, 0, 'module_admin_quick_edit', 'module_admin_quick_edit_alternate_row_colour', '0', 0),
(5210, 0, 'module_admin_quick_edit', 'module_admin_quick_edit_row_hover_highlighting', '0', 0),
(5211, 0, 'module_admin_quick_edit', 'module_admin_quick_edit_highlight_status', '0', 0),
(5212, 0, 'module_admin_quick_edit', 'module_admin_quick_edit_highlight_yes_no', '0', 0),
(5213, 0, 'module_admin_quick_edit', 'module_admin_quick_edit_catalog_reviews_default_sort', 'r.date_added', 0),
(5214, 0, 'module_admin_quick_edit', 'module_admin_quick_edit_catalog_filters_default_order', 'ASC', 0),
(5215, 0, 'module_admin_quick_edit', 'module_admin_quick_edit_catalog_attributes_status', '0', 0),
(5216, 0, 'module_admin_quick_edit', 'module_admin_quick_edit_catalog_attributes_default_sort', 'ad.name', 0),
(5217, 0, 'module_admin_quick_edit', 'module_admin_quick_edit_catalog_attributes_default_order', 'ASC', 0),
(5218, 0, 'module_admin_quick_edit', 'module_admin_quick_edit_catalog_manufacturers_default_order', 'ASC', 0),
(5194, 0, 'module_admin_quick_edit', 'module_admin_quick_edit_price_relative_to', 'previous', 0),
(5195, 0, 'module_admin_quick_edit', 'module_admin_quick_edit_batch_edit', '0', 0),
(5196, 0, 'module_admin_quick_edit', 'module_admin_quick_edit_design_seo_urls', '{\"selector\":{\"display\":1,\"qe_status\":0,\"editable\":0,\"index\":\"0\",\"align\":\"text-center\",\"type\":\"\",\"sort\":\"\",\"filter\":{\"show\":0,\"type\":0,\"autocomplete\":false}},\"id\":{\"display\":0,\"qe_status\":0,\"editable\":0,\"index\":\"5\",\"align\":\"text-left\",\"type\":\"\",\"sort\":\"seo_url_id\",\"filter\":{\"show\":1,\"type\":0,\"autocomplete\":false}},\"query\":{\"display\":1,\"qe_status\":1,\"editable\":1,\"index\":\"10\",\"align\":\"text-left\",\"type\":\"qe\",\"sort\":\"query\",\"filter\":{\"show\":1,\"type\":0,\"autocomplete\":false}},\"keyword\":{\"display\":1,\"qe_status\":1,\"editable\":1,\"index\":\"15\",\"align\":\"text-left\",\"type\":\"qe\",\"sort\":\"keyword\",\"filter\":{\"show\":1,\"type\":0,\"autocomplete\":false}},\"store\":{\"display\":1,\"qe_status\":1,\"editable\":1,\"index\":\"20\",\"align\":\"text-left\",\"type\":\"store_qe\",\"sort\":\"store\",\"filter\":{\"show\":1,\"type\":1,\"autocomplete\":false}},\"language\":{\"display\":1,\"qe_status\":1,\"editable\":1,\"index\":\"25\",\"align\":\"text-left\",\"type\":\"lang_qe\",\"sort\":\"language\",\"filter\":{\"show\":1,\"type\":1,\"autocomplete\":false}},\"action\":{\"display\":1,\"qe_status\":0,\"editable\":0,\"index\":\"30\",\"align\":\"text-right\",\"type\":\"\",\"sort\":\"\",\"filter\":{\"show\":0,\"type\":0,\"autocomplete\":false}}}', 1),
(5188, 0, 'module_admin_quick_edit', 'module_admin_quick_edit_catalog_filters_status', '0', 0),
(5189, 0, 'module_admin_quick_edit', 'module_admin_quick_edit_catalog_filters_default_sort', 'fgd.name', 0),
(5190, 0, 'module_admin_quick_edit', 'module_admin_quick_edit_catalog_information_default_sort', 'id.title', 0),
(5191, 0, 'module_admin_quick_edit', 'module_admin_quick_edit_catalog_reviews_default_order', 'DESC', 0),
(5192, 0, 'module_admin_quick_edit', 'module_admin_quick_edit_catalog_information_status', '0', 0),
(5193, 0, 'module_admin_quick_edit', 'module_admin_quick_edit_catalog_recurrings', '{\"selector\":{\"display\":1,\"qe_status\":0,\"editable\":0,\"index\":\"0\",\"align\":\"text-center\",\"type\":\"\",\"sort\":\"\",\"filter\":{\"show\":0,\"type\":0,\"autocomplete\":false}},\"id\":{\"display\":0,\"qe_status\":0,\"editable\":0,\"index\":\"5\",\"align\":\"text-left\",\"type\":\"\",\"sort\":\"r.recurring_id\",\"filter\":{\"show\":1,\"type\":0,\"autocomplete\":false}},\"name\":{\"display\":1,\"qe_status\":1,\"editable\":1,\"index\":\"10\",\"align\":\"text-left\",\"type\":\"name_qe\",\"sort\":\"rd.name\",\"filter\":{\"show\":1,\"type\":0,\"autocomplete\":false}},\"sort_order\":{\"display\":1,\"qe_status\":1,\"editable\":1,\"index\":\"15\",\"align\":\"text-right\",\"type\":\"qe\",\"sort\":\"r.sort_order\",\"filter\":{\"show\":1,\"type\":0,\"autocomplete\":false}},\"status\":{\"display\":0,\"qe_status\":1,\"editable\":1,\"index\":\"20\",\"align\":\"text-center\",\"type\":\"status_qe\",\"sort\":\"r.status\",\"filter\":{\"show\":1,\"type\":1,\"autocomplete\":false}},\"price\":{\"display\":0,\"qe_status\":1,\"editable\":1,\"index\":\"25\",\"align\":\"text-right\",\"type\":\"number_qe\",\"sort\":\"r.price\",\"filter\":{\"show\":1,\"type\":0,\"autocomplete\":false}},\"frequency\":{\"display\":0,\"qe_status\":1,\"editable\":1,\"index\":\"30\",\"align\":\"text-left\",\"type\":\"freq_qe\",\"sort\":\"r.frequency\",\"filter\":{\"show\":1,\"type\":1,\"autocomplete\":false}},\"duration\":{\"display\":0,\"qe_status\":1,\"editable\":1,\"index\":\"35\",\"align\":\"text-right\",\"type\":\"qe\",\"sort\":\"r.duration\",\"filter\":{\"show\":1,\"type\":0,\"autocomplete\":false}},\"cycle\":{\"display\":0,\"qe_status\":1,\"editable\":1,\"index\":\"40\",\"align\":\"text-right\",\"type\":\"qe\",\"sort\":\"r.cycle\",\"filter\":{\"show\":1,\"type\":0,\"autocomplete\":false}},\"trial_status\":{\"display\":0,\"qe_status\":1,\"editable\":1,\"index\":\"45\",\"align\":\"text-center\",\"type\":\"status_qe\",\"sort\":\"r.trial_status\",\"filter\":{\"show\":1,\"type\":1,\"autocomplete\":false}},\"trial_price\":{\"display\":0,\"qe_status\":1,\"editable\":1,\"index\":\"50\",\"align\":\"text-right\",\"type\":\"number_qe\",\"sort\":\"r.trial_price\",\"filter\":{\"show\":1,\"type\":0,\"autocomplete\":false}},\"trial_frequency\":{\"display\":0,\"qe_status\":1,\"editable\":1,\"index\":\"55\",\"align\":\"text-left\",\"type\":\"freq_qe\",\"sort\":\"r.trial_frequency\",\"filter\":{\"show\":1,\"type\":1,\"autocomplete\":false}},\"trial_duration\":{\"display\":0,\"qe_status\":1,\"editable\":1,\"index\":\"60\",\"align\":\"text-right\",\"type\":\"qe\",\"sort\":\"r.trial_duration\",\"filter\":{\"show\":1,\"type\":0,\"autocomplete\":false}},\"trial_cycle\":{\"display\":0,\"qe_status\":1,\"editable\":1,\"index\":\"65\",\"align\":\"text-right\",\"type\":\"qe\",\"sort\":\"r.trial_cycle\",\"filter\":{\"show\":1,\"type\":0,\"autocomplete\":false}},\"action\":{\"display\":1,\"qe_status\":0,\"editable\":0,\"index\":\"70\",\"align\":\"text-right\",\"type\":\"\",\"sort\":\"\",\"filter\":{\"show\":0,\"type\":0,\"autocomplete\":false}}}', 1),
(5147, 0, 'module_admin_quick_edit', 'module_admin_quick_edit_sale_orders_status', '0', 0),
(5148, 0, 'module_admin_quick_edit', 'module_admin_quick_edit_sale_orders_notify_customer', '0', 0),
(5149, 0, 'module_admin_quick_edit', 'module_admin_quick_edit_sale_returns_status', '0', 0),
(5150, 0, 'module_admin_quick_edit', 'module_admin_quick_edit_sale_returns_notify_customer', '0', 0),
(5151, 0, 'module_admin_quick_edit', 'module_admin_quick_edit_sale_returns_default_sort', 'r.return_id', 0),
(5152, 0, 'module_admin_quick_edit', 'module_admin_quick_edit_sale_returns_default_order', 'DESC', 0),
(5153, 0, 'module_admin_quick_edit', 'module_admin_quick_edit_sale_vouchers_status', '0', 0),
(5154, 0, 'module_admin_quick_edit', 'module_admin_quick_edit_sale_vouchers_default_sort', 'v.date_added', 0),
(5155, 0, 'module_admin_quick_edit', 'module_admin_quick_edit_sale_vouchers_default_order', 'DESC', 0),
(5156, 0, 'module_admin_quick_edit', 'module_admin_quick_edit_sale_voucher_themes_status', '0', 0),
(5157, 0, 'module_admin_quick_edit', 'module_admin_quick_edit_design_seo_urls_default_sort', 'keyword', 0),
(5158, 0, 'module_admin_quick_edit', 'module_admin_quick_edit_design_seo_urls_default_order', 'ASC', 0),
(5159, 0, 'module_admin_quick_edit', 'module_admin_quick_edit_marketing_coupons_status', '0', 0),
(5160, 0, 'module_admin_quick_edit', 'module_admin_quick_edit_marketing_coupons_default_sort', 'c.name', 0),
(5161, 0, 'module_admin_quick_edit', 'module_admin_quick_edit_marketing_coupons_default_order', 'ASC', 0),
(5162, 0, 'module_admin_quick_edit', 'module_admin_quick_edit_marketing_marketing_status', '0', 0),
(5163, 0, 'module_admin_quick_edit', 'module_admin_quick_edit_marketing_marketing_default_sort', 'm.name', 0),
(5164, 0, 'module_admin_quick_edit', 'module_admin_quick_edit_marketing_marketing_default_order', 'ASC', 0),
(5165, 0, 'module_admin_quick_edit', 'module_admin_quick_edit_catalog_manufacturers_default_sort', 'm.name', 0),
(5166, 0, 'module_admin_quick_edit', 'module_admin_quick_edit_list_view_image_height', '40', 0),
(5167, 0, 'module_admin_quick_edit', 'module_admin_quick_edit_single_language_editing', '0', 0),
(5168, 0, 'module_admin_quick_edit', 'module_admin_quick_edit_catalog_categories_status', '1', 0),
(5169, 0, 'module_admin_quick_edit', 'module_admin_quick_edit_catalog_categories_default_sort', 'name', 0),
(5170, 0, 'module_admin_quick_edit', 'module_admin_quick_edit_catalog_categories_default_order', 'ASC', 0),
(5171, 0, 'module_admin_quick_edit', 'module_admin_quick_edit_catalog_products_status', '1', 0),
(5172, 0, 'module_admin_quick_edit', 'module_admin_quick_edit_catalog_products_filter_sub_category', '0', 0),
(5173, 0, 'module_admin_quick_edit', 'module_admin_quick_edit_catalog_products_default_sort', 'pd.name', 0),
(5174, 0, 'module_admin_quick_edit', 'module_admin_quick_edit_catalog_products_default_order', 'ASC', 0),
(5175, 0, 'module_admin_quick_edit', 'module_admin_quick_edit_services', 'W10=', 0),
(5176, 0, 'module_admin_quick_edit', 'module_admin_quick_edit_catalog_products', '{\"selector\":{\"display\":1,\"qe_status\":0,\"editable\":0,\"index\":\"0\",\"align\":\"text-center\",\"type\":\"\",\"sort\":\"\",\"rel\":[],\"filter\":{\"show\":0,\"type\":0,\"autocomplete\":false}},\"id\":{\"display\":0,\"qe_status\":0,\"editable\":0,\"index\":\"5\",\"align\":\"text-left\",\"type\":\"\",\"sort\":\"p.product_id\",\"rel\":[],\"filter\":{\"show\":1,\"type\":0,\"autocomplete\":false}},\"image\":{\"display\":1,\"qe_status\":1,\"editable\":1,\"index\":\"10\",\"align\":\"text-center\",\"type\":\"image_qe\",\"sort\":\"\",\"rel\":[],\"filter\":{\"show\":1,\"type\":1,\"autocomplete\":false}},\"category\":{\"display\":0,\"qe_status\":1,\"editable\":1,\"index\":\"20\",\"align\":\"text-left\",\"type\":\"cat_qe\",\"sort\":\"\",\"rel\":[],\"filter\":{\"show\":1,\"type\":1,\"autocomplete\":false}},\"manufacturer\":{\"display\":0,\"qe_status\":1,\"editable\":1,\"index\":\"30\",\"align\":\"text-left\",\"type\":\"manufac_qe\",\"sort\":\"m.name\",\"rel\":[],\"filter\":{\"show\":1,\"type\":1,\"autocomplete\":false}},\"name\":{\"display\":1,\"qe_status\":1,\"editable\":1,\"index\":\"40\",\"align\":\"text-left\",\"type\":\"name_qe\",\"sort\":\"pd.name\",\"rel\":[],\"filter\":{\"show\":1,\"type\":0,\"autocomplete\":{\"return\":{\"label\":\"name\",\"value\":\"product_id\"}}}},\"tag\":{\"display\":0,\"qe_status\":1,\"editable\":1,\"index\":\"50\",\"align\":\"text-left\",\"type\":\"tag_qe\",\"sort\":\"\",\"rel\":[],\"filter\":{\"show\":1,\"type\":0,\"autocomplete\":false}},\"model\":{\"display\":1,\"qe_status\":1,\"editable\":1,\"index\":\"60\",\"align\":\"text-left\",\"type\":\"qe\",\"sort\":\"p.model\",\"rel\":[],\"filter\":{\"show\":1,\"type\":0,\"autocomplete\":{\"return\":{\"label\":\"model\",\"value\":\"product_id\"}}}},\"price\":{\"display\":1,\"qe_status\":1,\"editable\":1,\"index\":\"70\",\"align\":\"text-right\",\"type\":\"price_qe\",\"sort\":\"p.price\",\"rel\":[],\"filter\":{\"show\":1,\"type\":0,\"autocomplete\":false}},\"quantity\":{\"display\":1,\"qe_status\":1,\"editable\":1,\"index\":\"80\",\"align\":\"text-right\",\"type\":\"qty_qe\",\"sort\":\"p.quantity\",\"rel\":[],\"filter\":{\"show\":1,\"type\":0,\"autocomplete\":false}},\"sku\":{\"display\":0,\"qe_status\":1,\"editable\":1,\"index\":\"90\",\"align\":\"text-left\",\"type\":\"qe\",\"sort\":\"p.sku\",\"rel\":[],\"filter\":{\"show\":1,\"type\":0,\"autocomplete\":{\"return\":{\"label\":\"sku\",\"value\":\"product_id\"}}}},\"upc\":{\"display\":0,\"qe_status\":1,\"editable\":1,\"index\":\"100\",\"align\":\"text-left\",\"type\":\"qe\",\"sort\":\"p.upc\",\"rel\":[],\"filter\":{\"show\":1,\"type\":0,\"autocomplete\":{\"return\":{\"label\":\"upc\",\"value\":\"product_id\"}}}},\"ean\":{\"display\":0,\"qe_status\":1,\"editable\":1,\"index\":\"110\",\"align\":\"text-left\",\"type\":\"qe\",\"sort\":\"p.ean\",\"rel\":[],\"filter\":{\"show\":1,\"type\":0,\"autocomplete\":{\"return\":{\"label\":\"ean\",\"value\":\"product_id\"}}}},\"jan\":{\"display\":0,\"qe_status\":1,\"editable\":1,\"index\":\"120\",\"align\":\"text-left\",\"type\":\"qe\",\"sort\":\"p.jan\",\"rel\":[],\"filter\":{\"show\":1,\"type\":0,\"autocomplete\":{\"return\":{\"label\":\"jan\",\"value\":\"product_id\"}}}},\"isbn\":{\"display\":0,\"qe_status\":1,\"editable\":1,\"index\":\"130\",\"align\":\"text-left\",\"type\":\"qe\",\"sort\":\"p.isbn\",\"rel\":[],\"filter\":{\"show\":1,\"type\":0,\"autocomplete\":{\"return\":{\"label\":\"isbn\",\"value\":\"product_id\"}}}},\"mpn\":{\"display\":0,\"qe_status\":1,\"editable\":1,\"index\":\"140\",\"align\":\"text-left\",\"type\":\"qe\",\"sort\":\"p.mpn\",\"rel\":[],\"filter\":{\"show\":1,\"type\":0,\"autocomplete\":{\"return\":{\"label\":\"mpn\",\"value\":\"product_id\"}}}},\"location\":{\"display\":0,\"qe_status\":1,\"editable\":1,\"index\":\"150\",\"align\":\"text-left\",\"type\":\"qe\",\"sort\":\"p.location\",\"rel\":[],\"filter\":{\"show\":1,\"type\":0,\"autocomplete\":{\"return\":{\"label\":\"location\",\"value\":\"location\"}}}},\"seo\":{\"display\":0,\"qe_status\":1,\"editable\":1,\"index\":\"160\",\"align\":\"text-left\",\"type\":\"seo_qe\",\"sort\":\"seo\",\"rel\":[\"view_in_store\"],\"filter\":{\"show\":1,\"type\":0,\"autocomplete\":{\"return\":{\"label\":\"seo\",\"value\":\"product_id\"}}}},\"tax_class\":{\"display\":0,\"qe_status\":1,\"editable\":1,\"index\":\"170\",\"align\":\"text-left\",\"type\":\"tax_cls_qe\",\"sort\":\"tc.title\",\"rel\":[],\"filter\":{\"show\":1,\"type\":1,\"autocomplete\":false}},\"minimum\":{\"display\":0,\"qe_status\":1,\"editable\":1,\"index\":\"180\",\"align\":\"text-right\",\"type\":\"qe\",\"sort\":\"p.minimum\",\"rel\":[],\"filter\":{\"show\":1,\"type\":0,\"autocomplete\":false}},\"subtract\":{\"display\":0,\"qe_status\":1,\"editable\":1,\"index\":\"190\",\"align\":\"text-center\",\"type\":\"yes_no_qe\",\"sort\":\"p.subtract\",\"rel\":[],\"filter\":{\"show\":1,\"type\":1,\"autocomplete\":false}},\"stock_status\":{\"display\":0,\"qe_status\":1,\"editable\":1,\"index\":\"200\",\"align\":\"text-left\",\"type\":\"stock_qe\",\"sort\":\"ss.name\",\"rel\":[],\"filter\":{\"show\":1,\"type\":1,\"autocomplete\":false}},\"requires_shipping\":{\"display\":0,\"qe_status\":1,\"editable\":1,\"index\":\"210\",\"align\":\"text-center\",\"type\":\"yes_no_qe\",\"sort\":\"p.shipping\",\"rel\":[],\"filter\":{\"show\":1,\"type\":1,\"autocomplete\":false}},\"date_added\":{\"display\":0,\"qe_status\":1,\"editable\":1,\"index\":\"215\",\"align\":\"text-left\",\"type\":\"datetime_qe\",\"sort\":\"p.date_added\",\"rel\":[],\"filter\":{\"show\":1,\"type\":0,\"autocomplete\":false}},\"date_available\":{\"display\":0,\"qe_status\":1,\"editable\":1,\"index\":\"220\",\"align\":\"text-left\",\"type\":\"date_qe\",\"sort\":\"p.date_available\",\"rel\":[],\"filter\":{\"show\":1,\"type\":0,\"autocomplete\":false}},\"date_modified\":{\"display\":0,\"qe_status\":0,\"editable\":0,\"index\":\"230\",\"align\":\"text-left\",\"type\":\"datetime_qe\",\"sort\":\"p.date_modified\",\"rel\":[],\"filter\":{\"show\":1,\"type\":0,\"autocomplete\":false}},\"length\":{\"display\":0,\"qe_status\":1,\"editable\":1,\"index\":\"240\",\"align\":\"text-left\",\"type\":\"qe\",\"sort\":\"p.length\",\"rel\":[],\"filter\":{\"show\":1,\"type\":0,\"autocomplete\":false}},\"width\":{\"display\":0,\"qe_status\":1,\"editable\":1,\"index\":\"250\",\"align\":\"text-right\",\"type\":\"qe\",\"sort\":\"p.width\",\"rel\":[],\"filter\":{\"show\":1,\"type\":0,\"autocomplete\":false}},\"height\":{\"display\":0,\"qe_status\":1,\"editable\":1,\"index\":\"260\",\"align\":\"text-right\",\"type\":\"qe\",\"sort\":\"p.height\",\"rel\":[],\"filter\":{\"show\":1,\"type\":0,\"autocomplete\":false}},\"weight\":{\"display\":0,\"qe_status\":1,\"editable\":1,\"index\":\"270\",\"align\":\"text-right\",\"type\":\"qe\",\"sort\":\"p.weight\",\"rel\":[],\"filter\":{\"show\":1,\"type\":0,\"autocomplete\":false}},\"length_class\":{\"display\":0,\"qe_status\":1,\"editable\":1,\"index\":\"280\",\"align\":\"text-left\",\"type\":\"length_qe\",\"sort\":\"lc.title\",\"rel\":[],\"filter\":{\"show\":1,\"type\":1,\"autocomplete\":false}},\"weight_class\":{\"display\":0,\"qe_status\":1,\"editable\":1,\"index\":\"290\",\"align\":\"text-left\",\"type\":\"weight_qe\",\"sort\":\"wc.title\",\"rel\":[],\"filter\":{\"show\":1,\"type\":1,\"autocomplete\":false}},\"points\":{\"display\":0,\"qe_status\":1,\"editable\":1,\"index\":\"300\",\"align\":\"text-right\",\"type\":\"qe\",\"sort\":\"p.points\",\"rel\":[],\"filter\":{\"show\":1,\"type\":0,\"autocomplete\":false}},\"filter\":{\"display\":0,\"qe_status\":1,\"editable\":1,\"index\":\"310\",\"align\":\"text-left\",\"type\":\"filter_qe\",\"sort\":\"\",\"rel\":[],\"filter\":{\"show\":1,\"type\":1,\"autocomplete\":false}},\"download\":{\"display\":0,\"qe_status\":1,\"editable\":1,\"index\":\"320\",\"align\":\"text-left\",\"type\":\"dl_qe\",\"sort\":\"\",\"rel\":[],\"filter\":{\"show\":1,\"type\":1,\"autocomplete\":false}},\"store\":{\"display\":0,\"qe_status\":1,\"editable\":1,\"index\":\"330\",\"align\":\"text-left\",\"type\":\"store_qe\",\"sort\":\"\",\"rel\":[],\"filter\":{\"show\":1,\"type\":1,\"autocomplete\":false}},\"sort_order\":{\"display\":1,\"qe_status\":1,\"editable\":1,\"index\":\"340\",\"align\":\"text-right\",\"type\":\"qe\",\"sort\":\"p.sort_order\",\"rel\":[],\"filter\":{\"show\":1,\"type\":0,\"autocomplete\":false}},\"status\":{\"display\":1,\"qe_status\":1,\"editable\":1,\"index\":\"350\",\"align\":\"text-center\",\"type\":\"status_qe\",\"sort\":\"p.status\",\"rel\":[],\"filter\":{\"show\":1,\"type\":1,\"autocomplete\":false}},\"viewed\":{\"display\":0,\"qe_status\":1,\"editable\":1,\"index\":\"360\",\"align\":\"text-right\",\"type\":\"qe\",\"sort\":\"p.viewed\",\"rel\":[],\"filter\":{\"show\":1,\"type\":1,\"autocomplete\":false}},\"view_in_store\":{\"display\":0,\"qe_status\":0,\"editable\":0,\"index\":370,\"align\":\"text-left\",\"type\":\"\",\"sort\":\"\",\"rel\":[],\"filter\":{\"show\":0,\"type\":0,\"autocomplete\":false}},\"action\":{\"display\":1,\"qe_status\":0,\"editable\":0,\"index\":\"380\",\"align\":\"text-right\",\"type\":\"\",\"sort\":\"\",\"rel\":[],\"filter\":{\"show\":0,\"type\":0,\"autocomplete\":false}}}', 1),
(5177, 0, 'module_admin_quick_edit', 'module_admin_quick_edit_catalog_information_default_order', 'ASC', 0),
(5146, 0, 'module_admin_quick_edit', 'module_admin_quick_edit_catalog_products_actions', '{\"attributes\":{\"display\":0,\"index\":\"0\",\"short\":\"attr\",\"type\":\"attr_qe\",\"class\":\"\",\"rel\":[]},\"discounts\":{\"display\":0,\"index\":\"1\",\"short\":\"dscnt\",\"type\":\"dscnt_qe\",\"class\":\"\",\"rel\":[]},\"images\":{\"display\":0,\"index\":\"2\",\"short\":\"img\",\"type\":\"images_qe\",\"class\":\"\",\"rel\":[]},\"filters\":{\"display\":0,\"index\":\"3\",\"short\":\"fltr\",\"type\":\"filters_qe\",\"class\":\"\",\"rel\":[\"filter\"]},\"options\":{\"display\":0,\"index\":\"4\",\"short\":\"opts\",\"type\":\"option_qe\",\"class\":\"\",\"rel\":[]},\"recurrings\":{\"display\":0,\"index\":\"5\",\"short\":\"rec\",\"type\":\"recur_qe\",\"class\":\"\",\"rel\":[]},\"related\":{\"display\":0,\"index\":\"6\",\"short\":\"rel\",\"type\":\"related_qe\",\"class\":\"\",\"rel\":[]},\"downloads\":{\"display\":0,\"index\":\"7\",\"short\":\"dls\",\"type\":\"dls_qe\",\"class\":\"\",\"rel\":[\"download\"]},\"specials\":{\"display\":0,\"index\":\"8\",\"short\":\"spcl\",\"type\":\"special_qe\",\"class\":\"\",\"rel\":[\"price\"]},\"keywords\":{\"display\":0,\"index\":\"9\",\"short\":\"seo\",\"type\":\"keyw_qe\",\"class\":\"\",\"rel\":[\"seo\",\"view_in_store\"]},\"descriptions\":{\"display\":0,\"index\":\"10\",\"short\":\"desc\",\"type\":\"descr_qe\",\"class\":\"\",\"rel\":[]},\"view\":{\"display\":1,\"index\":\"11\",\"short\":\"vw\",\"type\":\"view\",\"class\":\"\",\"rel\":[]},\"edit\":{\"display\":1,\"index\":\"12\",\"short\":\"ed\",\"type\":\"edit\",\"class\":\"btn-primary\",\"rel\":[]}}', 1),
(5136, 0, 'module_admin_quick_edit', 'module_admin_quick_edit_sale_vouchers', '{\"selector\":{\"display\":1,\"qe_status\":0,\"editable\":0,\"index\":\"0\",\"align\":\"text-center\",\"type\":\"\",\"sort\":\"\",\"filter\":{\"show\":0,\"type\":0,\"autocomplete\":false}},\"id\":{\"display\":0,\"qe_status\":0,\"editable\":0,\"index\":\"5\",\"align\":\"text-left\",\"type\":\"\",\"sort\":\"v.voucher_id\",\"filter\":{\"show\":1,\"type\":0,\"autocomplete\":false}},\"code\":{\"display\":1,\"qe_status\":1,\"editable\":1,\"index\":\"10\",\"align\":\"text-left\",\"type\":\"qe\",\"sort\":\"v.code\",\"filter\":{\"show\":1,\"type\":0,\"autocomplete\":false}},\"from_name\":{\"display\":1,\"qe_status\":1,\"editable\":1,\"index\":\"15\",\"align\":\"text-left\",\"type\":\"qe\",\"sort\":\"v.from_name\",\"filter\":{\"show\":1,\"type\":0,\"autocomplete\":false}},\"from_email\":{\"display\":0,\"qe_status\":1,\"editable\":1,\"index\":\"20\",\"align\":\"text-left\",\"type\":\"qe\",\"sort\":\"v.from_email\",\"filter\":{\"show\":1,\"type\":0,\"autocomplete\":false}},\"to_name\":{\"display\":1,\"qe_status\":1,\"editable\":1,\"index\":\"25\",\"align\":\"text-left\",\"type\":\"qe\",\"sort\":\"v.to_name\",\"filter\":{\"show\":1,\"type\":0,\"autocomplete\":false}},\"to_email\":{\"display\":0,\"qe_status\":1,\"editable\":1,\"index\":\"30\",\"align\":\"text-left\",\"type\":\"qe\",\"sort\":\"v.to_email\",\"filter\":{\"show\":1,\"type\":0,\"autocomplete\":false}},\"amount\":{\"display\":1,\"qe_status\":1,\"editable\":1,\"index\":\"35\",\"align\":\"text-right\",\"type\":\"amount_qe\",\"sort\":\"v.amount\",\"filter\":{\"show\":1,\"type\":0,\"autocomplete\":false}},\"theme\":{\"display\":1,\"qe_status\":1,\"editable\":1,\"index\":\"40\",\"align\":\"text-left\",\"type\":\"theme_qe\",\"sort\":\"theme\",\"filter\":{\"show\":1,\"type\":1,\"autocomplete\":false}},\"message\":{\"display\":0,\"qe_status\":1,\"editable\":1,\"index\":\"45\",\"align\":\"text-left\",\"type\":\"text_qe\",\"sort\":\"\",\"filter\":{\"show\":1,\"type\":0,\"autocomplete\":false}},\"status\":{\"display\":1,\"qe_status\":1,\"editable\":1,\"index\":\"50\",\"align\":\"text-center\",\"type\":\"status_qe\",\"sort\":\"v.status\",\"filter\":{\"show\":1,\"type\":1,\"autocomplete\":false}},\"date_added\":{\"display\":1,\"qe_status\":0,\"editable\":0,\"index\":\"55\",\"align\":\"text-left\",\"type\":\"date_qe\",\"sort\":\"v.date_added\",\"filter\":{\"show\":1,\"type\":0,\"autocomplete\":false}},\"action\":{\"display\":1,\"qe_status\":0,\"editable\":0,\"index\":\"60\",\"align\":\"text-right\",\"type\":\"\",\"sort\":\"\",\"filter\":{\"show\":0,\"type\":0,\"autocomplete\":false}}}', 1),
(5137, 0, 'module_admin_quick_edit', 'module_admin_quick_edit_sale_returns', '{\"selector\":{\"display\":1,\"qe_status\":0,\"editable\":0,\"index\":\"0\",\"align\":\"text-center\",\"type\":\"\",\"sort\":\"\",\"filter\":{\"show\":0,\"type\":0,\"autocomplete\":false}},\"id\":{\"display\":1,\"qe_status\":0,\"editable\":0,\"index\":\"5\",\"align\":\"text-right\",\"type\":\"qe\",\"sort\":\"r.return_id\",\"filter\":{\"show\":1,\"type\":0,\"autocomplete\":false}},\"order_id\":{\"display\":1,\"qe_status\":1,\"editable\":1,\"index\":\"10\",\"align\":\"text-right\",\"type\":\"qe\",\"sort\":\"r.order_id\",\"filter\":{\"show\":1,\"type\":0,\"autocomplete\":false},\"rel\":[\"date_modified\"]},\"customer_id\":{\"display\":0,\"qe_status\":1,\"editable\":1,\"index\":\"15\",\"align\":\"text-left\",\"type\":\"customer_qe\",\"sort\":\"customer_name\",\"filter\":{\"show\":1,\"type\":0,\"autocomplete\":{\"return\":{\"label\":\"full_name\",\"value\":\"customer_id\"}}},\"rel\":[\"date_modified\"]},\"customer\":{\"display\":1,\"qe_status\":1,\"editable\":1,\"index\":\"20\",\"align\":\"text-left\",\"type\":\"fullname_qe\",\"sort\":\"customer\",\"filter\":{\"show\":1,\"type\":0,\"autocomplete\":{\"return\":{\"label\":\"full_name\",\"value\":\"customer_id\"}}},\"rel\":[\"date_modified\"]},\"email\":{\"display\":0,\"qe_status\":1,\"editable\":1,\"index\":\"25\",\"align\":\"text-left\",\"type\":\"qe\",\"sort\":\"r.email\",\"filter\":{\"show\":1,\"type\":0,\"autocomplete\":false},\"rel\":[\"date_modified\"]},\"telephone\":{\"display\":0,\"qe_status\":1,\"editable\":1,\"index\":\"30\",\"align\":\"text-left\",\"type\":\"qe\",\"sort\":\"r.telephone\",\"filter\":{\"show\":1,\"type\":0,\"autocomplete\":false},\"rel\":[\"date_modified\"]},\"product_id\":{\"display\":0,\"qe_status\":1,\"editable\":1,\"index\":\"35\",\"align\":\"text-left\",\"type\":\"product_qe\",\"sort\":\"product_name\",\"filter\":{\"show\":1,\"type\":0,\"autocomplete\":{\"return\":{\"label\":\"name\",\"value\":\"product_id\"}}},\"rel\":[\"date_modified\"]},\"product\":{\"display\":1,\"qe_status\":1,\"editable\":1,\"index\":\"40\",\"align\":\"text-left\",\"type\":\"qe\",\"sort\":\"r.product\",\"filter\":{\"show\":1,\"type\":0,\"autocomplete\":{\"return\":{\"label\":\"name\",\"value\":\"product_id\"}}},\"rel\":[\"date_modified\"]},\"model\":{\"display\":1,\"qe_status\":1,\"editable\":1,\"index\":\"45\",\"align\":\"text-left\",\"type\":\"qe\",\"sort\":\"r.model\",\"filter\":{\"show\":1,\"type\":0,\"autocomplete\":false},\"rel\":[\"date_modified\"]},\"quantity\":{\"display\":0,\"qe_status\":1,\"editable\":1,\"index\":\"50\",\"align\":\"text-right\",\"type\":\"qe\",\"sort\":\"r.quantity\",\"filter\":{\"show\":1,\"type\":0,\"autocomplete\":false},\"rel\":[\"date_modified\"]},\"return_reason\":{\"display\":0,\"qe_status\":1,\"editable\":1,\"index\":\"55\",\"align\":\"text-left\",\"type\":\"reason_qe\",\"sort\":\"return_reason\",\"filter\":{\"show\":1,\"type\":1,\"autocomplete\":false},\"rel\":[\"date_modified\"]},\"opened\":{\"display\":0,\"qe_status\":1,\"editable\":1,\"index\":\"60\",\"align\":\"text-center\",\"type\":\"yes_no_qe\",\"sort\":\"r.opened\",\"filter\":{\"show\":1,\"type\":1,\"autocomplete\":false},\"rel\":[\"date_modified\"]},\"comment\":{\"display\":0,\"qe_status\":1,\"editable\":1,\"index\":\"65\",\"align\":\"text-left\",\"type\":\"text_qe\",\"sort\":\"r.comment\",\"filter\":{\"show\":1,\"type\":0,\"autocomplete\":false},\"rel\":[\"date_modified\"]},\"return_action\":{\"display\":0,\"qe_status\":1,\"editable\":1,\"index\":\"70\",\"align\":\"text-left\",\"type\":\"action_qe\",\"sort\":\"return_action\",\"filter\":{\"show\":1,\"type\":1,\"autocomplete\":false},\"rel\":[\"date_modified\"]},\"return_status\":{\"display\":1,\"qe_status\":1,\"editable\":1,\"index\":\"75\",\"align\":\"text-left\",\"type\":\"status_qe\",\"sort\":\"return_status\",\"filter\":{\"show\":1,\"type\":1,\"autocomplete\":false},\"rel\":[\"date_modified\"]},\"date_ordered\":{\"display\":0,\"qe_status\":1,\"editable\":1,\"index\":\"80\",\"align\":\"text-left\",\"type\":\"date_qe\",\"sort\":\"r.date_ordered\",\"filter\":{\"show\":1,\"type\":0,\"autocomplete\":false},\"rel\":[\"date_modified\"]},\"date_added\":{\"display\":1,\"qe_status\":0,\"editable\":0,\"index\":\"85\",\"align\":\"text-left\",\"type\":\"date_qe\",\"sort\":\"r.date_added\",\"filter\":{\"show\":1,\"type\":0,\"autocomplete\":false},\"rel\":[\"date_modified\"]},\"date_modified\":{\"display\":1,\"qe_status\":0,\"editable\":0,\"index\":\"90\",\"align\":\"text-left\",\"type\":\"\",\"sort\":\"r.date_modified\",\"filter\":{\"show\":1,\"type\":0,\"autocomplete\":false}},\"action\":{\"display\":1,\"qe_status\":0,\"editable\":0,\"index\":\"95\",\"align\":\"text-right\",\"type\":\"\",\"sort\":\"\",\"filter\":{\"show\":0,\"type\":0,\"autocomplete\":false}}}', 1),
(5131, 0, 'module_admin_quick_edit', 'module_admin_quick_edit_marketing_coupons', '{\"selector\":{\"display\":1,\"qe_status\":0,\"editable\":0,\"index\":\"0\",\"align\":\"text-center\",\"type\":\"\",\"sort\":\"\",\"filter\":{\"show\":0,\"type\":0,\"autocomplete\":false}},\"id\":{\"display\":0,\"qe_status\":0,\"editable\":0,\"index\":\"5\",\"align\":\"text-left\",\"type\":\"\",\"sort\":\"c.coupon_id\",\"filter\":{\"show\":1,\"type\":0,\"autocomplete\":false}},\"name\":{\"display\":1,\"qe_status\":1,\"editable\":1,\"index\":\"10\",\"align\":\"text-left\",\"type\":\"qe\",\"sort\":\"c.name\",\"filter\":{\"show\":1,\"type\":0,\"autocomplete\":false}},\"code\":{\"display\":1,\"qe_status\":1,\"editable\":1,\"index\":\"15\",\"align\":\"text-left\",\"type\":\"qe\",\"sort\":\"c.code\",\"filter\":{\"show\":1,\"type\":0,\"autocomplete\":false}},\"type\":{\"display\":0,\"qe_status\":1,\"editable\":1,\"index\":\"20\",\"align\":\"text-left\",\"type\":\"type_qe\",\"sort\":\"c.type\",\"filter\":{\"show\":1,\"type\":1,\"autocomplete\":false}},\"total\":{\"display\":0,\"qe_status\":1,\"editable\":1,\"index\":\"25\",\"align\":\"text-right\",\"type\":\"qe\",\"sort\":\"c.total\",\"filter\":{\"show\":1,\"type\":0,\"autocomplete\":false}},\"products\":{\"display\":0,\"qe_status\":1,\"editable\":1,\"index\":\"30\",\"align\":\"text-left\",\"type\":\"prod_qe\",\"sort\":\"\",\"filter\":{\"show\":1,\"type\":0,\"autocomplete\":false}},\"categories\":{\"display\":0,\"qe_status\":1,\"editable\":1,\"index\":\"35\",\"align\":\"text-left\",\"type\":\"cat_qe\",\"sort\":\"\",\"filter\":{\"show\":1,\"type\":0,\"autocomplete\":false}},\"logged\":{\"display\":0,\"qe_status\":1,\"editable\":1,\"index\":\"40\",\"align\":\"text-center\",\"type\":\"yes_no_qe\",\"sort\":\"c.logged\",\"filter\":{\"show\":1,\"type\":1,\"autocomplete\":false}},\"shipping\":{\"display\":0,\"qe_status\":1,\"editable\":1,\"index\":\"45\",\"align\":\"text-center\",\"type\":\"yes_no_qe\",\"sort\":\"c.shipping\",\"filter\":{\"show\":1,\"type\":1,\"autocomplete\":false}},\"discount\":{\"display\":1,\"qe_status\":1,\"editable\":1,\"index\":\"50\",\"align\":\"text-right\",\"type\":\"qe\",\"sort\":\"c.discount\",\"filter\":{\"show\":1,\"type\":0,\"autocomplete\":false}},\"date_start\":{\"display\":1,\"qe_status\":1,\"editable\":1,\"index\":\"55\",\"align\":\"text-left\",\"type\":\"date_qe\",\"sort\":\"c.date_start\",\"filter\":{\"show\":1,\"type\":0,\"autocomplete\":false}},\"date_end\":{\"display\":1,\"qe_status\":1,\"editable\":1,\"index\":\"60\",\"align\":\"text-left\",\"type\":\"date_qe\",\"sort\":\"c.date_end\",\"filter\":{\"show\":1,\"type\":0,\"autocomplete\":false}},\"uses_total\":{\"display\":0,\"qe_status\":1,\"editable\":1,\"index\":\"65\",\"align\":\"text-right\",\"type\":\"qe\",\"sort\":\"c.uses_total\",\"filter\":{\"show\":1,\"type\":0,\"autocomplete\":false}},\"uses_customer\":{\"display\":0,\"qe_status\":1,\"editable\":1,\"index\":\"70\",\"align\":\"text-right\",\"type\":\"qe\",\"sort\":\"c.uses_customer\",\"filter\":{\"show\":1,\"type\":0,\"autocomplete\":false}},\"status\":{\"display\":1,\"qe_status\":1,\"editable\":1,\"index\":\"75\",\"align\":\"text-center\",\"type\":\"status_qe\",\"sort\":\"c.status\",\"filter\":{\"show\":1,\"type\":1,\"autocomplete\":false}},\"action\":{\"display\":1,\"qe_status\":0,\"editable\":0,\"index\":\"80\",\"align\":\"text-right\",\"type\":\"\",\"sort\":\"\",\"filter\":{\"show\":0,\"type\":0,\"autocomplete\":false}}}', 1),
(5145, 0, 'module_admin_quick_edit', 'module_admin_quick_edit_catalog_options', '{\"selector\":{\"display\":1,\"qe_status\":0,\"editable\":0,\"index\":\"0\",\"align\":\"text-center\",\"type\":\"\",\"sort\":\"\",\"filter\":{\"show\":0,\"type\":0,\"autocomplete\":false}},\"id\":{\"display\":1,\"qe_status\":0,\"editable\":0,\"index\":\"5\",\"align\":\"text-left\",\"type\":\"\",\"sort\":\"o.option_id\",\"filter\":{\"show\":1,\"type\":0,\"autocomplete\":false}},\"name\":{\"display\":1,\"qe_status\":1,\"editable\":1,\"index\":\"10\",\"align\":\"text-left\",\"type\":\"name_qe\",\"sort\":\"od.name\",\"filter\":{\"show\":1,\"type\":0,\"autocomplete\":{\"return\":{\"label\":\"name\",\"value\":\"option_id\"}}}},\"type\":{\"display\":0,\"qe_status\":1,\"editable\":1,\"index\":\"15\",\"align\":\"text-left\",\"type\":\"type_qe\",\"sort\":\"o.type\",\"filter\":{\"show\":1,\"type\":1,\"autocomplete\":false},\"rel\":[\"option_value\"]},\"option_value\":{\"display\":0,\"qe_status\":1,\"editable\":1,\"index\":\"20\",\"align\":\"text-left\",\"type\":\"opt_val_qe\",\"sort\":\"\",\"filter\":{\"show\":1,\"type\":0,\"autocomplete\":{\"return\":{\"label\":\"name\",\"value\":\"option_value_id\"}}}},\"sort_order\":{\"display\":1,\"qe_status\":1,\"editable\":1,\"index\":\"25\",\"align\":\"text-right\",\"type\":\"qe\",\"sort\":\"o.sort_order\",\"filter\":{\"show\":1,\"type\":0,\"autocomplete\":false}},\"action\":{\"display\":1,\"qe_status\":0,\"editable\":0,\"index\":\"30\",\"align\":\"text-right\",\"type\":\"\",\"sort\":\"\",\"filter\":{\"show\":0,\"type\":0,\"autocomplete\":false}}}', 1),
(5144, 0, 'module_admin_quick_edit', 'module_admin_quick_edit_catalog_attributes', '{\"selector\":{\"display\":1,\"qe_status\":0,\"editable\":0,\"index\":\"0\",\"align\":\"text-center\",\"type\":\"\",\"sort\":\"\",\"filter\":{\"show\":0,\"type\":0,\"autocomplete\":false}},\"id\":{\"display\":0,\"qe_status\":0,\"editable\":0,\"index\":\"5\",\"align\":\"text-left\",\"type\":\"\",\"sort\":\"a.attribute_id\",\"filter\":{\"show\":1,\"type\":0,\"autocomplete\":false}},\"name\":{\"display\":1,\"qe_status\":1,\"editable\":1,\"index\":\"10\",\"align\":\"text-left\",\"type\":\"name_qe\",\"sort\":\"ad.name\",\"filter\":{\"show\":1,\"type\":0,\"autocomplete\":{\"return\":{\"label\":\"name\",\"value\":\"attribute_id\"}}}},\"attribute_group\":{\"display\":1,\"qe_status\":1,\"editable\":1,\"index\":\"15\",\"align\":\"text-left\",\"type\":\"group_qe\",\"sort\":\"attribute_group\",\"filter\":{\"show\":1,\"type\":1,\"autocomplete\":false}},\"sort_order\":{\"display\":1,\"qe_status\":1,\"editable\":1,\"index\":\"20\",\"align\":\"text-right\",\"type\":\"qe\",\"sort\":\"a.sort_order\",\"filter\":{\"show\":1,\"type\":0,\"autocomplete\":false}},\"action\":{\"display\":1,\"qe_status\":0,\"editable\":0,\"index\":\"25\",\"align\":\"text-right\",\"type\":\"\",\"sort\":\"\",\"filter\":{\"show\":0,\"type\":0,\"autocomplete\":false}}}', 1),
(5138, 0, 'module_admin_quick_edit', 'module_admin_quick_edit_catalog_downloads', '{\"selector\":{\"display\":1,\"qe_status\":0,\"editable\":0,\"index\":\"0\",\"align\":\"text-center\",\"type\":\"\",\"sort\":\"\",\"filter\":{\"show\":0,\"type\":0,\"autocomplete\":false}},\"id\":{\"display\":0,\"qe_status\":0,\"editable\":0,\"index\":\"5\",\"align\":\"text-left\",\"type\":\"\",\"sort\":\"d.download_id\",\"filter\":{\"show\":1,\"type\":0,\"autocomplete\":false}},\"name\":{\"display\":1,\"qe_status\":1,\"editable\":1,\"index\":\"10\",\"align\":\"text-left\",\"type\":\"name_qe\",\"sort\":\"dd.name\",\"filter\":{\"show\":1,\"type\":0,\"autocomplete\":{\"return\":{\"label\":\"name\",\"value\":\"download_id\"}}}},\"filename\":{\"display\":0,\"qe_status\":0,\"editable\":0,\"index\":\"15\",\"align\":\"text-left\",\"type\":\"qe\",\"sort\":\"d.filename\",\"filter\":{\"show\":1,\"type\":0,\"autocomplete\":false}},\"mask\":{\"display\":0,\"qe_status\":1,\"editable\":1,\"index\":\"20\",\"align\":\"text-left\",\"type\":\"qe\",\"sort\":\"d.mask\",\"filter\":{\"show\":1,\"type\":0,\"autocomplete\":false}},\"date_added\":{\"display\":1,\"qe_status\":0,\"editable\":0,\"index\":\"25\",\"align\":\"text-right\",\"type\":\"\",\"sort\":\"d.date_added\",\"filter\":{\"show\":1,\"type\":0,\"autocomplete\":false}},\"action\":{\"display\":1,\"qe_status\":0,\"editable\":0,\"index\":\"30\",\"align\":\"text-right\",\"type\":\"\",\"sort\":\"\",\"filter\":{\"show\":0,\"type\":0,\"autocomplete\":false}}}', 1),
(5139, 0, 'module_admin_quick_edit', 'module_admin_quick_edit_catalog_manufacturers', '{\"selector\":{\"display\":1,\"qe_status\":0,\"editable\":0,\"index\":\"0\",\"align\":\"text-center\",\"type\":\"\",\"sort\":\"\",\"filter\":{\"show\":0,\"type\":0,\"autocomplete\":false}},\"id\":{\"display\":0,\"qe_status\":0,\"editable\":0,\"index\":\"5\",\"align\":\"text-left\",\"type\":\"\",\"sort\":\"m.manufacturer_id\",\"filter\":{\"show\":1,\"type\":0,\"autocomplete\":false}},\"image\":{\"display\":1,\"qe_status\":1,\"editable\":1,\"index\":\"10\",\"align\":\"text-center\",\"type\":\"image_qe\",\"sort\":\"\",\"filter\":{\"show\":1,\"type\":1,\"autocomplete\":false}},\"name\":{\"display\":1,\"qe_status\":1,\"editable\":1,\"index\":\"15\",\"align\":\"text-left\",\"type\":\"qe\",\"sort\":\"m.name\",\"filter\":{\"show\":1,\"type\":0,\"autocomplete\":{\"return\":{\"label\":\"name\",\"value\":\"manufacturer_id\"}}}},\"seo\":{\"display\":0,\"qe_status\":1,\"editable\":1,\"index\":\"20\",\"align\":\"text-left\",\"type\":\"seo_qe\",\"sort\":\"seo\",\"filter\":{\"show\":1,\"type\":0,\"autocomplete\":{\"return\":{\"label\":\"seo\",\"value\":\"manufacturer_id\"}}},\"rel\":[\"view_in_store\"]},\"store\":{\"display\":0,\"qe_status\":1,\"editable\":1,\"index\":\"25\",\"align\":\"text-left\",\"type\":\"store_qe\",\"sort\":\"\",\"filter\":{\"show\":1,\"type\":1,\"autocomplete\":false}},\"sort_order\":{\"display\":1,\"qe_status\":1,\"editable\":1,\"index\":\"30\",\"align\":\"text-right\",\"type\":\"qe\",\"sort\":\"m.sort_order\",\"filter\":{\"show\":1,\"type\":0,\"autocomplete\":false}},\"view_in_store\":{\"display\":0,\"qe_status\":0,\"editable\":0,\"index\":35,\"align\":\"text-left\",\"type\":\"\",\"sort\":\"\",\"filter\":{\"show\":0,\"type\":0,\"autocomplete\":false}},\"action\":{\"display\":1,\"qe_status\":0,\"editable\":0,\"index\":\"40\",\"align\":\"text-right\",\"type\":\"\",\"sort\":\"\",\"filter\":{\"show\":0,\"type\":0,\"autocomplete\":false}}}', 1),
(5140, 0, 'module_admin_quick_edit', 'module_admin_quick_edit_customer_customers', '{\"selector\":{\"display\":1,\"qe_status\":0,\"editable\":0,\"index\":\"0\",\"align\":\"text-center\",\"type\":\"\",\"sort\":\"\",\"filter\":{\"show\":0,\"type\":0,\"autocomplete\":false}},\"id\":{\"display\":0,\"qe_status\":0,\"editable\":0,\"index\":\"5\",\"align\":\"text-left\",\"type\":\"\",\"sort\":\"c.customer_id\",\"filter\":{\"show\":1,\"type\":0,\"autocomplete\":false}},\"name\":{\"display\":1,\"qe_status\":1,\"editable\":1,\"index\":\"10\",\"align\":\"text-left\",\"type\":\"name_qe\",\"sort\":\"name\",\"filter\":{\"show\":1,\"type\":0,\"autocomplete\":{\"return\":{\"label\":\"name\",\"value\":\"customer_id\"}}}},\"email\":{\"display\":1,\"qe_status\":1,\"editable\":1,\"index\":\"15\",\"align\":\"text-left\",\"type\":\"qe\",\"sort\":\"c.email\",\"filter\":{\"show\":1,\"type\":0,\"autocomplete\":{\"return\":{\"label\":\"email\",\"value\":\"customer_id\"}}}},\"telephone\":{\"display\":0,\"qe_status\":1,\"editable\":1,\"index\":\"20\",\"align\":\"text-left\",\"type\":\"qe\",\"sort\":\"c.telephone\",\"filter\":{\"show\":1,\"type\":0,\"autocomplete\":false}},\"newsletter\":{\"display\":0,\"qe_status\":1,\"editable\":1,\"index\":\"30\",\"align\":\"text-center\",\"type\":\"yes_no_qe\",\"sort\":\"c.newsletter\",\"filter\":{\"show\":1,\"type\":1,\"autocomplete\":false}},\"customer_group\":{\"display\":1,\"qe_status\":1,\"editable\":1,\"index\":\"35\",\"align\":\"text-left\",\"type\":\"group_qe\",\"sort\":\"customer_group\",\"filter\":{\"show\":1,\"type\":1,\"autocomplete\":false}},\"status\":{\"display\":1,\"qe_status\":1,\"editable\":1,\"index\":\"40\",\"align\":\"text-center\",\"type\":\"status_qe\",\"sort\":\"c.status\",\"filter\":{\"show\":1,\"type\":1,\"autocomplete\":false}},\"safe\":{\"display\":0,\"qe_status\":1,\"editable\":1,\"index\":\"50\",\"align\":\"text-center\",\"type\":\"yes_no_qe\",\"sort\":\"c.safe\",\"filter\":{\"show\":1,\"type\":1,\"autocomplete\":false}},\"ip\":{\"display\":1,\"qe_status\":0,\"editable\":0,\"index\":\"55\",\"align\":\"text-left\",\"type\":\"qe\",\"sort\":\"c.ip\",\"filter\":{\"show\":1,\"type\":0,\"autocomplete\":false}},\"company\":{\"display\":0,\"qe_status\":1,\"editable\":1,\"index\":\"60\",\"align\":\"text-left\",\"type\":\"qe\",\"sort\":\"ca.company\",\"filter\":{\"show\":1,\"type\":0,\"autocomplete\":false}},\"website\":{\"display\":0,\"qe_status\":1,\"editable\":1,\"index\":\"65\",\"align\":\"text-left\",\"type\":\"qe\",\"sort\":\"ca.company\",\"filter\":{\"show\":1,\"type\":0,\"autocomplete\":false}},\"tracking\":{\"display\":0,\"qe_status\":1,\"editable\":1,\"index\":\"70\",\"align\":\"text-left\",\"type\":\"qe\",\"sort\":\"ca.tracking\",\"filter\":{\"show\":1,\"type\":0,\"autocomplete\":false}},\"commission\":{\"display\":0,\"qe_status\":1,\"editable\":1,\"index\":\"75\",\"align\":\"text-right\",\"type\":\"number_qe\",\"sort\":\"ca.commission\",\"filter\":{\"show\":1,\"type\":0,\"autocomplete\":false}},\"tax\":{\"display\":0,\"qe_status\":1,\"editable\":1,\"index\":\"80\",\"align\":\"text-right\",\"type\":\"qe\",\"sort\":\"ca.tax\",\"filter\":{\"show\":1,\"type\":0,\"autocomplete\":false}},\"affiliate_status\":{\"display\":1,\"qe_status\":1,\"editable\":1,\"index\":\"85\",\"align\":\"text-center\",\"type\":\"status_qe\",\"sort\":\"ca.status\",\"filter\":{\"show\":1,\"type\":1,\"autocomplete\":false}},\"date_added\":{\"display\":1,\"qe_status\":0,\"editable\":0,\"index\":\"90\",\"align\":\"text-left\",\"type\":\"date_qe\",\"sort\":\"c.date_added\",\"filter\":{\"show\":1,\"type\":0,\"autocomplete\":false}},\"action\":{\"display\":1,\"qe_status\":0,\"editable\":0,\"index\":\"95\",\"align\":\"text-right\",\"type\":\"\",\"sort\":\"\",\"filter\":{\"show\":0,\"type\":0,\"autocomplete\":false}}}', 1),
(5141, 0, 'module_admin_quick_edit', 'module_admin_quick_edit_sale_orders', '{\"status\":{\"display\":1,\"qe_status\":1,\"editable\":1,\"index\":\"0\",\"align\":\"text-left\",\"type\":\"status_qe\",\"sort\":\"\"}}', 1),
(5142, 0, 'module_admin_quick_edit', 'module_admin_quick_edit_catalog_filters', '{\"selector\":{\"display\":1,\"qe_status\":0,\"editable\":0,\"index\":\"0\",\"align\":\"text-center\",\"type\":\"\",\"sort\":\"\",\"filter\":{\"show\":0,\"type\":0,\"autocomplete\":false}},\"id\":{\"display\":0,\"qe_status\":0,\"editable\":0,\"index\":\"5\",\"align\":\"text-left\",\"type\":\"\",\"sort\":\"fg.filter_group_id\",\"filter\":{\"show\":1,\"type\":0,\"autocomplete\":false}},\"group_name\":{\"display\":1,\"qe_status\":1,\"editable\":1,\"index\":\"10\",\"align\":\"text-left\",\"type\":\"name_qe\",\"sort\":\"fgd.name\",\"filter\":{\"show\":1,\"type\":0,\"autocomplete\":{\"return\":{\"label\":\"name\",\"value\":\"filter_group_id\"}}}},\"filter\":{\"display\":0,\"qe_status\":1,\"editable\":1,\"index\":\"15\",\"align\":\"text-left\",\"type\":\"filter_qe\",\"sort\":\"\",\"filter\":{\"show\":1,\"type\":0,\"autocomplete\":{\"return\":{\"label\":\"name\",\"value\":\"filter_id\"}}}},\"sort_order\":{\"display\":1,\"qe_status\":1,\"editable\":1,\"index\":\"20\",\"align\":\"text-right\",\"type\":\"qe\",\"sort\":\"fg.sort_order\",\"filter\":{\"show\":1,\"type\":0,\"autocomplete\":false}},\"action\":{\"display\":1,\"qe_status\":0,\"editable\":0,\"index\":\"25\",\"align\":\"text-right\",\"type\":\"\",\"sort\":\"\",\"filter\":{\"show\":0,\"type\":0,\"autocomplete\":false}}}', 1),
(5143, 0, 'module_admin_quick_edit', 'module_admin_quick_edit_catalog_attribute_groups', '{\"selector\":{\"display\":1,\"qe_status\":0,\"editable\":0,\"index\":\"0\",\"align\":\"text-center\",\"type\":\"\",\"sort\":\"\",\"filter\":{\"show\":0,\"type\":0,\"autocomplete\":false}},\"id\":{\"display\":0,\"qe_status\":0,\"editable\":0,\"index\":\"5\",\"align\":\"text-left\",\"type\":\"\",\"sort\":\"ag.attribute_group_id\",\"filter\":{\"show\":1,\"type\":0,\"autocomplete\":false}},\"name\":{\"display\":1,\"qe_status\":1,\"editable\":1,\"index\":\"10\",\"align\":\"text-left\",\"type\":\"name_qe\",\"sort\":\"agd.name\",\"filter\":{\"show\":1,\"type\":0,\"autocomplete\":{\"return\":{\"label\":\"name\",\"value\":\"attribute_group_id\"}}}},\"sort_order\":{\"display\":1,\"qe_status\":1,\"editable\":1,\"index\":\"15\",\"align\":\"text-right\",\"type\":\"qe\",\"sort\":\"ag.sort_order\",\"filter\":{\"show\":1,\"type\":0,\"autocomplete\":false}},\"action\":{\"display\":1,\"qe_status\":0,\"editable\":0,\"index\":\"20\",\"align\":\"text-right\",\"type\":\"\",\"sort\":\"\",\"filter\":{\"show\":0,\"type\":0,\"autocomplete\":false}}}', 1),
(5135, 0, 'module_admin_quick_edit', 'module_admin_quick_edit_catalog_reviews', '{\"selector\":{\"display\":1,\"qe_status\":0,\"editable\":0,\"index\":\"0\",\"align\":\"text-center\",\"type\":\"\",\"sort\":\"\",\"filter\":{\"show\":0,\"type\":0,\"autocomplete\":false}},\"id\":{\"display\":0,\"qe_status\":0,\"editable\":0,\"index\":\"5\",\"align\":\"text-left\",\"type\":\"\",\"sort\":\"r.review_id\",\"filter\":{\"show\":1,\"type\":0,\"autocomplete\":false}},\"product\":{\"display\":1,\"qe_status\":1,\"editable\":1,\"index\":\"10\",\"align\":\"text-left\",\"type\":\"product_qe\",\"sort\":\"pd.name\",\"filter\":{\"show\":1,\"type\":0,\"autocomplete\":{\"return\":{\"label\":\"product\",\"value\":\"product_id\"}}},\"rel\":[\"date_modified\"]},\"author\":{\"display\":1,\"qe_status\":1,\"editable\":1,\"index\":\"15\",\"align\":\"text-left\",\"type\":\"qe\",\"sort\":\"r.author\",\"filter\":{\"show\":1,\"type\":0,\"autocomplete\":false},\"rel\":[\"date_modified\"]},\"text\":{\"display\":0,\"qe_status\":1,\"editable\":1,\"index\":\"20\",\"align\":\"text-left\",\"type\":\"text_qe\",\"sort\":\"\",\"filter\":{\"show\":0,\"type\":0,\"autocomplete\":false},\"rel\":[\"date_modified\"]},\"rating\":{\"display\":1,\"qe_status\":1,\"editable\":1,\"index\":\"25\",\"align\":\"text-right\",\"type\":\"qe\",\"sort\":\"r.rating\",\"filter\":{\"show\":1,\"type\":0,\"autocomplete\":false},\"rel\":[\"date_modified\"]},\"status\":{\"display\":1,\"qe_status\":1,\"editable\":1,\"index\":\"30\",\"align\":\"text-center\",\"type\":\"status_qe\",\"sort\":\"r.status\",\"filter\":{\"show\":1,\"type\":1,\"autocomplete\":false},\"rel\":[\"date_modified\"]},\"date_added\":{\"display\":1,\"qe_status\":1,\"editable\":1,\"index\":\"35\",\"align\":\"text-left\",\"type\":\"date_qe\",\"sort\":\"r.date_added\",\"filter\":{\"show\":1,\"type\":0,\"autocomplete\":false},\"rel\":[\"date_modified\"]},\"date_modified\":{\"display\":0,\"qe_status\":0,\"editable\":0,\"index\":\"40\",\"align\":\"text-left\",\"type\":\"\",\"sort\":\"r.date_modified\",\"filter\":{\"show\":1,\"type\":0,\"autocomplete\":false}},\"action\":{\"display\":1,\"qe_status\":0,\"editable\":0,\"index\":\"45\",\"align\":\"text-right\",\"type\":\"\",\"sort\":\"\",\"filter\":{\"show\":0,\"type\":0,\"autocomplete\":false}}}', 1),
(5134, 0, 'module_admin_quick_edit', 'module_admin_quick_edit_marketing_marketing', '{\"selector\":{\"display\":1,\"qe_status\":0,\"editable\":0,\"index\":\"0\",\"align\":\"text-center\",\"type\":\"\",\"sort\":\"\",\"filter\":{\"show\":0,\"type\":0,\"autocomplete\":false}},\"id\":{\"display\":0,\"qe_status\":0,\"editable\":0,\"index\":\"5\",\"align\":\"text-left\",\"type\":\"\",\"sort\":\"m.marketing_id\",\"filter\":{\"show\":1,\"type\":0,\"autocomplete\":false}},\"name\":{\"display\":1,\"qe_status\":1,\"editable\":1,\"index\":\"10\",\"align\":\"text-left\",\"type\":\"qe\",\"sort\":\"m.name\",\"filter\":{\"show\":1,\"type\":0,\"autocomplete\":false}},\"description\":{\"display\":0,\"qe_status\":1,\"editable\":1,\"index\":\"15\",\"align\":\"text-left\",\"type\":\"text_qe\",\"sort\":\"m.description\",\"filter\":{\"show\":1,\"type\":0,\"autocomplete\":false}},\"code\":{\"display\":1,\"qe_status\":1,\"editable\":1,\"index\":\"20\",\"align\":\"text-left\",\"type\":\"qe\",\"sort\":\"m.code\",\"filter\":{\"show\":1,\"type\":0,\"autocomplete\":false}},\"clicks\":{\"display\":1,\"qe_status\":0,\"editable\":0,\"index\":\"25\",\"align\":\"text-right\",\"type\":\"\",\"sort\":\"m.clicks\",\"filter\":{\"show\":1,\"type\":0,\"autocomplete\":false}},\"orders\":{\"display\":1,\"qe_status\":0,\"editable\":0,\"index\":\"30\",\"align\":\"text-right\",\"type\":\"\",\"sort\":\"orders\",\"filter\":{\"show\":1,\"type\":0,\"autocomplete\":false}},\"date_added\":{\"display\":1,\"qe_status\":0,\"editable\":0,\"index\":\"35\",\"align\":\"text-left\",\"type\":\"date_qe\",\"sort\":\"m.date_added\",\"filter\":{\"show\":1,\"type\":0,\"autocomplete\":false}},\"action\":{\"display\":1,\"qe_status\":0,\"editable\":0,\"index\":\"40\",\"align\":\"text-right\",\"type\":\"\",\"sort\":\"\",\"filter\":{\"show\":0,\"type\":0,\"autocomplete\":false}}}', 1);
INSERT INTO `setting` (`setting_id`, `store_id`, `code`, `key`, `value`, `serialized`) VALUES
(5133, 0, 'module_admin_quick_edit', 'module_admin_quick_edit_sale_voucher_themes', '{\"selector\":{\"display\":1,\"qe_status\":0,\"editable\":0,\"index\":\"0\",\"align\":\"text-center\",\"type\":\"\",\"sort\":\"\",\"filter\":{\"show\":0,\"type\":0,\"autocomplete\":false}},\"id\":{\"display\":0,\"qe_status\":0,\"editable\":0,\"index\":\"5\",\"align\":\"text-left\",\"type\":\"\",\"sort\":\"vt.voucher_theme_id\",\"filter\":{\"show\":1,\"type\":0,\"autocomplete\":false}},\"image\":{\"display\":0,\"qe_status\":1,\"editable\":1,\"index\":\"10\",\"align\":\"text-center\",\"type\":\"image_qe\",\"sort\":\"\",\"filter\":{\"show\":0,\"type\":0,\"autocomplete\":false}},\"name\":{\"display\":1,\"qe_status\":1,\"editable\":1,\"index\":\"15\",\"align\":\"text-left\",\"type\":\"name_qe\",\"sort\":\"vtd.name\",\"filter\":{\"show\":1,\"type\":0,\"autocomplete\":false}},\"action\":{\"display\":1,\"qe_status\":0,\"editable\":0,\"index\":\"20\",\"align\":\"text-right\",\"type\":\"\",\"sort\":\"\",\"filter\":{\"show\":0,\"type\":0,\"autocomplete\":false}}}', 1),
(5132, 0, 'module_admin_quick_edit', 'module_admin_quick_edit_catalog_information', '{\"selector\":{\"display\":1,\"qe_status\":0,\"editable\":0,\"index\":\"0\",\"align\":\"text-center\",\"type\":\"\",\"sort\":\"\",\"filter\":{\"show\":0,\"type\":0,\"autocomplete\":false}},\"id\":{\"display\":0,\"qe_status\":0,\"editable\":0,\"index\":\"5\",\"align\":\"text-left\",\"type\":\"\",\"sort\":\"i.information_id\",\"filter\":{\"show\":1,\"type\":0,\"autocomplete\":false}},\"title\":{\"display\":1,\"qe_status\":1,\"editable\":1,\"index\":\"10\",\"align\":\"text-left\",\"type\":\"title_qe\",\"sort\":\"id.title\",\"filter\":{\"show\":1,\"type\":0,\"autocomplete\":{\"return\":{\"label\":\"title\",\"value\":\"information_id\"}}}},\"seo\":{\"display\":0,\"qe_status\":1,\"editable\":1,\"index\":\"15\",\"align\":\"text-left\",\"type\":\"seo_qe\",\"sort\":\"seo\",\"filter\":{\"show\":1,\"type\":0,\"autocomplete\":{\"return\":{\"label\":\"seo\",\"value\":\"information_id\"}}},\"rel\":[\"view_in_store\"]},\"bottom\":{\"display\":0,\"qe_status\":1,\"editable\":1,\"index\":\"20\",\"align\":\"text-center\",\"type\":\"yes_no_qe\",\"sort\":\"i.bottom\",\"filter\":{\"show\":1,\"type\":1,\"autocomplete\":false}},\"store\":{\"display\":0,\"qe_status\":1,\"editable\":1,\"index\":\"25\",\"align\":\"text-left\",\"type\":\"store_qe\",\"sort\":\"\",\"filter\":{\"show\":1,\"type\":1,\"autocomplete\":false}},\"sort_order\":{\"display\":1,\"qe_status\":1,\"editable\":1,\"index\":\"30\",\"align\":\"text-right\",\"type\":\"qe\",\"sort\":\"i.sort_order\",\"filter\":{\"show\":1,\"type\":0,\"autocomplete\":false}},\"status\":{\"display\":0,\"qe_status\":1,\"editable\":1,\"index\":\"35\",\"align\":\"text-center\",\"type\":\"status_qe\",\"sort\":\"i.status\",\"filter\":{\"show\":1,\"type\":1,\"autocomplete\":false}},\"view_in_store\":{\"display\":0,\"qe_status\":0,\"editable\":0,\"index\":40,\"align\":\"text-left\",\"type\":\"\",\"sort\":\"\",\"filter\":{\"show\":0,\"type\":0,\"autocomplete\":false}},\"action\":{\"display\":1,\"qe_status\":0,\"editable\":0,\"index\":\"45\",\"align\":\"text-right\",\"type\":\"\",\"sort\":\"\",\"filter\":{\"show\":0,\"type\":0,\"autocomplete\":false}}}', 1),
(5000, 0, 'module_onwebchat', 'module_onwebchat_chat_id', '24d4eecda9910c6b43d39a613d2d695f', 0),
(5001, 0, 'module_onwebchat', 'module_onwebchat_status', '1', 0),
(5033, 0, 'ExcelPort', 'ExcelPort', '{\"Export\":{\"Filter\":\"0\",\"Filters\":{\"Products\":{\"Conjunction\":\"OR\",\"0\":{\"Field\":\"general_product_id\",\"Condition\":\"number_ge\",\"Value\":\"\"}},\"Categories\":{\"Conjunction\":\"OR\",\"0\":{\"Field\":\"general_category_id\",\"Condition\":\"number_ge\",\"Value\":\"\"}},\"Options\":{\"Conjunction\":\"OR\",\"0\":{\"Field\":\"option_id\",\"Condition\":\"number_ge\",\"Value\":\"\"}},\"Attributes\":{\"Conjunction\":\"OR\",\"0\":{\"Field\":\"attribute_id\",\"Condition\":\"number_ge\",\"Value\":\"\"}},\"Filters\":{\"Conjunction\":\"OR\",\"0\":{\"Field\":\"filter_id\",\"Condition\":\"number_ge\",\"Value\":\"\"}},\"Customers\":{\"Conjunction\":\"OR\",\"0\":{\"Field\":\"customer_id\",\"Condition\":\"number_ge\",\"Value\":\"\"}},\"CustomerGroups\":{\"Conjunction\":\"OR\",\"0\":{\"Field\":\"customer_group_id\",\"Condition\":\"number_ge\",\"Value\":\"\"}},\"Orders\":{\"Conjunction\":\"OR\",\"0\":{\"Field\":\"order_id\",\"Condition\":\"number_ge\",\"Value\":\"\"}},\"OrderStatuses\":{\"Conjunction\":\"OR\",\"0\":{\"Field\":\"order_status_id\",\"Condition\":\"number_ge\",\"Value\":\"\"}},\"Manufacturers\":{\"Conjunction\":\"OR\",\"0\":{\"Field\":\"general_manufacturer_id\",\"Condition\":\"number_ge\",\"Value\":\"\"}},\"Coupons\":{\"Conjunction\":\"OR\",\"0\":{\"Field\":\"general_coupon_id\",\"Condition\":\"number_ge\",\"Value\":\"\"}},\"Vouchers\":{\"Conjunction\":\"OR\",\"0\":{\"Field\":\"general_voucher_id\",\"Condition\":\"number_ge\",\"Value\":\"\"}},\"Downloads\":{\"Conjunction\":\"OR\",\"0\":{\"Field\":\"download_id\",\"Condition\":\"number_ge\",\"Value\":\"\"}},\"Reviews\":{\"Conjunction\":\"OR\",\"0\":{\"Field\":\"review_id\",\"Condition\":\"number_ge\",\"Value\":\"\"}}},\"DataType\":\"Options\",\"Store\":\"0\",\"Language\":\"1\",\"ProductExportMode\":\"0\"},\"Import\":{\"DataType\":\"Options\",\"Language\":\"3\",\"Delete\":\"1\"},\"LastImport\":\"\\/home\\/ibizho6\\/public_html\\/cutieplant\\/oc3037jt318ig-a07\\/system\\/library\\/vendor\\/isenselabs\\/excelport\\/temp_excelport\\/options_excelport_en-gb__www.cutieplant.com_2021-08-12_21-39-12_0.xlsx\",\"Settings\":{\"DescriptionEncoding\":\"encoded_html\",\"ExportLimit\":\"500\",\"ImportLimit\":\"100\",\"ExportNonStoreProducts\":\"0\"}}', 1);

-- --------------------------------------------------------

--
